{"id":6514,"date":"2026-03-30T13:06:11","date_gmt":"2026-03-30T11:06:11","guid":{"rendered":"http:\/\/editionsdudetour.com\/?page_id=6514"},"modified":"2026-04-10T19:26:54","modified_gmt":"2026-04-10T17:26:54","slug":"pour-mourir-tapez-1","status":"publish","type":"page","link":"https:\/\/editionsdudetour.com\/index.php\/les-livres\/pour-mourir-tapez-1\/","title":{"rendered":"Pour mourir, tapez 1"},"content":{"rendered":"\n<h1><a href=\"http:\/\/editionsdudetour.com\/wp-content\/uploads\/2026\/01\/Pour-mourir-tapez-1.png\" rel=\"attachment wp-att-6445\"><img loading=\"lazy\" class=\"alignright  wp-image-6445\" src=\"http:\/\/editionsdudetour.com\/wp-content\/uploads\/2026\/01\/Pour-mourir-tapez-1.png\" alt=\"\" width=\"337\" height=\"487\" srcset=\"https:\/\/editionsdudetour.com\/wp-content\/uploads\/2026\/01\/Pour-mourir-tapez-1.png 1440w, https:\/\/editionsdudetour.com\/wp-content\/uploads\/2026\/01\/Pour-mourir-tapez-1-208x300.png 208w, https:\/\/editionsdudetour.com\/wp-content\/uploads\/2026\/01\/Pour-mourir-tapez-1-709x1024.png 709w, https:\/\/editionsdudetour.com\/wp-content\/uploads\/2026\/01\/Pour-mourir-tapez-1-768x1109.png 768w, https:\/\/editionsdudetour.com\/wp-content\/uploads\/2026\/01\/Pour-mourir-tapez-1-1063x1536.png 1063w, https:\/\/editionsdudetour.com\/wp-content\/uploads\/2026\/01\/Pour-mourir-tapez-1-1418x2048.png 1418w, https:\/\/editionsdudetour.com\/wp-content\/uploads\/2026\/01\/Pour-mourir-tapez-1-624x901.png 624w, https:\/\/editionsdudetour.com\/wp-content\/uploads\/2026\/01\/Pour-mourir-tapez-1-1320x1907.png 1320w\" sizes=\"(max-width: 337px) 100vw, 337px\" \/><\/a><\/h1>\n<h1>Pour mourir, tapez 1<\/h1>\n<h2 class=\"p2\">Comment la loi sur la fin de vie inscrit la mort dans une logique capitaliste<span class=\"Apple-converted-space\">\u00a0<\/span><\/h2>\n<h3>Elisa Rojas<\/h3>\n<p class=\"p2\"><em>\u00ab L\u2019aide \u00e0 mourir \u00bb est-elle v\u00e9ritablement un progr\u00e8s ou est-ce une solution fond\u00e9e sur une vision fantasm\u00e9e et validiste de la soci\u00e9t\u00e9\u00a0?<\/em><\/p>\n<p class=\"p2\">En mai 2025, l\u2019Assembl\u00e9e nationale a vot\u00e9, dans un quasi-consensus, une loi qui pour la premi\u00e8re fois en France instaure l\u2019acc\u00e8s \u00e0 l\u2019euthanasie et au suicide assist\u00e9 pour les personnes atteintes de maladies graves et incurables. L\u2019opinion publique et les m\u00e9dias semblent majoritairement favorables. Mais a-t-on vraiment \u00e9cout\u00e9 les premiers concern\u00e9s ?<\/p>\n<p>En quelques pages percutantes et rigoureuses, l\u2019avocate \u00c9lisa Rojas d\u00e9ploie des arguments forts contre la loi l\u00e9galisant le suicide assist\u00e9 et l\u2019euthanasie. Alors que le syst\u00e8me de soin fran\u00e7ais est chaque jour plus fragilis\u00e9, ces lois aggravent les in\u00e9galit\u00e9s et d\u00e9gradent le rapport d\u00e9j\u00e0 difficile que notre soci\u00e9t\u00e9 entretient avec la vuln\u00e9rabilit\u00e9, la vieillesse, la maladie, le handicap et la d\u00e9pendance. Or, rendre la mort pr\u00e9f\u00e9rable au soin et \u00e0 la solidarit\u00e9 \u2013 effectivement plus co\u00fbteux \u2013, c\u2019est pr\u00e9supposer que certaines vies ne valent pas d\u2019\u00eatre v\u00e9cues.<\/p>\n<p><strong><span style=\"color: #993300;\">Elisa Rojas<\/span><\/strong>, n\u00e9e en 1979 \u00e0 Santiago du Chili, est avocate au barreau de Paris et ma\u00eetre de conf\u00e9rences associ\u00e9e \u00e0 l\u2019INSEI (Institut national sup\u00e9rieur de formation et de recherche pour l\u2019\u00e9ducation inclusive). Militante f\u00e9ministe et pour les droits des personnes handicap\u00e9es, elle a cofond\u00e9 le Collectif Luttes et Handicaps pour l\u2019\u00c9galit\u00e9 et l\u2019\u00c9mancipation (CLHEE). Depuis une dizaine d\u2019ann\u00e9es, elle tient le blog auxmarchesdupalais\u2026 un fauteuil, une robe, un combat.<\/p>\n<table style=\"width: 37.8328%; height: 246px;\">\n<tbody>\n<tr style=\"height: 41px;\">\n<td style=\"height: 41px;\">Parution : 16 avril 2026<\/td>\n<\/tr>\n<tr style=\"height: 41px;\">\n<td style=\"height: 41px;\">Genre : Essai<\/td>\n<\/tr>\n<tr style=\"height: 41px;\">\n<td style=\"height: 41px;\">Domaines : Essai d\u2019actualit\u00e9<\/td>\n<\/tr>\n<tr style=\"height: 41px;\">\n<td style=\"height: 41px;\">12,90 \u20ac<\/td>\n<\/tr>\n<tr style=\"height: 41px;\">\n<td style=\"height: 41px;\">Format : 12,5 x 19 cm<\/td>\n<\/tr>\n<tr style=\"height: 41px;\">\n<td style=\"height: 41px;\">ISBN : 978-2-38532-124-6<\/td>\n<\/tr>\n<\/tbody>\n<\/table>\n<h3>Introduction et table des mati\u00e8res<\/h3>\n\n\n\t\t<style>\r\n            #h5vp6a070dfc30730 iframe {  width: 100%; }        <\/style>\r\n        \t    <div id=\"h5vp6a070dfc30730\" class=\"pdfp_wrapper\">\r\n                        <div class=\"cta_wrapper\">\r\n                \t            <p><a class=\"fullscreenBtn\" href=\"https:\/\/editionsdudetour.com\/wp-content\/plugins\/pdf-poster\/pdfjs\/web\/viewer.html?file=http:\/\/editionsdudetour.com\/wp-content\/uploads\/2026\/04\/Pour-mourir-tapez-1-pour-site-1.pdf&#038;download=true&#038;print=false&#038;openfile=false\"><button>View Fullscreen<\/button><\/a><\/p>\r\n            <\/div>\r\n            <div class=\"iframe_wrapper\">\r\n                <iframe loading=\"lazy\" width=\"100%\" height=\"1122px\" src=\"https:\/\/editionsdudetour.com\/wp-content\/plugins\/pdf-poster\/pdfjs\/web\/viewer.html?file=http:\/\/editionsdudetour.com\/wp-content\/uploads\/2026\/04\/Pour-mourir-tapez-1-pour-site-1.pdf&#038;download=true&#038;print=false&#038;openfile=false\"><\/iframe>\r\n            <\/div>\r\n\t    <\/div>\r\n        ","protected":false},"excerpt":{"rendered":"<p>Pour mourir, tapez 1 Comment la loi sur la fin de vie inscrit la mort dans une logique capitaliste\u00a0 Elisa Rojas \u00ab L\u2019aide \u00e0 mourir \u00bb est-elle v\u00e9ritablement un progr\u00e8s ou est-ce une solution fond\u00e9e sur une vision fantasm\u00e9e et validiste de la soci\u00e9t\u00e9\u00a0? En mai 2025, l\u2019Assembl\u00e9e nationale a vot\u00e9, dans un quasi-consensus, une [&hellip;]<\/p>\n","protected":false},"author":1,"featured_media":0,"parent":14,"menu_order":0,"comment_status":"closed","ping_status":"closed","template":"","meta":[],"_links":{"self":[{"href":"https:\/\/editionsdudetour.com\/index.php\/wp-json\/wp\/v2\/pages\/6514"}],"collection":[{"href":"https:\/\/editionsdudetour.com\/index.php\/wp-json\/wp\/v2\/pages"}],"about":[{"href":"https:\/\/editionsdudetour.com\/index.php\/wp-json\/wp\/v2\/types\/page"}],"author":[{"embeddable":true,"href":"https:\/\/editionsdudetour.com\/index.php\/wp-json\/wp\/v2\/users\/1"}],"replies":[{"embeddable":true,"href":"https:\/\/editionsdudetour.com\/index.php\/wp-json\/wp\/v2\/comments?post=6514"}],"version-history":[{"count":9,"href":"https:\/\/editionsdudetour.com\/index.php\/wp-json\/wp\/v2\/pages\/6514\/revisions"}],"predecessor-version":[{"id":6537,"href":"https:\/\/editionsdudetour.com\/index.php\/wp-json\/wp\/v2\/pages\/6514\/revisions\/6537"}],"up":[{"embeddable":true,"href":"https:\/\/editionsdudetour.com\/index.php\/wp-json\/wp\/v2\/pages\/14"}],"wp:attachment":[{"href":"https:\/\/editionsdudetour.com\/index.php\/wp-json\/wp\/v2\/media?parent=6514"}],"curies":[{"name":"wp","href":"https:\/\/api.w.org\/{rel}","templated":true}]}}