{"id":6475,"date":"2026-03-09T22:57:51","date_gmt":"2026-03-09T21:57:51","guid":{"rendered":"http:\/\/editionsdudetour.com\/?page_id=6475"},"modified":"2026-03-09T22:58:47","modified_gmt":"2026-03-09T21:58:47","slug":"le-proces-bollore","status":"publish","type":"page","link":"https:\/\/editionsdudetour.com\/index.php\/les-livres\/le-proces-bollore\/","title":{"rendered":"Le Proc\u00e8s Bollor\u00e9"},"content":{"rendered":"\n<h1><a href=\"http:\/\/editionsdudetour.com\/wp-content\/uploads\/2025\/11\/Le-proce\u0300s-Bollore\u0301-\u2013-Couverture.jpg\" rel=\"attachment wp-att-6382\"><img loading=\"lazy\" class=\"alignright  wp-image-6382\" src=\"http:\/\/editionsdudetour.com\/wp-content\/uploads\/2025\/11\/Le-proce\u0300s-Bollore\u0301-\u2013-Couverture.jpg\" alt=\"\" width=\"338\" height=\"485\" srcset=\"https:\/\/editionsdudetour.com\/wp-content\/uploads\/2025\/11\/Le-proce\u0300s-Bollore\u0301-\u2013-Couverture.jpg 617w, https:\/\/editionsdudetour.com\/wp-content\/uploads\/2025\/11\/Le-proce\u0300s-Bollore\u0301-\u2013-Couverture-209x300.jpg 209w\" sizes=\"(max-width: 338px) 100vw, 338px\" \/><\/a><\/h1>\n<h1>Le Proc\u00e8s Bollor\u00e9<\/h1>\n<h2 class=\"p2\"><span class=\"Apple-converted-space\">Les m\u00e9dias de la haine devant le tribunal <\/span><\/h2>\n<h3>Le Fonds pour une presse libre<\/h3>\n<p class=\"p2\"><i>Le 30 septembre 2025, s\u2019est tenue une grande r\u00e9union publique lors de laquelle \u00e0 \u00e9t\u00e9 mise en sc\u00e8ne une audience judiciaire bien particuli\u00e8re. \u00ab Le Proc\u00e8s Bollor\u00e9, les m\u00e9dias de la haine devant le tribunal \u00bb : un proc\u00e8s symbolique et politique.<span class=\"Apple-converted-space\">\u00a0<\/span><\/i><\/p>\n<p class=\"p2\"><span class=\"Apple-converted-space\">On les appelle \u00ab les m\u00e9dias de la haine\u00a0\u00bb. Chaque jour, ils violentent le d\u00e9bat public, fracturent la soci\u00e9t\u00e9, d\u00e9signent de nouveaux boucs \u00e9missaires, remplacent l\u2019information par la propagande la plus r\u00e9actionnaire.<br \/><\/span><\/p>\n<p class=\"p4\"><span class=\"Apple-converted-space\">Les m\u00e9dias de Vincent Bollor\u00e9 sont le centre de ce syst\u00e8me de d\u00e9sinformation. Un syst\u00e8me qui d\u00e9truit le journalisme et emp\u00eache l\u2019acc\u00e8s \u00e0 la v\u00e9rit\u00e9 des faits, \u00e0 la diversit\u00e9 des champs d\u2019information. Sans une information fiable, pluraliste, ind\u00e9pendante, il ne saurait y avoir de v\u00e9ritable d\u00e9lib\u00e9ration d\u00e9mocratique.<br \/><\/span><\/p>\n<p class=\"p4\"><span class=\"Apple-converted-space\">Le projet des m\u00e9dias Bollor\u00e9 est tout autre. Il est de mener une \u00ab guerre civilisationnelle \u00bb visant \u00e0 installer au pouvoir une union des droites radicales et des extr\u00eames droites. Cet agenda politique explicite est celui d\u2019un groupe m\u00e9diatique d\u2019une puissance jamais connue depuis pr\u00e8s d\u2019un si\u00e8cle. <\/span><\/p>\n<p class=\"p4\"><span class=\"Apple-converted-space\">Il \u00e9tait donc temps de mettre en sc\u00e8ne un proc\u00e8s parodique. Les \u00ab m\u00e9dias Bollor\u00e9 \u00bb comparaissent devant le tribunal. Vincent Bollor\u00e9, ou plut\u00f4t son double, se d\u00e9fend comme un beau diable. Des victimes et des experts t\u00e9moignent \u00e0 la barre. Avec leurs mots, avec leurs douleurs parfois, ils t\u00e9moignent de ce que peut produire sur chacune et chacun de nous l\u2019empire de la haine.<br \/><\/span><\/p>\n<p class=\"p4\"><span class=\"Apple-converted-space\">Et l\u00e0, ce n\u2019est plus une parodie. <\/span><\/p>\n<p class=\"p6\"><span class=\"Apple-converted-space\"><strong><span style=\"color: #993300;\">Le Fonds pour une presse libre<\/span><\/strong>, organisation \u00e0 but non lucratif, a \u00e9t\u00e9 cr\u00e9\u00e9 en 2019 par l\u2019\u00e9quipe du journal <em>Mediapart.<\/em> Sa mission est la d\u00e9fense de la libert\u00e9 d\u2019information, du pluralisme de la presse, de l\u2019ind\u00e9pendance du journalisme. <\/span><\/p>\n<p><strong><span style=\"color: #993300;\">Contributeurs :<\/span> <span style=\"color: #993300;\">Laure Abramowitch<\/span><\/strong> (avocate d\u2019associations de protection de l\u2019environnement) \u2013 <strong><span style=\"color: #993300;\">Ari\u00e9 Alimi<\/span><\/strong> (avocat, vice-pr\u00e9sident de la Ligue des droits de l\u2019Homme) <strong><span style=\"color: #993300;\">Fran\u00e7ois Bonnet<\/span><\/strong> (Fonds pour une presse libre) \u2013 <strong><span style=\"color: #993300;\">Daphn\u00e9 Deschamps<\/span><\/strong> (journaliste \u00e0<em> Street Press<\/em>) \u2013 <strong><span style=\"color: #993300;\">Anas Daif<\/span><\/strong> (auteur de <em>Et un jour, je suis devenu arabe<\/em>) \u2013 <strong><span style=\"color: #993300;\">Nassira El Moaddem <\/span><\/strong>(journaliste \u00e0 <em>Arr\u00eat sur images<\/em>) \u2013 <span style=\"color: #993300;\"><strong>Samuel Gontier<\/strong><\/span> (journaliste \u00e0 <em>T\u00e9l\u00e9rama<\/em>) \u2013 <strong><span style=\"color: #993300;\">Morjane Laroussi<\/span><\/strong> (\u00e9tudiante, association \u00ab Pas de la m\u00eame ville, et alors ? \u00bb) \u2013 <strong><span style=\"color: #993300;\">Alexis L\u00e9vrier <\/span><\/strong>(historien des m\u00e9dias) \u2013 <strong><span style=\"color: #993300;\">S\u00e9bastien Mabile<\/span><\/strong> (avocat sp\u00e9cialiste du droit de l\u2019environnement) \u2013\u00a0<strong><span style=\"color: #993300;\">Margot Mahoudeau<\/span><\/strong> (docteure en sciences politiques) \u2013 <strong><span style=\"color: #993300;\">Valentine Oberti<\/span><\/strong> (co-directrice \u00e9ditoriale de <em>Mediapart<\/em>) \u2013 <strong><span style=\"color: #993300;\">Ellen Salvi<\/span><\/strong> (journaliste \u00e0<em> Mediapart<\/em>) \u2013 <strong><span style=\"color: #993300;\">Emmanuel Tordjman<\/span><\/strong> (avocat de plusieurs m\u00e9dias ind\u00e9pendants).<\/p>\n<table style=\"width: 250px; height: 252px;\">\n<tbody>\n<tr>\n<td>Parution : 19 mars 2026<\/td>\n<\/tr>\n<tr>\n<td>Genre : Essai<\/td>\n<\/tr>\n<tr>\n<td>Domaines : M\u00e9dias<\/td>\n<\/tr>\n<tr>\n<td>10 \u20ac<\/td>\n<\/tr>\n<tr>\n<td>Format : 12,5 x 19 cm<\/td>\n<\/tr>\n<tr>\n<td>ISBN :\u00a0978-2-38532-116-1<\/td>\n<\/tr>\n<\/tbody>\n<\/table>\n","protected":false},"excerpt":{"rendered":"<p>Le Proc\u00e8s Bollor\u00e9 Les m\u00e9dias de la haine devant le tribunal Le Fonds pour une presse libre Le 30 septembre 2025, s\u2019est tenue une grande r\u00e9union publique lors de laquelle \u00e0 \u00e9t\u00e9 mise en sc\u00e8ne une audience judiciaire bien particuli\u00e8re. \u00ab Le Proc\u00e8s Bollor\u00e9, les m\u00e9dias de la haine devant le tribunal \u00bb : un [&hellip;]<\/p>\n","protected":false},"author":1,"featured_media":0,"parent":14,"menu_order":0,"comment_status":"closed","ping_status":"closed","template":"","meta":[],"_links":{"self":[{"href":"https:\/\/editionsdudetour.com\/index.php\/wp-json\/wp\/v2\/pages\/6475"}],"collection":[{"href":"https:\/\/editionsdudetour.com\/index.php\/wp-json\/wp\/v2\/pages"}],"about":[{"href":"https:\/\/editionsdudetour.com\/index.php\/wp-json\/wp\/v2\/types\/page"}],"author":[{"embeddable":true,"href":"https:\/\/editionsdudetour.com\/index.php\/wp-json\/wp\/v2\/users\/1"}],"replies":[{"embeddable":true,"href":"https:\/\/editionsdudetour.com\/index.php\/wp-json\/wp\/v2\/comments?post=6475"}],"version-history":[{"count":3,"href":"https:\/\/editionsdudetour.com\/index.php\/wp-json\/wp\/v2\/pages\/6475\/revisions"}],"predecessor-version":[{"id":6480,"href":"https:\/\/editionsdudetour.com\/index.php\/wp-json\/wp\/v2\/pages\/6475\/revisions\/6480"}],"up":[{"embeddable":true,"href":"https:\/\/editionsdudetour.com\/index.php\/wp-json\/wp\/v2\/pages\/14"}],"wp:attachment":[{"href":"https:\/\/editionsdudetour.com\/index.php\/wp-json\/wp\/v2\/media?parent=6475"}],"curies":[{"name":"wp","href":"https:\/\/api.w.org\/{rel}","templated":true}]}}