{"id":6473,"date":"2026-03-09T22:56:15","date_gmt":"2026-03-09T21:56:15","guid":{"rendered":"http:\/\/editionsdudetour.com\/?page_id=6473"},"modified":"2026-03-11T19:28:42","modified_gmt":"2026-03-11T18:28:42","slug":"manuel-de-sabotage-simple-sur-le-terrain","status":"publish","type":"page","link":"https:\/\/editionsdudetour.com\/index.php\/les-livres\/manuel-de-sabotage-simple-sur-le-terrain\/","title":{"rendered":"Manuel de sabotage simple sur le terrain"},"content":{"rendered":"\n<h1><a href=\"http:\/\/editionsdudetour.com\/wp-content\/uploads\/2025\/11\/Couverture-Manuel-de-sabotage-simple-sur-terrain.jpg\" rel=\"attachment wp-att-6372\"><img loading=\"lazy\" class=\"alignright  wp-image-6372\" src=\"http:\/\/editionsdudetour.com\/wp-content\/uploads\/2025\/11\/Couverture-Manuel-de-sabotage-simple-sur-terrain.jpg\" alt=\"\" width=\"335\" height=\"508\" srcset=\"https:\/\/editionsdudetour.com\/wp-content\/uploads\/2025\/11\/Couverture-Manuel-de-sabotage-simple-sur-terrain.jpg 556w, https:\/\/editionsdudetour.com\/wp-content\/uploads\/2025\/11\/Couverture-Manuel-de-sabotage-simple-sur-terrain-198x300.jpg 198w\" sizes=\"(max-width: 335px) 100vw, 335px\" \/><\/a>Manuel de sabotage simple sur le terrain<\/h1>\n<h3>Pr\u00e9sentation et traduction revue par Dominique Pinsolle<\/h3>\n<h3><span style=\"color: #000000;\">Office of Strategic Services (OSS)<\/span><\/h3>\n<p class=\"p2\"><i><span class=\"Apple-converted-space\">Datant de 1944, ce document est une publication de l\u2019Office of strategic<br>Services (OSS), anc\u00eatre de la CIA destin\u00e9e aux populations des pays qui r\u00e9sistent aux nazis dans le but de les g\u00eaner le plus possible\u2026 Il r\u00e9sonne avec une vieille tradition ouvri\u00e8re mais aussi avec notre \u00e9poque. <\/span><\/i><\/p>\n<p>R\u00e9cemment, l\u2019internaute accabl\u00e9 par les ravages du capitalisme contemporain a d\u00e9couvert avec d\u00e9lice un \u00e9trange document : un manuel de sabotage de 1944 r\u00e9dig\u00e9 par les services secrets am\u00e9ricains et d\u00e9classifi\u00e9 en 2008 par la CIA.<\/p>\n<p>Loin des explosifs et des attentats, ce guide explique comment saboter simplement, que ce soit \u00e0 l\u2019usine, \u00e0 la ferme ou au bureau, sans prendre trop de risques et sans \u00e9quipement particulier.<\/p>\n<p>Nombre des astuces expos\u00e9es parleront imm\u00e9diatement au salari\u00e9 d\u2019aujourd\u2019hui, qui apprendra par exemple \u00e0 saboter une r\u00e9union \u2014 ou \u00e0 rep\u00e9rer quand d\u2019autres le font. L\u2019engouement croissant pour ce manuel, particuli\u00e8rement depuis la r\u00e9\u00e9lection de Donald Trump, r\u00e9v\u00e8le le besoin de trouver de nouveaux moyens d\u2019action face aux catastrophes en cours.<\/p>\n<p>S\u2019il ne contient pas de solution miracle, il sugg\u00e8re au moins des pistes r\u00e9jouissantes renouant avec une tradition de r\u00e9sistance populaire oubli\u00e9e.<\/p>\n<p class=\"p6\"><strong><span class=\"s2\" style=\"color: #993300;\">Dominique Pinsolle <\/span><\/strong>est ma\u00eetre de conf\u00e9rences en histoire \u00e0 l\u2019Universit\u00e9 Bordeaux Montaigne. Ses travaux portent notamment sur l\u2019histoire du mouvement ouvrier et des techniques de subversion. Il a publi\u00e9 en 2024 aux \u00e9ditions Agone <em>Quand les travailleurs sabotaient. France, \u00c9tats-Unis (1897-1918)<\/em>.<span class=\"Apple-converted-space\">&nbsp;<\/span><\/p>\n<table style=\"width: 37.8314%; height: 246px;\">\n<tbody>\n<tr style=\"height: 41px;\">\n<td style=\"height: 41px;\">Parution : 12 mars 2026<\/td>\n<\/tr>\n<tr style=\"height: 41px;\">\n<td style=\"height: 41px;\">Genre : Essai<\/td>\n<\/tr>\n<tr style=\"height: 41px;\">\n<td style=\"height: 41px;\">Domaines : Histoire politique<\/td>\n<\/tr>\n<tr style=\"height: 41px;\">\n<td style=\"height: 41px;\">12,90 \u20ac<\/td>\n<\/tr>\n<tr style=\"height: 41px;\">\n<td style=\"height: 41px;\">Format : 12,5 x 19 cm<\/td>\n<\/tr>\n<tr style=\"height: 41px;\">\n<td style=\"height: 41px;\">ISBN :&nbsp;<span class=\"Apple-converted-space\" style=\"font-size: inherit; font-family: inherit;\">978-2-38532-112-3 <\/span><\/td>\n<\/tr>\n<\/tbody>\n<\/table>\n\n\n\n<h3>Extrait de la pr\u00e9face et table des mati\u00e8res<\/h3>\n\n\n\t\t<style>\r\n            #h5vp69eb8850541c8 iframe {  width: 100%; }        <\/style>\r\n        \t    <div id=\"h5vp69eb8850541c8\" class=\"pdfp_wrapper\">\r\n                        <div class=\"cta_wrapper\">\r\n                \t            <p><a class=\"fullscreenBtn\" href=\"https:\/\/editionsdudetour.com\/wp-content\/plugins\/pdf-poster\/pdfjs\/web\/viewer.html?file=http:\/\/editionsdudetour.com\/wp-content\/uploads\/2026\/03\/Manuel-de-sabotage-simple-sur-le-terrain.pdf&#038;download=true&#038;print=false&#038;openfile=false\"><button>View Fullscreen<\/button><\/a><\/p>\r\n            <\/div>\r\n            <div class=\"iframe_wrapper\">\r\n                <iframe loading=\"lazy\" width=\"100%\" height=\"1122px\" src=\"https:\/\/editionsdudetour.com\/wp-content\/plugins\/pdf-poster\/pdfjs\/web\/viewer.html?file=http:\/\/editionsdudetour.com\/wp-content\/uploads\/2026\/03\/Manuel-de-sabotage-simple-sur-le-terrain.pdf&#038;download=true&#038;print=false&#038;openfile=false\"><\/iframe>\r\n            <\/div>\r\n\t    <\/div>\r\n        ","protected":false},"excerpt":{"rendered":"<p>Manuel de sabotage simple sur le terrain Pr\u00e9sentation et traduction revue par Dominique Pinsolle Office of Strategic Services (OSS) Datant de 1944, ce document est une publication de l\u2019Office of strategicServices (OSS), anc\u00eatre de la CIA destin\u00e9e aux populations des pays qui r\u00e9sistent aux nazis dans le but de les g\u00eaner le plus possible\u2026 Il [&hellip;]<\/p>\n","protected":false},"author":1,"featured_media":0,"parent":14,"menu_order":0,"comment_status":"closed","ping_status":"closed","template":"","meta":[],"_links":{"self":[{"href":"https:\/\/editionsdudetour.com\/index.php\/wp-json\/wp\/v2\/pages\/6473"}],"collection":[{"href":"https:\/\/editionsdudetour.com\/index.php\/wp-json\/wp\/v2\/pages"}],"about":[{"href":"https:\/\/editionsdudetour.com\/index.php\/wp-json\/wp\/v2\/types\/page"}],"author":[{"embeddable":true,"href":"https:\/\/editionsdudetour.com\/index.php\/wp-json\/wp\/v2\/users\/1"}],"replies":[{"embeddable":true,"href":"https:\/\/editionsdudetour.com\/index.php\/wp-json\/wp\/v2\/comments?post=6473"}],"version-history":[{"count":7,"href":"https:\/\/editionsdudetour.com\/index.php\/wp-json\/wp\/v2\/pages\/6473\/revisions"}],"predecessor-version":[{"id":6501,"href":"https:\/\/editionsdudetour.com\/index.php\/wp-json\/wp\/v2\/pages\/6473\/revisions\/6501"}],"up":[{"embeddable":true,"href":"https:\/\/editionsdudetour.com\/index.php\/wp-json\/wp\/v2\/pages\/14"}],"wp:attachment":[{"href":"https:\/\/editionsdudetour.com\/index.php\/wp-json\/wp\/v2\/media?parent=6473"}],"curies":[{"name":"wp","href":"https:\/\/api.w.org\/{rel}","templated":true}]}}