{"id":507,"date":"2018-03-24T13:16:45","date_gmt":"2018-03-24T12:16:45","guid":{"rendered":"http:\/\/editionsdudetour.com\/?page_id=507"},"modified":"2025-01-27T17:48:20","modified_gmt":"2025-01-27T16:48:20","slug":"inconditionnel","status":"publish","type":"page","link":"https:\/\/editionsdudetour.com\/index.php\/les-livres\/inconditionnel\/","title":{"rendered":"Inconditionnel"},"content":{"rendered":"<p><a href=\"http:\/\/editionsdudetour.com\/wp-content\/uploads\/2018\/02\/Inconditionnel.jpg\"><img loading=\"lazy\" class=\"alignleft wp-image-500\" src=\"http:\/\/editionsdudetour.com\/wp-content\/uploads\/2018\/02\/Inconditionnel.jpg\" alt=\"\" width=\"212\" height=\"336\" srcset=\"https:\/\/editionsdudetour.com\/wp-content\/uploads\/2018\/02\/Inconditionnel.jpg 297w, https:\/\/editionsdudetour.com\/wp-content\/uploads\/2018\/02\/Inconditionnel-189x300.jpg 189w\" sizes=\"(max-width: 212px) 100vw, 212px\" \/><\/a><\/p>\n<h1>Inconditionnel<\/h1>\n<h2>Anthologie du revenu universel<\/h2>\n<h3><span style=\"color: #800000;\">Michel Lepesant &amp; Baptiste Mylondo<\/span><\/h3>\n<p>Pr\u00e9face du M.F.R.B.<\/p>\n<p>En la remettant en perspective, les auteurs retracent l\u2019\u00e9volution politique et intellectuelle du revenu inconditionnel, id\u00e9e aux multiples facettes, aujourd\u2019hui sur le devant de la sc\u00e8ne d\u00e9mocratique.<\/p>\n<p>La premi\u00e8re partie de cette anthologie, historique, pr\u00e9sente le travail th\u00e9orique des More, Fourier, Kropotkine ou Russel, autant d\u2019utopistes qui ont vu dans cette id\u00e9e de revenu inconditionnel une mesure de bon sens. La deuxi\u00e8me partie retrace les diff\u00e9rentes justifications avanc\u00e9es \u00e0 l\u2019appui du revenu inconditionnel, des auteurs lib\u00e9raux comme Locke ou Friedman, jusqu\u2019aux approches fond\u00e9es sur une autre id\u00e9e de la coop\u00e9ration et de la soci\u00e9t\u00e9 (Aristote, Flahault), en passant par le c\u00e9l\u00e8bre article de Philippe van Parijs \u00abPourquoi il faut nourrir les surfers\u00bb, in\u00e9dit en fran\u00e7ais. La troisi\u00e8me partie prolonge la r\u00e9flexion au-del\u00e0 du simple revenu inconditionnel en se penchant sur la probl\u00e9matique plus large des in\u00e9galit\u00e9s, \u00e0 partir de textes de Platon, Rousseau, Montesquieu, et d\u2019auteurs contemporains tels Gorz et Caill\u00e9, plaidant pour un revenu suffisant, mais aussi pour l\u2019introduction d\u2019un plafond de richesse.<\/p>\n<p><strong><span style=\"color: #800000;\">Baptiste Mylondo <\/span><\/strong>est enseignant en \u00e9conomie et en philosophe critique. Il est \u00e9galement auteur de nombreux ouvrages consacr\u00e9s au revenu inconditionnel, \u00e0 la critique de la \u00abvaleur travail\u00bb et de la soci\u00e9t\u00e9 de croissance.<br \/><strong><span style=\"color: #800000;\">Michel Lepesant <\/span><\/strong>est enseignant en philosophie et (p)artisan de la d\u00e9croissance. Critique, il s\u2019est beaucoup investi dans les exp\u00e9rimentations de monnaies locales et anime un blog sur la d\u00e9croissance : <a href=\"http:\/\/decroissances.blog.lemonde.fr\">http:\/\/decroissances.blog.lemonde.fr<\/a><br \/>Pr\u00e9face du <strong><span style=\"color: #800000;\">MFRB (Mouvement fran\u00e7ais pour le revenu de base)<\/span><\/strong>.<\/p>\n<table style=\"width: 296px;\">\n<tbody>\n<tr>\n<td>Parution : 22 mars 2018<\/td>\n<\/tr>\n<tr>\n<td>Livre : 19 \u20ac<\/td>\n<\/tr>\n<tr>\n<td>256 pages<\/td>\n<\/tr>\n<tr>\n<td>Format : 14 X 22 cm<\/td>\n<\/tr>\n<tr>\n<td>ISBN : 979-10-97079-32-1<\/td>\n<\/tr>\n<\/tbody>\n<\/table>\n<hr \/>\n\n\n<h3>Premi\u00e8res pages et table des mati\u00e8res<\/h3>\n\n\n\t\t<style>\r\n            #h5vp69e1f84065acc iframe {  width: 100%; }        <\/style>\r\n        \t    <div id=\"h5vp69e1f84065acc\" class=\"pdfp_wrapper\">\r\n                        <div class=\"cta_wrapper\">\r\n                \t            <p><a class=\"fullscreenBtn\" href=\"https:\/\/editionsdudetour.com\/wp-content\/plugins\/pdf-poster\/pdfjs\/web\/viewer.html?file=http:\/\/editionsdudetour.com\/wp-content\/uploads\/2020\/08\/Inconditionnel-\u2013-Anthologie-du-revenu-de-base.pdf&#038;download=true&#038;print=&#038;openfile=false\"><button>View Fullscreen<\/button><\/a><\/p>\r\n            <\/div>\r\n            <div class=\"iframe_wrapper\">\r\n                <iframe loading=\"lazy\" width=\"100%\" height=\"1122px\" src=\"https:\/\/editionsdudetour.com\/wp-content\/plugins\/pdf-poster\/pdfjs\/web\/viewer.html?file=http:\/\/editionsdudetour.com\/wp-content\/uploads\/2020\/08\/Inconditionnel-\u2013-Anthologie-du-revenu-de-base.pdf&#038;download=true&#038;print=&#038;openfile=false\"><\/iframe>\r\n            <\/div>\r\n\t    <\/div>\r\n        ","protected":false},"excerpt":{"rendered":"<p>Inconditionnel Anthologie du revenu universel Michel Lepesant &amp; Baptiste Mylondo Pr\u00e9face du M.F.R.B. En la remettant en perspective, les auteurs retracent l\u2019\u00e9volution politique et intellectuelle du revenu inconditionnel, id\u00e9e aux multiples facettes, aujourd\u2019hui sur le devant de la sc\u00e8ne d\u00e9mocratique. La premi\u00e8re partie de cette anthologie, historique, pr\u00e9sente le travail th\u00e9orique des More, Fourier, Kropotkine [&hellip;]<\/p>\n","protected":false},"author":1,"featured_media":0,"parent":14,"menu_order":0,"comment_status":"closed","ping_status":"closed","template":"","meta":[],"_links":{"self":[{"href":"https:\/\/editionsdudetour.com\/index.php\/wp-json\/wp\/v2\/pages\/507"}],"collection":[{"href":"https:\/\/editionsdudetour.com\/index.php\/wp-json\/wp\/v2\/pages"}],"about":[{"href":"https:\/\/editionsdudetour.com\/index.php\/wp-json\/wp\/v2\/types\/page"}],"author":[{"embeddable":true,"href":"https:\/\/editionsdudetour.com\/index.php\/wp-json\/wp\/v2\/users\/1"}],"replies":[{"embeddable":true,"href":"https:\/\/editionsdudetour.com\/index.php\/wp-json\/wp\/v2\/comments?post=507"}],"version-history":[{"count":9,"href":"https:\/\/editionsdudetour.com\/index.php\/wp-json\/wp\/v2\/pages\/507\/revisions"}],"predecessor-version":[{"id":4767,"href":"https:\/\/editionsdudetour.com\/index.php\/wp-json\/wp\/v2\/pages\/507\/revisions\/4767"}],"up":[{"embeddable":true,"href":"https:\/\/editionsdudetour.com\/index.php\/wp-json\/wp\/v2\/pages\/14"}],"wp:attachment":[{"href":"https:\/\/editionsdudetour.com\/index.php\/wp-json\/wp\/v2\/media?parent=507"}],"curies":[{"name":"wp","href":"https:\/\/api.w.org\/{rel}","templated":true}]}}