{"id":4928,"date":"2025-03-07T09:45:29","date_gmt":"2025-03-07T08:45:29","guid":{"rendered":"http:\/\/editionsdudetour.com\/?page_id=4928"},"modified":"2025-03-12T11:13:00","modified_gmt":"2025-03-12T10:13:00","slug":"le-cout-de-la-mort","status":"publish","type":"page","link":"https:\/\/editionsdudetour.com\/index.php\/les-livres\/le-cout-de-la-mort\/","title":{"rendered":"Le Co\u00fbt de la mort"},"content":{"rendered":"\n<h1>Le Co\u00fbt de la mort<\/h1>\n<h2>La S\u00e9curit\u00e9 sociale jusqu\u2019au bout<a href=\"http:\/\/editionsdudetour.com\/wp-content\/uploads\/2024\/12\/Le-cou\u0302t-de-la-mort-pour-argu-211x300.png\"><img loading=\"lazy\" class=\"wp-image-4714  alignright\" src=\"http:\/\/editionsdudetour.com\/wp-content\/uploads\/2024\/12\/Le-cou\u0302t-de-la-mort-pour-argu-211x300.png\" alt=\"\" width=\"335\" height=\"476\" srcset=\"https:\/\/editionsdudetour.com\/wp-content\/uploads\/2024\/12\/Le-cou\u0302t-de-la-mort-pour-argu-211x300.png 211w, https:\/\/editionsdudetour.com\/wp-content\/uploads\/2024\/12\/Le-cou\u0302t-de-la-mort-pour-argu.png 621w\" sizes=\"(max-width: 335px) 100vw, 335px\" \/><\/a><\/h2>\n<h3>Alban Beaudouin &amp; Jean-Loup de Saint-Phalle<\/h3>\n<h4>Postface de Bernard Friot<\/h4>\n<p>Dans le d\u00e9bat autour de la mort digne, les fun\u00e9railles et leur prise charge notamment financi\u00e8re semblent une question tabou. Les auteurs proposent de s\u2019en emparer, tous ensemble.<\/p>\n<p>Mourir co\u00fbte cher en France, et ce sont le plus souvent les plus meurtris, les proches, qui doivent en endosser la responsabilit\u00e9, au pire moment. Alors que la pyramide des \u00e2ges est en plein renversement, nos fun\u00e9railles se d\u00e9gradent et nombreux sont ceux contraints de partir au rabais, dans l\u2019irrespect des volont\u00e9s du d\u00e9c\u00e9d\u00e9, du deuil de ceux qui l\u2019aiment, dans l\u2019irrespect aussi de la sant\u00e9 mentale des salari\u00e9s qui ont la charge de ce dernier service.<\/p>\n<p>Les auteurs, militants fondateurs du Collectif pour une s\u00e9curit\u00e9 sociale de la mort, ont longuement \u00e9tudi\u00e9 les multiples probl\u00e8mes qui se posent quand la vie s\u2019ach\u00e8ve : comment enterrer ses parents quand on est soit m\u00eame tr\u00e8s \u00e2g\u00e9, qui s\u2019occupe de l\u2019enterrement des personnes isol\u00e9es, comment trouver un m\u00e9decin pour constater le d\u00e9c\u00e8s dans un d\u00e9sert m\u00e9dical, comment \u00eatre enterr\u00e9 \u00e9cologiquement si on le souhaite, comment offrir un rituel d\u2019adieu digne dans un univers ub\u00e9ris\u00e9 etc. Il est temps de s\u2019emparer de cette question syst\u00e9mique : comment garantir \u00e0 tous la dignit\u00e9 de ses fun\u00e9railles et aux endeuill\u00e9s celles de leur deuil ?<\/p>\n<p>L\u2019ouvrage propose une extension de la S\u00e9curit\u00e9 sociale \u00e0 ce risque qui n\u2019en est pas un\u2009: la mort. En mutualisant son co\u00fbt, il faudra aussi inventer de nouveaux rituels, de nouveaux garants, et c\u2019est vers ces solutions que nous emm\u00e8ne ce livre, en toute humanit\u00e9.<\/p>\n<p class=\"p1\"><span style=\"color: #993300;\"><strong>Alban Beaudoin et Jean-Loup de Saint-Phalle<\/strong><\/span> sont les fondateurs du collectif pour une s\u00e9curit\u00e9 sociale de la mort et les auteurs de la conf\u00e9rence gesticul\u00e9e <em>Une danse macabr<\/em>e. <span style=\"color: #993300;\"><strong>Bernard Friot<\/strong><\/span> est sociologue, animateur du R\u00e9seau salariat, et sp\u00e9cialiste de la S\u00e9curit\u00e9 sociale.<\/p>\n<p>Rencontrez les auteurs en tourn\u00e9e en cliquant <a href=\"http:\/\/editionsdudetour.com\/index.php\/programme-de-rencontres\/\">ici<\/a> !<\/p>\n<table style=\"width: 44.1222%; height: 226px;\">\n<tbody>\n<tr style=\"height: 37px;\">\n<td style=\"height: 37px;\">Parution\u2009: 6 mars 2025<\/td>\n<\/tr>\n<tr style=\"height: 37px;\">\n<td style=\"height: 37px;\">Genre\u2009: Essai<\/td>\n<\/tr>\n<tr style=\"height: 37px;\">\n<td style=\"height: 37px;\">Domaine\u2009: soci\u00e9t\u00e9 ; politique<\/td>\n<\/tr>\n<tr style=\"height: 37px;\">\n<td style=\"height: 37px;\">Livre\u2009: 14,90 \u20ac TTC<\/td>\n<\/tr>\n<tr style=\"height: 37px;\">\n<td style=\"height: 37px;\">Format\u2009: 14 x 20 cm, broch\u00e9<\/td>\n<\/tr>\n<tr style=\"height: 37px;\">\n<td style=\"height: 37px;\">ISBN\u2009: 978-2-38532-080-5<\/td>\n<\/tr>\n<\/tbody>\n<\/table>\n<p>\u00a0<\/p>\n\n\n\n<h1><span style=\"color: #993300;\">Introduction et table des mati\u00e8res<\/span><\/h1>\n<p>\u00a0<\/p>\n\n\n\t\t<style>\r\n            #h5vp69f45f5f7e5dd iframe {  width: 100%; }        <\/style>\r\n        \t    <div id=\"h5vp69f45f5f7e5dd\" class=\"pdfp_wrapper\">\r\n                        <div class=\"cta_wrapper\">\r\n                \t            <p><a class=\"fullscreenBtn\" href=\"https:\/\/editionsdudetour.com\/wp-content\/plugins\/pdf-poster\/pdfjs\/web\/viewer.html?file=http:\/\/editionsdudetour.com\/wp-content\/uploads\/2025\/03\/Le-cou\u0302t-de-la-mort-pour-site.pdf&#038;download=true&#038;print=false&#038;openfile=false\"><button>View Fullscreen<\/button><\/a><\/p>\r\n            <\/div>\r\n            <div class=\"iframe_wrapper\">\r\n                <iframe loading=\"lazy\" width=\"100%\" height=\"1122px\" src=\"https:\/\/editionsdudetour.com\/wp-content\/plugins\/pdf-poster\/pdfjs\/web\/viewer.html?file=http:\/\/editionsdudetour.com\/wp-content\/uploads\/2025\/03\/Le-cou\u0302t-de-la-mort-pour-site.pdf&#038;download=true&#038;print=false&#038;openfile=false\"><\/iframe>\r\n            <\/div>\r\n\t    <\/div>\r\n        ","protected":false},"excerpt":{"rendered":"<p>Le Co\u00fbt de la mort La S\u00e9curit\u00e9 sociale jusqu\u2019au bout Alban Beaudouin &amp; Jean-Loup de Saint-Phalle Postface de Bernard Friot Dans le d\u00e9bat autour de la mort digne, les fun\u00e9railles et leur prise charge notamment financi\u00e8re semblent une question tabou. Les auteurs proposent de s\u2019en emparer, tous ensemble. Mourir co\u00fbte cher en France, et ce [&hellip;]<\/p>\n","protected":false},"author":2,"featured_media":0,"parent":14,"menu_order":0,"comment_status":"closed","ping_status":"closed","template":"","meta":[],"_links":{"self":[{"href":"https:\/\/editionsdudetour.com\/index.php\/wp-json\/wp\/v2\/pages\/4928"}],"collection":[{"href":"https:\/\/editionsdudetour.com\/index.php\/wp-json\/wp\/v2\/pages"}],"about":[{"href":"https:\/\/editionsdudetour.com\/index.php\/wp-json\/wp\/v2\/types\/page"}],"author":[{"embeddable":true,"href":"https:\/\/editionsdudetour.com\/index.php\/wp-json\/wp\/v2\/users\/2"}],"replies":[{"embeddable":true,"href":"https:\/\/editionsdudetour.com\/index.php\/wp-json\/wp\/v2\/comments?post=4928"}],"version-history":[{"count":6,"href":"https:\/\/editionsdudetour.com\/index.php\/wp-json\/wp\/v2\/pages\/4928\/revisions"}],"predecessor-version":[{"id":5311,"href":"https:\/\/editionsdudetour.com\/index.php\/wp-json\/wp\/v2\/pages\/4928\/revisions\/5311"}],"up":[{"embeddable":true,"href":"https:\/\/editionsdudetour.com\/index.php\/wp-json\/wp\/v2\/pages\/14"}],"wp:attachment":[{"href":"https:\/\/editionsdudetour.com\/index.php\/wp-json\/wp\/v2\/media?parent=4928"}],"curies":[{"name":"wp","href":"https:\/\/api.w.org\/{rel}","templated":true}]}}

Le Coût de la mort

<h1>Le Coût de la mort</h1>
<h2>La Sécurité sociale jusqu’au bout<a href="http://editionsdudetour.com/wp-content/uploads/2024/12/Le-coût-de-la-mort-pour-argu-211x300.png"><img loading="lazy" class="wp-image-4714  alignright" src="http://editionsdudetour.com/wp-content/uploads/2024/12/Le-coût-de-la-mort-pour-argu-211x300.png" alt="" width="335" height="476" srcset="https://editionsdudetour.com/wp-content/uploads/2024/12/Le-coût-de-la-mort-pour-argu-211x300.png 211w, https://editionsdudetour.com/wp-content/uploads/2024/12/Le-coût-de-la-mort-pour-argu.png 621w" sizes="(max-width: 335px) 100vw, 335px" /></a></h2>
<h3>Alban Beaudouin &amp; Jean-Loup de Saint-Phalle</h3>
<h4>Postface de Bernard Friot</h4>
<p>Dans le débat autour de la mort digne, les funérailles et leur prise charge notamment financière semblent une question tabou. Les auteurs proposent de s’en emparer, tous ensemble.</p>
<p>Mourir coûte cher en France, et ce sont le plus souvent les plus meurtris, les proches, qui doivent en endosser la responsabilité, au pire moment. Alors que la pyramide des âges est en plein renversement, nos funérailles se dégradent et nombreux sont ceux contraints de partir au rabais, dans l’irrespect des volontés du décédé, du deuil de ceux qui l’aiment, dans l’irrespect aussi de la santé mentale des salariés qui ont la charge de ce dernier service.</p>
<p>Les auteurs, militants fondateurs du Collectif pour une sécurité sociale de la mort, ont longuement étudié les multiples problèmes qui se posent quand la vie s’achève : comment enterrer ses parents quand on est soit même très âgé, qui s’occupe de l’enterrement des personnes isolées, comment trouver un médecin pour constater le décès dans un désert médical, comment être enterré écologiquement si on le souhaite, comment offrir un rituel d’adieu digne dans un univers ubérisé etc. Il est temps de s’emparer de cette question systémique : comment garantir à tous la dignité de ses funérailles et aux endeuillés celles de leur deuil ?</p>
<p>L’ouvrage propose une extension de la Sécurité sociale à ce risque qui n’en est pas un : la mort. En mutualisant son coût, il faudra aussi inventer de nouveaux rituels, de nouveaux garants, et c’est vers ces solutions que nous emmène ce livre, en toute humanité.</p>
<p class="p1"><span style="color: #993300;"><strong>Alban Beaudoin et Jean-Loup de Saint-Phalle</strong></span> sont les fondateurs du collectif pour une sécurité sociale de la mort et les auteurs de la conférence gesticulée <em>Une danse macabr</em>e. <span style="color: #993300;"><strong>Bernard Friot</strong></span> est sociologue, animateur du Réseau salariat, et spécialiste de la Sécurité sociale.</p>
<p>Rencontrez les auteurs en tournée en cliquant <a href="http://editionsdudetour.com/index.php/programme-de-rencontres/">ici</a> !</p>
<table style="width: 44.1222%; height: 226px;">
<tbody>
<tr style="height: 37px;">
<td style="height: 37px;">Parution : 6 mars 2025</td>
</tr>
<tr style="height: 37px;">
<td style="height: 37px;">Genre : Essai</td>
</tr>
<tr style="height: 37px;">
<td style="height: 37px;">Domaine : société ; politique</td>
</tr>
<tr style="height: 37px;">
<td style="height: 37px;">Livre : 14,90 € TTC</td>
</tr>
<tr style="height: 37px;">
<td style="height: 37px;">Format : 14 x 20 cm, broché</td>
</tr>
<tr style="height: 37px;">
<td style="height: 37px;">ISBN : 978-2-38532-080-5</td>
</tr>
</tbody>
</table>
<p> </p>



<h1><span style="color: #993300;">Introduction et table des matières</span></h1>
<p> </p>


		<style>
            #h5vp69f45f5f7e5dd iframe {  width: 100%; }        </style>
        	    <div id="h5vp69f45f5f7e5dd" class="pdfp_wrapper">
                        <div class="cta_wrapper">
                	            <p><a class="fullscreenBtn" href="https://editionsdudetour.com/wp-content/plugins/pdf-poster/pdfjs/web/viewer.html?file=http://editionsdudetour.com/wp-content/uploads/2025/03/Le-coût-de-la-mort-pour-site.pdf&#038;download=true&#038;print=false&#038;openfile=false"><button>View Fullscreen</button></a></p>
            </div>
            <div class="iframe_wrapper">
                <iframe loading="lazy" width="100%" height="1122px" src="https://editionsdudetour.com/wp-content/plugins/pdf-poster/pdfjs/web/viewer.html?file=http://editionsdudetour.com/wp-content/uploads/2025/03/Le-coût-de-la-mort-pour-site.pdf&#038;download=true&#038;print=false&#038;openfile=false"></iframe>
            </div>
	    </div>

<p>Le Coût de la mort La Sécurité sociale jusqu’au bout Alban Beaudouin &amp; Jean-Loup de Saint-Phalle Postface de Bernard Friot Dans le débat autour de la mort digne, les funérailles et leur prise charge notamment financière semblent une question tabou. Les auteurs proposent de s’en emparer, tous ensemble. Mourir coûte cher en France, et ce [&hellip;]</p>
