{"id":4821,"date":"2025-01-30T14:41:33","date_gmt":"2025-01-30T13:41:33","guid":{"rendered":"http:\/\/editionsdudetour.com\/?page_id=4821"},"modified":"2026-05-02T12:37:41","modified_gmt":"2026-05-02T10:37:41","slug":"mais-ou-est-passee-lemancipation","status":"publish","type":"page","link":"https:\/\/editionsdudetour.com\/index.php\/les-livres\/mais-ou-est-passee-lemancipation\/","title":{"rendered":"Mais o\u00f9 est pass\u00e9e l\u2019\u00e9mancipation\u2009?"},"content":{"rendered":"\n<h1>Mais o\u00f9 est pass\u00e9e l\u2019\u00e9mancipation\u2009?<\/h1>\n<h2><a href=\"http:\/\/editionsdudetour.com\/wp-content\/uploads\/2024\/11\/Mais-ou\u0300-est-passe\u0301e-le\u0301mancipation-couverture-1.png\"><img loading=\"lazy\" class=\"alignright wp-image-4671\" src=\"http:\/\/editionsdudetour.com\/wp-content\/uploads\/2024\/11\/Mais-ou\u0300-est-passe\u0301e-le\u0301mancipation-couverture.png\" alt=\"\" width=\"338\" height=\"483\" srcset=\"https:\/\/editionsdudetour.com\/wp-content\/uploads\/2024\/11\/Mais-ou\u0300-est-passe\u0301e-le\u0301mancipation-couverture.png 1103w, https:\/\/editionsdudetour.com\/wp-content\/uploads\/2024\/11\/Mais-ou\u0300-est-passe\u0301e-le\u0301mancipation-couverture-210x300.png 210w, https:\/\/editionsdudetour.com\/wp-content\/uploads\/2024\/11\/Mais-ou\u0300-est-passe\u0301e-le\u0301mancipation-couverture-717x1024.png 717w, https:\/\/editionsdudetour.com\/wp-content\/uploads\/2024\/11\/Mais-ou\u0300-est-passe\u0301e-le\u0301mancipation-couverture-768x1097.png 768w, https:\/\/editionsdudetour.com\/wp-content\/uploads\/2024\/11\/Mais-ou\u0300-est-passe\u0301e-le\u0301mancipation-couverture-1076x1536.png 1076w, https:\/\/editionsdudetour.com\/wp-content\/uploads\/2024\/11\/Mais-ou\u0300-est-passe\u0301e-le\u0301mancipation-couverture-624x891.png 624w\" sizes=\"(max-width: 338px) 100vw, 338px\" \/><\/a><\/h2>\n<h3>Mich\u00e8le Riot-Sarcey<\/h3>\n<p>S\u2019\u00e9manciper, c\u2019est r\u00e9sister collectivement aux pouvoirs \u00e9tablis pour conqu\u00e9rir le droit de choisir son destin. Peut-on s\u2019\u00e9manciper aujourd\u2019hui, quand libert\u00e9 rime avec autod\u00e9fense individuelle\u00a0?<\/p>\n<p>Le terme \u00ab \u00e9mancipation \u00bb a subi un glissement s\u00e9mantique depuis son \u00e2ge d\u2019or, au XIX<sup>e<\/sup>\u202fsi\u00e8cle, quand il \u00e9tait promesse d\u2019une libert\u00e9 acquise collectivement face au pouvoir de l\u2019argent ou de la religion.<br \/>Que signifie encore l\u2019\u00e9mancipation, si usit\u00e9 soit ce mot dans la publicit\u00e9 et les discours politiques ? A-t-elle \u00e9t\u00e9 r\u00e9alis\u00e9e en d\u00e9mocratie\u00a0? Tout un chacun est aujourd\u2019hui enjoint de se prendre en main pour se lib\u00e9rer du stress, de la pr\u00e9carit\u00e9, des autres, au risque de l\u2019\u00e9puisement. Mais qu\u2019est devenue la critique collective de nos conditions d\u2019existence et du syst\u00e8me qui les garantit<sup>\u2009<\/sup>?<\/p>\n<p>L\u2019historienne parcourt les si\u00e8cles et les continents sur les traces d\u2019initiatives qui visent \u00e0 retrouver une souverainet\u00e9 agissante. Du genre \u00e0 la colonialit\u00e9 en passant par le rapport au travail et \u00e0 la religion, elle explore les formes et les processus de l\u2019\u00e9mancipation : autogestion, assembl\u00e9es populaires, associations, communaut\u00e9s de vie\u2026 Bien des leviers existent pour construire un \u00ab r\u00e9el de l\u2019utopie \u00bb qui exige le mieux-vivre de toutes et tous. Mich\u00e8le Riot-Sarcey revient au \u00ab principe esp\u00e9rance \u00bb qui a conduit les populations \u00e0 se r\u00e9volter contre la domination pendant deux si\u00e8cles. Elle porte ainsi un regard critique sur notre actualit\u00e9 pour conserver \u00e0 l\u2019\u00e9mancipation toute la potentialit\u00e9 lib\u00e9ratrice qui la caract\u00e9rise.<\/p>\n<p class=\"p1\"><span style=\"color: #993300;\"><strong>Mich\u00e8le Riot-Sarcey<\/strong><\/span> est professeure \u00e9m\u00e9rite d\u2019histoire contemporaine et d\u2019histoire du genre de l\u2019universit\u00e9 Paris-VIII-Saint-Denis. Historienne du politique, de l\u2019utopie, du genre et du f\u00e9minisme, elle a \u00e9crit de nombreux ouvrages sur ces diff\u00e9rents th\u00e8mes en s\u2019attardant sur le XIX<sup>e<\/sup> si\u00e8cle, si\u00e8cle des r\u00e9volutions.<\/p>\n<table>\n<tbody>\n<tr>\n<td>Parution\u2009: 30 janvier 2025<\/td>\n<\/tr>\n<tr>\n<td>Genre\u2009: Essai<\/td>\n<\/tr>\n<tr>\n<td>Domaine\u2009: histoire des id\u00e9es ; philosophie politique<\/td>\n<\/tr>\n<tr>\n<td>Livre\u2009: 16,90 \u20ac TTC<\/td>\n<\/tr>\n<tr>\n<td>Format\u2009: 14 x 20 cm, broch\u00e9<\/td>\n<\/tr>\n<tr>\n<td>ISBN\u2009: 978-2-38532-068-3<\/td>\n<\/tr>\n<\/tbody>\n<\/table>\n\n\n\n<h1>\u00a0<\/h1>\n<h1><span style=\"color: #993300;\">Introduction et table des mati\u00e8res<\/span><\/h1>\n<p>\u00a0<\/p>\n\n\n\t\t<style>\r\n            #h5vp69f9f1ab2e411 iframe {  width: 100%; }        <\/style>\r\n        \t    <div id=\"h5vp69f9f1ab2e411\" class=\"pdfp_wrapper\">\r\n                        <div class=\"cta_wrapper\">\r\n                \t            <p><a class=\"fullscreenBtn\" href=\"https:\/\/editionsdudetour.com\/wp-content\/plugins\/pdf-poster\/pdfjs\/web\/viewer.html?file=http:\/\/editionsdudetour.com\/wp-content\/uploads\/2025\/02\/Mais-ou\u0300-est-passe\u0301e-le\u0301mancipation-\u2013-Miche\u0300le-Riot-Sarcey-pour-site.pdf&#038;download=true&#038;print=false&#038;openfile=false\"><button>View Fullscreen<\/button><\/a><\/p>\r\n            <\/div>\r\n            <div class=\"iframe_wrapper\">\r\n                <iframe loading=\"lazy\" width=\"100%\" height=\"1122px\" src=\"https:\/\/editionsdudetour.com\/wp-content\/plugins\/pdf-poster\/pdfjs\/web\/viewer.html?file=http:\/\/editionsdudetour.com\/wp-content\/uploads\/2025\/02\/Mais-ou\u0300-est-passe\u0301e-le\u0301mancipation-\u2013-Miche\u0300le-Riot-Sarcey-pour-site.pdf&#038;download=true&#038;print=false&#038;openfile=false\"><\/iframe>\r\n            <\/div>\r\n\t    <\/div>\r\n        ","protected":false},"excerpt":{"rendered":"<p>Mais o\u00f9 est pass\u00e9e l\u2019\u00e9mancipation\u2009? Mich\u00e8le Riot-Sarcey S\u2019\u00e9manciper, c\u2019est r\u00e9sister collectivement aux pouvoirs \u00e9tablis pour conqu\u00e9rir le droit de choisir son destin. Peut-on s\u2019\u00e9manciper aujourd\u2019hui, quand libert\u00e9 rime avec autod\u00e9fense individuelle\u00a0? Le terme \u00ab \u00e9mancipation \u00bb a subi un glissement s\u00e9mantique depuis son \u00e2ge d\u2019or, au XIXe\u202fsi\u00e8cle, quand il \u00e9tait promesse d\u2019une libert\u00e9 acquise collectivement [&hellip;]<\/p>\n","protected":false},"author":1,"featured_media":0,"parent":14,"menu_order":0,"comment_status":"closed","ping_status":"closed","template":"","meta":[],"_links":{"self":[{"href":"https:\/\/editionsdudetour.com\/index.php\/wp-json\/wp\/v2\/pages\/4821"}],"collection":[{"href":"https:\/\/editionsdudetour.com\/index.php\/wp-json\/wp\/v2\/pages"}],"about":[{"href":"https:\/\/editionsdudetour.com\/index.php\/wp-json\/wp\/v2\/types\/page"}],"author":[{"embeddable":true,"href":"https:\/\/editionsdudetour.com\/index.php\/wp-json\/wp\/v2\/users\/1"}],"replies":[{"embeddable":true,"href":"https:\/\/editionsdudetour.com\/index.php\/wp-json\/wp\/v2\/comments?post=4821"}],"version-history":[{"count":6,"href":"https:\/\/editionsdudetour.com\/index.php\/wp-json\/wp\/v2\/pages\/4821\/revisions"}],"predecessor-version":[{"id":6570,"href":"https:\/\/editionsdudetour.com\/index.php\/wp-json\/wp\/v2\/pages\/4821\/revisions\/6570"}],"up":[{"embeddable":true,"href":"https:\/\/editionsdudetour.com\/index.php\/wp-json\/wp\/v2\/pages\/14"}],"wp:attachment":[{"href":"https:\/\/editionsdudetour.com\/index.php\/wp-json\/wp\/v2\/media?parent=4821"}],"curies":[{"name":"wp","href":"https:\/\/api.w.org\/{rel}","templated":true}]}}