{"id":38,"date":"2016-12-22T23:54:54","date_gmt":"2016-12-22T22:54:54","guid":{"rendered":"http:\/\/editionsdudetour.com\/?page_id=38"},"modified":"2026-03-11T17:56:44","modified_gmt":"2026-03-11T16:56:44","slug":"mentions-legales","status":"publish","type":"page","link":"https:\/\/editionsdudetour.com\/index.php\/mentions-legales\/","title":{"rendered":"Mentions l\u00e9gales"},"content":{"rendered":"<p class=\"texte-bold-cms\"><strong>Soci\u00e9t\u00e9 \u00c9ditrice du site :<\/strong><\/p>\n<p style=\"text-align: justify;\">Les <span style=\"color: #800000;\"><a style=\"color: #800000;\" href=\"https:\/\/editionsdudetour.com\/\">\u00c9DITIONS DU D\u00c9TOUR<\/a><\/span>, Soci\u00e9t\u00e9 par actions simplifi\u00e9e au capital 3 000 \u20ac, immatricul\u00e9e au Registre du Commerce et des Soci\u00e9t\u00e9s de Paris sous le num\u00e9ro RCS 824 361 935, TVA intraco. FR 824 361 935 00029, dont le si\u00e8ge social est situ\u00e9 au 71, rue de Bagnolet 75020 Paris, repr\u00e9sent\u00e9e par Bertrand Bernard, pr\u00e9sident.<\/p>\n<p style=\"text-align: justify;\">Directeur de la publication du site editionsdudetour.com : Bertrand Bernard<br \/>\nResponsable fonctionnel et technique : Bruno Bernard<\/p>\n<p><strong>H\u00e9bergement :<\/strong><\/p>\n<p style=\"text-align: justify;\">Le pr\u00e9sent site et sa base de donn\u00e9es sont h\u00e9berg\u00e9s sur les serveurs de la soci\u00e9t\u00e9 OVH (RCS Roubaix \u2013 Tourcoing 424 761 419 00045). Coordonn\u00e9es : 2 rue Kellermann \u2013 59100 Roubaix \u2013 France. Toutes les mesures n\u00e9cessaires \u00e0 la s\u00e9curit\u00e9 sont assur\u00e9es par l&rsquo;h\u00e9bergeur.<\/p>\n","protected":false},"excerpt":{"rendered":"<p>Soci\u00e9t\u00e9 \u00c9ditrice du site : Les \u00c9DITIONS DU D\u00c9TOUR, Soci\u00e9t\u00e9 par actions simplifi\u00e9e au capital 3 000 \u20ac, immatricul\u00e9e au Registre du Commerce et des Soci\u00e9t\u00e9s de Paris sous le num\u00e9ro RCS 824 361 935, TVA intraco. FR 824 361 935 00029, dont le si\u00e8ge social est situ\u00e9 au 71, rue de Bagnolet 75020 Paris, [&hellip;]<\/p>\n","protected":false},"author":1,"featured_media":0,"parent":0,"menu_order":0,"comment_status":"closed","ping_status":"closed","template":"","meta":[],"_links":{"self":[{"href":"https:\/\/editionsdudetour.com\/index.php\/wp-json\/wp\/v2\/pages\/38"}],"collection":[{"href":"https:\/\/editionsdudetour.com\/index.php\/wp-json\/wp\/v2\/pages"}],"about":[{"href":"https:\/\/editionsdudetour.com\/index.php\/wp-json\/wp\/v2\/types\/page"}],"author":[{"embeddable":true,"href":"https:\/\/editionsdudetour.com\/index.php\/wp-json\/wp\/v2\/users\/1"}],"replies":[{"embeddable":true,"href":"https:\/\/editionsdudetour.com\/index.php\/wp-json\/wp\/v2\/comments?post=38"}],"version-history":[{"count":9,"href":"https:\/\/editionsdudetour.com\/index.php\/wp-json\/wp\/v2\/pages\/38\/revisions"}],"predecessor-version":[{"id":6493,"href":"https:\/\/editionsdudetour.com\/index.php\/wp-json\/wp\/v2\/pages\/38\/revisions\/6493"}],"wp:attachment":[{"href":"https:\/\/editionsdudetour.com\/index.php\/wp-json\/wp\/v2\/media?parent=38"}],"curies":[{"name":"wp","href":"https:\/\/api.w.org\/{rel}","templated":true}]}}