{"id":3240,"date":"2022-10-06T23:00:17","date_gmt":"2022-10-06T21:00:17","guid":{"rendered":"http:\/\/editionsdudetour.com\/?page_id=3240"},"modified":"2025-02-14T15:41:44","modified_gmt":"2025-02-14T14:41:44","slug":"le-syndicalisme-dapres","status":"publish","type":"page","link":"https:\/\/editionsdudetour.com\/index.php\/les-livres\/le-syndicalisme-dapres\/","title":{"rendered":""},"content":{"rendered":"\n<h1><a href=\"http:\/\/editionsdudetour.com\/wp-content\/uploads\/2020\/08\/Le-Syndicalisme-dapre\u0300s-couverture-EP1-652x1024.jpg\"><img loading=\"lazy\" class=\"alignleft wp-image-3180\" src=\"http:\/\/editionsdudetour.com\/wp-content\/uploads\/2020\/08\/Le-Syndicalisme-dapre\u0300s-couverture-EP1-652x1024.jpg\" alt=\"\" width=\"259\" height=\"407\" srcset=\"https:\/\/editionsdudetour.com\/wp-content\/uploads\/2020\/08\/Le-Syndicalisme-dapre\u0300s-couverture-EP1-652x1024.jpg 652w, https:\/\/editionsdudetour.com\/wp-content\/uploads\/2020\/08\/Le-Syndicalisme-dapre\u0300s-couverture-EP1-191x300.jpg 191w, https:\/\/editionsdudetour.com\/wp-content\/uploads\/2020\/08\/Le-Syndicalisme-dapre\u0300s-couverture-EP1-768x1206.jpg 768w, https:\/\/editionsdudetour.com\/wp-content\/uploads\/2020\/08\/Le-Syndicalisme-dapre\u0300s-couverture-EP1-978x1536.jpg 978w, https:\/\/editionsdudetour.com\/wp-content\/uploads\/2020\/08\/Le-Syndicalisme-dapre\u0300s-couverture-EP1-1304x2048.jpg 1304w, https:\/\/editionsdudetour.com\/wp-content\/uploads\/2020\/08\/Le-Syndicalisme-dapre\u0300s-couverture-EP1-624x980.jpg 624w, https:\/\/editionsdudetour.com\/wp-content\/uploads\/2020\/08\/Le-Syndicalisme-dapre\u0300s-couverture-EP1-1320x2073.jpg 1320w, https:\/\/editionsdudetour.com\/wp-content\/uploads\/2020\/08\/Le-Syndicalisme-dapre\u0300s-couverture-EP1-scaled.jpg 1630w\" sizes=\"(max-width: 259px) 100vw, 259px\" \/><\/a>Le Syndicalisme d\u2019apr\u00e8s<\/h1>\n<h2>Ce qui ne peut plus durer<\/h2>\n<h3>Jean-Marie Pernot<\/h3>\n<p><em>L\u2019auteur, sp\u00e9cialiste de r\u00e9f\u00e9rence du syndicalisme, pose ici des jalons pour que celui-ci change en profondeur<i>\u00a0<\/i>: int\u00e9grer les objectifs \u00e9cologiques, repr\u00e9senter vraiment tous celles et ceux qui travaillent, \u00e0 l\u2019\u00e9chelle mondiale, r\u00e9apprendre l\u2019unit\u00e9.<\/em><\/p>\n<p>Jean-Marie Pernot apporte ici sa contribution au d\u00e9bat toujours sur le m\u00e9tier de l\u2019\u00ab<i>\u00a0<\/i>avenir<i>\u00a0<\/i>\u00bb du syndicalisme. Pour lui, la courbe de son d\u00e9clin n\u2019a pas de raison de s\u2019infl\u00e9chir sans une importante remise en question. Il ne s\u2019agit pas de mettre en cause celles et ceux qui repr\u00e9sentent les travailleurs dans les entreprises, en premi\u00e8re ligne, mais d\u2019interroger les organisations, dont les forces et les modes d\u2019actions ne semblent plus \u00e0 la hauteur des enjeux.<\/p>\n<p>S\u2019il ne faut renoncer \u00e0 rien (\u00eatre dans l\u2019entreprise, s\u2019asseoir \u00e0 la table des n\u00e9gociations, conduire l\u2019action collective), il faut obtenir plus<i>\u00a0<\/i>: construire l\u2019unit\u00e9, r\u00e9pondre aux pr\u00e9occupations urgentes, du salaire \u00e0 l\u2019\u00e9cologie en passant par l\u2019\u00e9galit\u00e9 de genre, r\u00e9agir aux mutations du travail, transformer les modes d\u2019organisation du syndicat pour inclure des travailleurs d\u00e9sormais atomis\u00e9s entre ub\u00e9risation et sous-traitance mondialis\u00e9e. Face \u00e0 un tel programme, il faut \u00eatre en mesure de peser. En la mati\u00e8re, l\u2019\u00e9cart entre les besoins et les moyens mis en \u0153uvre est abyssal.\u00a0 Jean-Marie Pernot ne m\u00e2che pas ses mots dans cet essai d\u2019une lucidit\u00e9 combative.<\/p>\n<p>Politiste, <span style=\"color: #993300;\"><strong>Jean-Marie Pernot<\/strong><\/span> est chercheur associ\u00e9 \u00e0 l\u2019Institut de recherches \u00e9conomiques et sociales (IRES) et au Centre d\u2019histoire sociale des mondes contemporains (CHS-MC). Il est notamment l\u2019auteur de <em>Syndicats, lendemains de crise<i>\u00a0<\/i>?<\/em> chez Folio.<\/p>\n<table style=\"width: 32.2137%; height: 254px;\">\n<tbody>\n<tr>\n<td style=\"width: 100%;\">Parution : 6 octobre 2022<\/td>\n<\/tr>\n<tr>\n<td style=\"width: 100%;\">Genre\u00a0: essai<\/td>\n<\/tr>\n<tr>\n<td style=\"width: 100%;\">Domaine : politique<\/td>\n<\/tr>\n<tr>\n<td style=\"width: 100%;\">18,90 \u20ac<\/td>\n<\/tr>\n<tr>\n<td style=\"width: 100%;\">224 pages, broch\u00e9, rabats<\/td>\n<\/tr>\n<tr>\n<td style=\"width: 100%;\">Format : 14X22 cm<\/td>\n<\/tr>\n<tr>\n<td style=\"width: 100%;\">ISBN : 979-10-97079-92-5<\/td>\n<\/tr>\n<\/tbody>\n<\/table>\n<h3>Extraits et table des mati\u00e8res<\/h3>\n<p>\u00a0<\/p>\n<hr \/>\n\n\n\t\t<style>\r\n            #h5vp69ef995ebee0e iframe {  width: 100%; }        <\/style>\r\n        \t    <div id=\"h5vp69ef995ebee0e\" class=\"pdfp_wrapper\">\r\n                        <div class=\"cta_wrapper\">\r\n                \t            <p><a class=\"fullscreenBtn\" href=\"https:\/\/editionsdudetour.com\/wp-content\/plugins\/pdf-poster\/pdfjs\/web\/viewer.html?file=http:\/\/editionsdudetour.com\/wp-content\/uploads\/2020\/08\/Le-Syndicalisme-dapre\u0300s-\u2013-pour-site.pdf&#038;download=true&#038;print=&#038;openfile=false\"><button>View Fullscreen<\/button><\/a><\/p>\r\n            <\/div>\r\n            <div class=\"iframe_wrapper\">\r\n                <iframe loading=\"lazy\" width=\"100%\" height=\"1122px\" src=\"https:\/\/editionsdudetour.com\/wp-content\/plugins\/pdf-poster\/pdfjs\/web\/viewer.html?file=http:\/\/editionsdudetour.com\/wp-content\/uploads\/2020\/08\/Le-Syndicalisme-dapre\u0300s-\u2013-pour-site.pdf&#038;download=true&#038;print=&#038;openfile=false\"><\/iframe>\r\n            <\/div>\r\n\t    <\/div>\r\n        ","protected":false},"excerpt":{"rendered":"<p>Le Syndicalisme d\u2019apr\u00e8s Ce qui ne peut plus durer Jean-Marie Pernot L\u2019auteur, sp\u00e9cialiste de r\u00e9f\u00e9rence du syndicalisme, pose ici des jalons pour que celui-ci change en profondeur\u00a0: int\u00e9grer les objectifs \u00e9cologiques, repr\u00e9senter vraiment tous celles et ceux qui travaillent, \u00e0 l\u2019\u00e9chelle mondiale, r\u00e9apprendre l\u2019unit\u00e9. Jean-Marie Pernot apporte ici sa contribution au d\u00e9bat toujours sur le [&hellip;]<\/p>\n","protected":false},"author":2,"featured_media":0,"parent":14,"menu_order":0,"comment_status":"closed","ping_status":"closed","template":"","meta":[],"_links":{"self":[{"href":"https:\/\/editionsdudetour.com\/index.php\/wp-json\/wp\/v2\/pages\/3240"}],"collection":[{"href":"https:\/\/editionsdudetour.com\/index.php\/wp-json\/wp\/v2\/pages"}],"about":[{"href":"https:\/\/editionsdudetour.com\/index.php\/wp-json\/wp\/v2\/types\/page"}],"author":[{"embeddable":true,"href":"https:\/\/editionsdudetour.com\/index.php\/wp-json\/wp\/v2\/users\/2"}],"replies":[{"embeddable":true,"href":"https:\/\/editionsdudetour.com\/index.php\/wp-json\/wp\/v2\/comments?post=3240"}],"version-history":[{"count":4,"href":"https:\/\/editionsdudetour.com\/index.php\/wp-json\/wp\/v2\/pages\/3240\/revisions"}],"predecessor-version":[{"id":4777,"href":"https:\/\/editionsdudetour.com\/index.php\/wp-json\/wp\/v2\/pages\/3240\/revisions\/4777"}],"up":[{"embeddable":true,"href":"https:\/\/editionsdudetour.com\/index.php\/wp-json\/wp\/v2\/pages\/14"}],"wp:attachment":[{"href":"https:\/\/editionsdudetour.com\/index.php\/wp-json\/wp\/v2\/media?parent=3240"}],"curies":[{"name":"wp","href":"https:\/\/api.w.org\/{rel}","templated":true}]}}

<h1><a href="http://editionsdudetour.com/wp-content/uploads/2020/08/Le-Syndicalisme-daprès-couverture-EP1-652x1024.jpg"><img loading="lazy" class="alignleft wp-image-3180" src="http://editionsdudetour.com/wp-content/uploads/2020/08/Le-Syndicalisme-daprès-couverture-EP1-652x1024.jpg" alt="" width="259" height="407" srcset="https://editionsdudetour.com/wp-content/uploads/2020/08/Le-Syndicalisme-daprès-couverture-EP1-652x1024.jpg 652w, https://editionsdudetour.com/wp-content/uploads/2020/08/Le-Syndicalisme-daprès-couverture-EP1-191x300.jpg 191w, https://editionsdudetour.com/wp-content/uploads/2020/08/Le-Syndicalisme-daprès-couverture-EP1-768x1206.jpg 768w, https://editionsdudetour.com/wp-content/uploads/2020/08/Le-Syndicalisme-daprès-couverture-EP1-978x1536.jpg 978w, https://editionsdudetour.com/wp-content/uploads/2020/08/Le-Syndicalisme-daprès-couverture-EP1-1304x2048.jpg 1304w, https://editionsdudetour.com/wp-content/uploads/2020/08/Le-Syndicalisme-daprès-couverture-EP1-624x980.jpg 624w, https://editionsdudetour.com/wp-content/uploads/2020/08/Le-Syndicalisme-daprès-couverture-EP1-1320x2073.jpg 1320w, https://editionsdudetour.com/wp-content/uploads/2020/08/Le-Syndicalisme-daprès-couverture-EP1-scaled.jpg 1630w" sizes="(max-width: 259px) 100vw, 259px" /></a>Le Syndicalisme d’après</h1>
<h2>Ce qui ne peut plus durer</h2>
<h3>Jean-Marie Pernot</h3>
<p><em>L’auteur, spécialiste de référence du syndicalisme, pose ici des jalons pour que celui-ci change en profondeur<i> </i>: intégrer les objectifs écologiques, représenter vraiment tous celles et ceux qui travaillent, à l’échelle mondiale, réapprendre l’unité.</em></p>
<p>Jean-Marie Pernot apporte ici sa contribution au débat toujours sur le métier de l’«<i> </i>avenir<i> </i>» du syndicalisme. Pour lui, la courbe de son déclin n’a pas de raison de s’infléchir sans une importante remise en question. Il ne s’agit pas de mettre en cause celles et ceux qui représentent les travailleurs dans les entreprises, en première ligne, mais d’interroger les organisations, dont les forces et les modes d’actions ne semblent plus à la hauteur des enjeux.</p>
<p>S’il ne faut renoncer à rien (être dans l’entreprise, s’asseoir à la table des négociations, conduire l’action collective), il faut obtenir plus<i> </i>: construire l’unité, répondre aux préoccupations urgentes, du salaire à l’écologie en passant par l’égalité de genre, réagir aux mutations du travail, transformer les modes d’organisation du syndicat pour inclure des travailleurs désormais atomisés entre ubérisation et sous-traitance mondialisée. Face à un tel programme, il faut être en mesure de peser. En la matière, l’écart entre les besoins et les moyens mis en œuvre est abyssal.  Jean-Marie Pernot ne mâche pas ses mots dans cet essai d’une lucidité combative.</p>
<p>Politiste, <span style="color: #993300;"><strong>Jean-Marie Pernot</strong></span> est chercheur associé à l’Institut de recherches économiques et sociales (IRES) et au Centre d’histoire sociale des mondes contemporains (CHS-MC). Il est notamment l’auteur de <em>Syndicats, lendemains de crise<i> </i>?</em> chez Folio.</p>
<table style="width: 32.2137%; height: 254px;">
<tbody>
<tr>
<td style="width: 100%;">Parution : 6 octobre 2022</td>
</tr>
<tr>
<td style="width: 100%;">Genre : essai</td>
</tr>
<tr>
<td style="width: 100%;">Domaine : politique</td>
</tr>
<tr>
<td style="width: 100%;">18,90 €</td>
</tr>
<tr>
<td style="width: 100%;">224 pages, broché, rabats</td>
</tr>
<tr>
<td style="width: 100%;">Format : 14X22 cm</td>
</tr>
<tr>
<td style="width: 100%;">ISBN : 979-10-97079-92-5</td>
</tr>
</tbody>
</table>
<h3>Extraits et table des matières</h3>
<p> </p>
<hr />


		<style>
            #h5vp69ef995ebee0e iframe {  width: 100%; }        </style>
        	    <div id="h5vp69ef995ebee0e" class="pdfp_wrapper">
                        <div class="cta_wrapper">
                	            <p><a class="fullscreenBtn" href="https://editionsdudetour.com/wp-content/plugins/pdf-poster/pdfjs/web/viewer.html?file=http://editionsdudetour.com/wp-content/uploads/2020/08/Le-Syndicalisme-daprès-–-pour-site.pdf&#038;download=true&#038;print=&#038;openfile=false"><button>View Fullscreen</button></a></p>
            </div>
            <div class="iframe_wrapper">
                <iframe loading="lazy" width="100%" height="1122px" src="https://editionsdudetour.com/wp-content/plugins/pdf-poster/pdfjs/web/viewer.html?file=http://editionsdudetour.com/wp-content/uploads/2020/08/Le-Syndicalisme-daprès-–-pour-site.pdf&#038;download=true&#038;print=&#038;openfile=false"></iframe>
            </div>
	    </div>

<p>Le Syndicalisme d’après Ce qui ne peut plus durer Jean-Marie Pernot L’auteur, spécialiste de référence du syndicalisme, pose ici des jalons pour que celui-ci change en profondeur : intégrer les objectifs écologiques, représenter vraiment tous celles et ceux qui travaillent, à l’échelle mondiale, réapprendre l’unité. Jean-Marie Pernot apporte ici sa contribution au débat toujours sur le [&hellip;]</p>
