{"id":3221,"date":"2022-09-28T21:46:34","date_gmt":"2022-09-28T19:46:34","guid":{"rendered":"http:\/\/editionsdudetour.com\/?page_id=3221"},"modified":"2025-01-27T18:01:26","modified_gmt":"2025-01-27T17:01:26","slug":"en-lutte","status":"publish","type":"page","link":"https:\/\/editionsdudetour.com\/index.php\/les-livres\/en-lutte\/","title":{"rendered":"En lutte !"},"content":{"rendered":"\n<h1><a href=\"http:\/\/editionsdudetour.com\/wp-content\/uploads\/2020\/08\/En-lutte-\u2013-Couverture-scaled.jpg\" rel=\"attachment wp-att-3216\"><img loading=\"lazy\" class=\"alignleft wp-image-3216\" src=\"http:\/\/editionsdudetour.com\/wp-content\/uploads\/2020\/08\/En-lutte-\u2013-Couverture-652x1024.jpg\" alt=\"\" width=\"263\" height=\"413\" srcset=\"https:\/\/editionsdudetour.com\/wp-content\/uploads\/2020\/08\/En-lutte-\u2013-Couverture-652x1024.jpg 652w, https:\/\/editionsdudetour.com\/wp-content\/uploads\/2020\/08\/En-lutte-\u2013-Couverture-191x300.jpg 191w, https:\/\/editionsdudetour.com\/wp-content\/uploads\/2020\/08\/En-lutte-\u2013-Couverture-768x1206.jpg 768w, https:\/\/editionsdudetour.com\/wp-content\/uploads\/2020\/08\/En-lutte-\u2013-Couverture-978x1536.jpg 978w, https:\/\/editionsdudetour.com\/wp-content\/uploads\/2020\/08\/En-lutte-\u2013-Couverture-1304x2048.jpg 1304w, https:\/\/editionsdudetour.com\/wp-content\/uploads\/2020\/08\/En-lutte-\u2013-Couverture-624x980.jpg 624w, https:\/\/editionsdudetour.com\/wp-content\/uploads\/2020\/08\/En-lutte-\u2013-Couverture-1320x2073.jpg 1320w, https:\/\/editionsdudetour.com\/wp-content\/uploads\/2020\/08\/En-lutte-\u2013-Couverture-scaled.jpg 1630w\" sizes=\"(max-width: 263px) 100vw, 263px\" \/><\/a>En lutte !<\/h1>\n<h2>Carnet de chants<\/h2>\n<h3>\u00c9tienne Augris, Julien Blotti\u00e8re, Jean-Christophe Diedrich et V\u00e9ronique Servat<\/h3>\n<p><i>Un recueil de 24 chants ayant marqu\u00e9 l\u2019histoire des luttes. La s\u00e9lection et les notices sont r\u00e9alis\u00e9es par des professeurs d\u2019histoire-g\u00e9ographie passionn\u00e9s par leur m\u00e9tier et par la musique d\u2019hier et d\u2019aujourd\u2019hui.<\/i><\/p>\n<p>Lutte des classes, r\u00e9voltes f\u00e9ministes, demandes d\u2019\u00e9mancipation des peuples, toutes ces batailles sociales ont \u00e9t\u00e9 accompagn\u00e9es de chants scand\u00e9s en c\u0153ur par la foule. Certains ont travers\u00e9 les \u00e9poques et les luttes, d\u2019autres pas, mais ils ont tous jou\u00e9 un r\u00f4le important en leur temps.<\/p>\n<p>Ces chants choisis, analys\u00e9s et enrichis par les auteurs sont pr\u00e9sent\u00e9s dans leur contexte historique et dans leur r\u00e9sonnance contemporaine, traduits en fran\u00e7ais. De \u00ab<i>\u00a0<\/i>La Carmagnole<i>\u00a0<\/i>\u00bb datant de la R\u00e9volution fran\u00e7aise jusqu\u2019\u00e0 \u00ab<i>\u00a0<\/i>Balance ton quoi d\u2019Ang\u00e8le, en passant par la tr\u00e8s c\u00e9l\u00e8bre \u00ab<i>\u00a0<\/i><em>Bella Ciao<\/em><i>\u00a0<\/i>\u00bb ou l\u2019\u00ab<i>\u00a0<\/i>Hymne des femmes<i>\u00a0<\/i>\u00bb, ce recueil regroupe des chants vari\u00e9s, portrait de la culture des luttes militantes \u00e0 travers les \u00e9poques.<\/p>\n<p>Ce carnet de chants pas comme les autres est \u00e9crit sur un ton enjou\u00e9 et direct, propice \u00e0 d\u00e9couvrir l\u2019histoire de nos luttes en chansons.<\/p>\n<p>Professeurs d\u2019histoire-g\u00e9ographie, <span style=\"color: #993300;\"><strong>\u00c9tienne Augris, Julien Blotti\u00e8re, Jean-Christophe Diedrich<\/strong><\/span> et <span style=\"color: #993300;\"><strong>V\u00e9ronique Servat<\/strong><\/span> sont les animateurs du blog Histgeobox, ressource de r\u00e9f\u00e9rence pour les enseignants. Ils y recensent et analysent des \u0153uvres musicales de tout genre en relation avec les principaux \u00e9v\u00e9nements historiques.<\/p>\n<table style=\"border-collapse: collapse; width: 32.0611%; height: 259px;\">\n<tbody>\n<tr>\n<td>Parution : 29 septembre 2022<\/td>\n<\/tr>\n<tr>\n<td>Genre\u00a0: essai<\/td>\n<\/tr>\n<tr>\n<td>Domaine : histoire<\/td>\n<\/tr>\n<tr>\n<td>18,90 \u20ac<\/td>\n<\/tr>\n<tr>\n<td>224 pages, broch\u00e9<\/td>\n<\/tr>\n<tr>\n<td>Format : 14X22 cm<\/td>\n<\/tr>\n<tr>\n<td>ISBN : 978-2-493229-05-2<\/td>\n<\/tr>\n<\/tbody>\n<\/table>\n<h3>Extraits et table des mati\u00e8res<\/h3>\n<p>\u00a0<\/p>\n\n\n\t\t<style>\r\n            #h5vp69f4cfb949201 iframe {  width: 100%; }        <\/style>\r\n        \t    <div id=\"h5vp69f4cfb949201\" class=\"pdfp_wrapper\">\r\n                        <div class=\"cta_wrapper\">\r\n                \t            <p><a class=\"fullscreenBtn\" href=\"https:\/\/editionsdudetour.com\/wp-content\/plugins\/pdf-poster\/pdfjs\/web\/viewer.html?file=http:\/\/editionsdudetour.com\/wp-content\/uploads\/2020\/08\/En-lutte-Carnet-de-chants-pour-le-site.pdf&#038;download=true&#038;print=&#038;openfile=false\"><button>View Fullscreen<\/button><\/a><\/p>\r\n            <\/div>\r\n            <div class=\"iframe_wrapper\">\r\n                <iframe loading=\"lazy\" width=\"100%\" height=\"1122px\" src=\"https:\/\/editionsdudetour.com\/wp-content\/plugins\/pdf-poster\/pdfjs\/web\/viewer.html?file=http:\/\/editionsdudetour.com\/wp-content\/uploads\/2020\/08\/En-lutte-Carnet-de-chants-pour-le-site.pdf&#038;download=true&#038;print=&#038;openfile=false\"><\/iframe>\r\n            <\/div>\r\n\t    <\/div>\r\n        ","protected":false},"excerpt":{"rendered":"<p>En lutte ! Carnet de chants \u00c9tienne Augris, Julien Blotti\u00e8re, Jean-Christophe Diedrich et V\u00e9ronique Servat Un recueil de 24 chants ayant marqu\u00e9 l\u2019histoire des luttes. La s\u00e9lection et les notices sont r\u00e9alis\u00e9es par des professeurs d\u2019histoire-g\u00e9ographie passionn\u00e9s par leur m\u00e9tier et par la musique d\u2019hier et d\u2019aujourd\u2019hui. Lutte des classes, r\u00e9voltes f\u00e9ministes, demandes d\u2019\u00e9mancipation des [&hellip;]<\/p>\n","protected":false},"author":2,"featured_media":0,"parent":14,"menu_order":0,"comment_status":"closed","ping_status":"closed","template":"","meta":[],"_links":{"self":[{"href":"https:\/\/editionsdudetour.com\/index.php\/wp-json\/wp\/v2\/pages\/3221"}],"collection":[{"href":"https:\/\/editionsdudetour.com\/index.php\/wp-json\/wp\/v2\/pages"}],"about":[{"href":"https:\/\/editionsdudetour.com\/index.php\/wp-json\/wp\/v2\/types\/page"}],"author":[{"embeddable":true,"href":"https:\/\/editionsdudetour.com\/index.php\/wp-json\/wp\/v2\/users\/2"}],"replies":[{"embeddable":true,"href":"https:\/\/editionsdudetour.com\/index.php\/wp-json\/wp\/v2\/comments?post=3221"}],"version-history":[{"count":4,"href":"https:\/\/editionsdudetour.com\/index.php\/wp-json\/wp\/v2\/pages\/3221\/revisions"}],"predecessor-version":[{"id":4778,"href":"https:\/\/editionsdudetour.com\/index.php\/wp-json\/wp\/v2\/pages\/3221\/revisions\/4778"}],"up":[{"embeddable":true,"href":"https:\/\/editionsdudetour.com\/index.php\/wp-json\/wp\/v2\/pages\/14"}],"wp:attachment":[{"href":"https:\/\/editionsdudetour.com\/index.php\/wp-json\/wp\/v2\/media?parent=3221"}],"curies":[{"name":"wp","href":"https:\/\/api.w.org\/{rel}","templated":true}]}}

<h1><a href="http://editionsdudetour.com/wp-content/uploads/2020/08/En-lutte-–-Couverture-scaled.jpg" rel="attachment wp-att-3216"><img loading="lazy" class="alignleft wp-image-3216" src="http://editionsdudetour.com/wp-content/uploads/2020/08/En-lutte-–-Couverture-652x1024.jpg" alt="" width="263" height="413" srcset="https://editionsdudetour.com/wp-content/uploads/2020/08/En-lutte-–-Couverture-652x1024.jpg 652w, https://editionsdudetour.com/wp-content/uploads/2020/08/En-lutte-–-Couverture-191x300.jpg 191w, https://editionsdudetour.com/wp-content/uploads/2020/08/En-lutte-–-Couverture-768x1206.jpg 768w, https://editionsdudetour.com/wp-content/uploads/2020/08/En-lutte-–-Couverture-978x1536.jpg 978w, https://editionsdudetour.com/wp-content/uploads/2020/08/En-lutte-–-Couverture-1304x2048.jpg 1304w, https://editionsdudetour.com/wp-content/uploads/2020/08/En-lutte-–-Couverture-624x980.jpg 624w, https://editionsdudetour.com/wp-content/uploads/2020/08/En-lutte-–-Couverture-1320x2073.jpg 1320w, https://editionsdudetour.com/wp-content/uploads/2020/08/En-lutte-–-Couverture-scaled.jpg 1630w" sizes="(max-width: 263px) 100vw, 263px" /></a>En lutte !</h1>
<h2>Carnet de chants</h2>
<h3>Étienne Augris, Julien Blottière, Jean-Christophe Diedrich et Véronique Servat</h3>
<p><i>Un recueil de 24 chants ayant marqué l’histoire des luttes. La sélection et les notices sont réalisées par des professeurs d’histoire-géographie passionnés par leur métier et par la musique d’hier et d’aujourd’hui.</i></p>
<p>Lutte des classes, révoltes féministes, demandes d’émancipation des peuples, toutes ces batailles sociales ont été accompagnées de chants scandés en cœur par la foule. Certains ont traversé les époques et les luttes, d’autres pas, mais ils ont tous joué un rôle important en leur temps.</p>
<p>Ces chants choisis, analysés et enrichis par les auteurs sont présentés dans leur contexte historique et dans leur résonnance contemporaine, traduits en français. De «<i> </i>La Carmagnole<i> </i>» datant de la Révolution française jusqu’à «<i> </i>Balance ton quoi d’Angèle, en passant par la très célèbre «<i> </i><em>Bella Ciao</em><i> </i>» ou l’«<i> </i>Hymne des femmes<i> </i>», ce recueil regroupe des chants variés, portrait de la culture des luttes militantes à travers les époques.</p>
<p>Ce carnet de chants pas comme les autres est écrit sur un ton enjoué et direct, propice à découvrir l’histoire de nos luttes en chansons.</p>
<p>Professeurs d’histoire-géographie, <span style="color: #993300;"><strong>Étienne Augris, Julien Blottière, Jean-Christophe Diedrich</strong></span> et <span style="color: #993300;"><strong>Véronique Servat</strong></span> sont les animateurs du blog Histgeobox, ressource de référence pour les enseignants. Ils y recensent et analysent des œuvres musicales de tout genre en relation avec les principaux événements historiques.</p>
<table style="border-collapse: collapse; width: 32.0611%; height: 259px;">
<tbody>
<tr>
<td>Parution : 29 septembre 2022</td>
</tr>
<tr>
<td>Genre : essai</td>
</tr>
<tr>
<td>Domaine : histoire</td>
</tr>
<tr>
<td>18,90 €</td>
</tr>
<tr>
<td>224 pages, broché</td>
</tr>
<tr>
<td>Format : 14X22 cm</td>
</tr>
<tr>
<td>ISBN : 978-2-493229-05-2</td>
</tr>
</tbody>
</table>
<h3>Extraits et table des matières</h3>
<p> </p>


		<style>
            #h5vp69f4cfb949201 iframe {  width: 100%; }        </style>
        	    <div id="h5vp69f4cfb949201" class="pdfp_wrapper">
                        <div class="cta_wrapper">
                	            <p><a class="fullscreenBtn" href="https://editionsdudetour.com/wp-content/plugins/pdf-poster/pdfjs/web/viewer.html?file=http://editionsdudetour.com/wp-content/uploads/2020/08/En-lutte-Carnet-de-chants-pour-le-site.pdf&#038;download=true&#038;print=&#038;openfile=false"><button>View Fullscreen</button></a></p>
            </div>
            <div class="iframe_wrapper">
                <iframe loading="lazy" width="100%" height="1122px" src="https://editionsdudetour.com/wp-content/plugins/pdf-poster/pdfjs/web/viewer.html?file=http://editionsdudetour.com/wp-content/uploads/2020/08/En-lutte-Carnet-de-chants-pour-le-site.pdf&#038;download=true&#038;print=&#038;openfile=false"></iframe>
            </div>
	    </div>

<p>En lutte ! Carnet de chants Étienne Augris, Julien Blottière, Jean-Christophe Diedrich et Véronique Servat Un recueil de 24 chants ayant marqué l’histoire des luttes. La sélection et les notices sont réalisées par des professeurs d’histoire-géographie passionnés par leur métier et par la musique d’hier et d’aujourd’hui. Lutte des classes, révoltes féministes, demandes d’émancipation des [&hellip;]</p>
