{"id":2849,"date":"2022-01-30T20:23:28","date_gmt":"2022-01-30T19:23:28","guid":{"rendered":"http:\/\/editionsdudetour.com\/?page_id=2849"},"modified":"2024-01-11T17:53:11","modified_gmt":"2024-01-11T16:53:11","slug":"demain-le-bon-sexe","status":"publish","type":"page","link":"https:\/\/editionsdudetour.com\/index.php\/les-livres\/demain-le-bon-sexe\/","title":{"rendered":"Demain le bon sexe"},"content":{"rendered":"<div class=\"wp-block-image\">\n<figure class=\"alignleft size-large is-resized\"><a href=\"http:\/\/editionsdudetour.com\/index.php\/les-livres\/demain-le-bon-sexe\/demain-le-bon-sexe-couverture-3\/\"><img loading=\"lazy\" class=\"alignright wp-image-4061 size-large\" src=\"http:\/\/editionsdudetour.com\/wp-content\/uploads\/2024\/01\/Demain-le-bon-sexe.-couverture-652x1024.jpg\" alt=\"\" width=\"625\" height=\"982\" srcset=\"https:\/\/editionsdudetour.com\/wp-content\/uploads\/2024\/01\/Demain-le-bon-sexe.-couverture-652x1024.jpg 652w, https:\/\/editionsdudetour.com\/wp-content\/uploads\/2024\/01\/Demain-le-bon-sexe.-couverture-191x300.jpg 191w, https:\/\/editionsdudetour.com\/wp-content\/uploads\/2024\/01\/Demain-le-bon-sexe.-couverture-768x1206.jpg 768w, https:\/\/editionsdudetour.com\/wp-content\/uploads\/2024\/01\/Demain-le-bon-sexe.-couverture-978x1536.jpg 978w, https:\/\/editionsdudetour.com\/wp-content\/uploads\/2024\/01\/Demain-le-bon-sexe.-couverture-1304x2048.jpg 1304w, https:\/\/editionsdudetour.com\/wp-content\/uploads\/2024\/01\/Demain-le-bon-sexe.-couverture-624x980.jpg 624w, https:\/\/editionsdudetour.com\/wp-content\/uploads\/2024\/01\/Demain-le-bon-sexe.-couverture-1320x2073.jpg 1320w, https:\/\/editionsdudetour.com\/wp-content\/uploads\/2024\/01\/Demain-le-bon-sexe.-couverture-scaled.jpg 1630w\" sizes=\"(max-width: 625px) 100vw, 625px\" \/><\/a><\/figure>\n<\/div>\n<h1>Demain le bon sexe<\/h1>\n<h2><em><em><em>Les femmes, le d\u00e9sir et le consentement<\/em><\/em><\/em><\/h2>\n<h3>Katherine Angel<\/h3>\n<h2><strong>Traduit de l\u2019anglais par Caroline Nicolas<\/strong><\/h2>\n<p>Si nous voulons que le sexe soit un plaisir, nous devons r\u00e9fl\u00e9chir autrement. Apr\u00e8s #MeToo, comment sortir le d\u00e9sir de l\u2019impasse ?<\/p>\n<p>Un consentement libre et \u00e9clair\u00e9 nous permettra demain d\u2019avoir une sexualit\u00e9 \u00e9panouie. Vraiment ? Katherine Angel ose poser la question. Pourquoi serait-il encore du ressort des femmes de jouer les douani\u00e8res de leur sexualit\u00e9 ? Leur d\u00e9sir ne risque t\u2019il pas d\u2019y passer ? Est-ce trop demander que de demander \u00e0 vivre dans une soci\u00e9t\u00e9 qui ne nous menace pas ? L\u2019autrice d\u00e9fend un d\u00e9sir construit dans l\u2019interaction, supposant la possibilit\u00e9 de se montrer vuln\u00e9rable. Jouir, c\u2019est l\u00e2cher prise.<\/p>\n<p>Avec beaucoup d\u2019\u00e9l\u00e9gance et d\u2019audace, Katherine Angel \u00e9labore une \u00e9thique post-#MeToo, pour un monde suffisamment s\u00fbr, o\u00f9 le sexe sera bon.<\/p>\n<p><strong>La presse en parle<\/strong> : \u00ab Voil\u00e0 un essai qui fait r\u00e9fl\u00e9chir\u2026 On sort \u00e9clair\u00e9 de sa lecture, \u00e0 la prose naturelle et nuanc\u00e9e, nourrie de culture pop et de th\u00e9ories postmodernes. Une plong\u00e9e vivante et incisive dans la dynamique post #MeToo. \u00bb <em>Publishers Weekly.<\/em><br \/>\u00ab Angel a un but pr\u00e9cis : elle veut un monde o\u00f9 chacun soit en s\u00e9curit\u00e9, sans que le d\u00e9sir n\u2019ait \u00e0 \u00eatre connu ou organis\u00e9 \u00e0 l\u2019avance. \u00bb <em>The Guardian.<\/em><\/p>\n<p><strong><span class=\"tadv-color\" style=\"color: #a30023;\">Katherine Angel<\/span><\/strong><span class=\"tadv-color\" style=\"color: #444;\">,<\/span> philosophe et historienne de la sexualit\u00e9, est essayiste et enseignante en c<em>reative writing<\/em> \u00e0 Birkbeck (University of London).<\/p>\n<figure class=\"wp-block-table\">\n<table class=\"has-fixed-layout\">\n<tbody>\n<tr>\n<td>Parution : 3 f\u00e9vrier 2022<\/td>\n<\/tr>\n<tr>\n<td>Genre : essai<\/td>\n<\/tr>\n<tr>\n<td>19,90 \u20ac<\/td>\n<\/tr>\n<tr>\n<td>224 pages, broch\u00e9, rabats<\/td>\n<\/tr>\n<tr>\n<td>Format : 14 X 22 cm<\/td>\n<\/tr>\n<tr>\n<td>ISBN : 979-10-97079-96-3<\/td>\n<\/tr>\n<\/tbody>\n<\/table>\n<\/figure>\n\n\n<h3>\u00a0<\/h3>\n<h3>Premi\u00e8res pages et table des mati\u00e8res<\/h3>\n<p>\u00a0<\/p>\n\n\n\t\t<style>\r\n            #h5vp69ee2e0a21fe5 iframe {  width: 100%; }        <\/style>\r\n        \t    <div id=\"h5vp69ee2e0a21fe5\" class=\"pdfp_wrapper\">\r\n                        <div class=\"cta_wrapper\">\r\n                \t            <p><a class=\"fullscreenBtn\" href=\"https:\/\/editionsdudetour.com\/wp-content\/plugins\/pdf-poster\/pdfjs\/web\/viewer.html?file=http:\/\/editionsdudetour.com\/wp-content\/uploads\/2020\/08\/Demain-le-bon-sexe-pour-site.pdf&#038;download=true&#038;print=&#038;openfile=false\"><button>View Fullscreen<\/button><\/a><\/p>\r\n            <\/div>\r\n            <div class=\"iframe_wrapper\">\r\n                <iframe loading=\"lazy\" width=\"100%\" height=\"1122px\" src=\"https:\/\/editionsdudetour.com\/wp-content\/plugins\/pdf-poster\/pdfjs\/web\/viewer.html?file=http:\/\/editionsdudetour.com\/wp-content\/uploads\/2020\/08\/Demain-le-bon-sexe-pour-site.pdf&#038;download=true&#038;print=&#038;openfile=false\"><\/iframe>\r\n            <\/div>\r\n\t    <\/div>\r\n        ","protected":false},"excerpt":{"rendered":"<p>Demain le bon sexe Les femmes, le d\u00e9sir et le consentement Katherine Angel Traduit de l\u2019anglais par Caroline Nicolas Si nous voulons que le sexe soit un plaisir, nous devons r\u00e9fl\u00e9chir autrement. Apr\u00e8s #MeToo, comment sortir le d\u00e9sir de l\u2019impasse ? Un consentement libre et \u00e9clair\u00e9 nous permettra demain d\u2019avoir une sexualit\u00e9 \u00e9panouie. Vraiment ? [&hellip;]<\/p>\n","protected":false},"author":2,"featured_media":0,"parent":14,"menu_order":0,"comment_status":"closed","ping_status":"closed","template":"","meta":[],"_links":{"self":[{"href":"https:\/\/editionsdudetour.com\/index.php\/wp-json\/wp\/v2\/pages\/2849"}],"collection":[{"href":"https:\/\/editionsdudetour.com\/index.php\/wp-json\/wp\/v2\/pages"}],"about":[{"href":"https:\/\/editionsdudetour.com\/index.php\/wp-json\/wp\/v2\/types\/page"}],"author":[{"embeddable":true,"href":"https:\/\/editionsdudetour.com\/index.php\/wp-json\/wp\/v2\/users\/2"}],"replies":[{"embeddable":true,"href":"https:\/\/editionsdudetour.com\/index.php\/wp-json\/wp\/v2\/comments?post=2849"}],"version-history":[{"count":8,"href":"https:\/\/editionsdudetour.com\/index.php\/wp-json\/wp\/v2\/pages\/2849\/revisions"}],"predecessor-version":[{"id":4063,"href":"https:\/\/editionsdudetour.com\/index.php\/wp-json\/wp\/v2\/pages\/2849\/revisions\/4063"}],"up":[{"embeddable":true,"href":"https:\/\/editionsdudetour.com\/index.php\/wp-json\/wp\/v2\/pages\/14"}],"wp:attachment":[{"href":"https:\/\/editionsdudetour.com\/index.php\/wp-json\/wp\/v2\/media?parent=2849"}],"curies":[{"name":"wp","href":"https:\/\/api.w.org\/{rel}","templated":true}]}}