{"id":2246,"date":"2021-10-31T11:59:39","date_gmt":"2021-10-31T10:59:39","guid":{"rendered":"http:\/\/editionsdudetour.com\/?page_id=2246"},"modified":"2025-02-14T15:41:44","modified_gmt":"2025-02-14T14:41:44","slug":"le-malheur-detre-jeune","status":"publish","type":"page","link":"https:\/\/editionsdudetour.com\/index.php\/les-livres\/le-malheur-detre-jeune\/","title":{"rendered":""},"content":{"rendered":"<h1><a href=\"http:\/\/editionsdudetour.com\/index.php\/les-livres\/le-malheur-detre-jeune\/le-malheur-detre-jeune-couverture-bat\/\" rel=\"attachment wp-att-3120\"><img loading=\"lazy\" class=\"wp-image-3120 alignleft\" src=\"http:\/\/editionsdudetour.com\/wp-content\/uploads\/2022\/05\/Le-Malheur-detre-jeune-\u2013-Couverture-BAT-683x1024.jpg\" alt=\"\" width=\"203\" height=\"304\" srcset=\"https:\/\/editionsdudetour.com\/wp-content\/uploads\/2022\/05\/Le-Malheur-detre-jeune-\u2013-Couverture-BAT-683x1024.jpg 683w, https:\/\/editionsdudetour.com\/wp-content\/uploads\/2022\/05\/Le-Malheur-detre-jeune-\u2013-Couverture-BAT-200x300.jpg 200w, https:\/\/editionsdudetour.com\/wp-content\/uploads\/2022\/05\/Le-Malheur-detre-jeune-\u2013-Couverture-BAT-768x1152.jpg 768w, https:\/\/editionsdudetour.com\/wp-content\/uploads\/2022\/05\/Le-Malheur-detre-jeune-\u2013-Couverture-BAT-1024x1536.jpg 1024w, https:\/\/editionsdudetour.com\/wp-content\/uploads\/2022\/05\/Le-Malheur-detre-jeune-\u2013-Couverture-BAT-1365x2048.jpg 1365w, https:\/\/editionsdudetour.com\/wp-content\/uploads\/2022\/05\/Le-Malheur-detre-jeune-\u2013-Couverture-BAT-624x936.jpg 624w, https:\/\/editionsdudetour.com\/wp-content\/uploads\/2022\/05\/Le-Malheur-detre-jeune-\u2013-Couverture-BAT-1320x1980.jpg 1320w, https:\/\/editionsdudetour.com\/wp-content\/uploads\/2022\/05\/Le-Malheur-detre-jeune-\u2013-Couverture-BAT-scaled.jpg 1707w\" sizes=\"(max-width: 203px) 100vw, 203px\" \/><\/a>Le Malheur d\u2019\u00eatre jeune<\/h1>\n<h3><span style=\"color: #993300; font-size: 14pt;\">Paul Vaillant-Couturier<br><\/span><span style=\"color: #000000;\">Pr\u00e9sentation par Danielle Tartakowsky<\/span><\/h3>\n<p><span style=\"color: #993300;\"><strong>En 1935<\/strong><\/span>, au plus fort de la grande crise \u00e9conomique de l\u2019entre-deux-guerres, Paul Vaillant-Couturier, alors r\u00e9dacteur en chef de <em>L\u2019Humanit\u00e9<\/em>, lance une grande enqu\u00eate pour recueillir la parole des jeunes.<\/p>\n<p>Les jeunes font alors partie des principales victimes de cette crise. Au ch\u00f4mage par dizaine de milliers, ayant d\u00fb arr\u00eater leurs \u00e9tudes quand leurs parents ont perdu leur revenus. Ceux qui travaillent ne sont gu\u00e8re mieux lotis\u2009: la crise \u00e9conomique autorise les patrons \u00e0 fragiliser leurs statuts, baisser les salaires et les pr\u00e9cariser tous les jours un peu plus.<\/p>\n<p>Paul Vaillant-Couturier re\u00e7oit des lettres de tous les milieux : hommes, femmes, ouvriers, dipl\u00f4m\u00e9s, jeunes fonctionnaires, travailleurs immigr\u00e9s, venus des villes ou des campagnes&#8230;<\/p>\n<p>La lucidit\u00e9 et la dignit\u00e9 des t\u00e9moignages, la bienveillance de l\u2019auteur font de ce livre \u2014 \u2009qui eut un fort retentissement \u00e0 sa parution \u2014 un document historique passionnant. Et surtout il r\u00e9sonne fortement avec notre \u00e9poque, o\u00f9 les jeunes font \u00e0 nouveau face \u00e0 ces fl\u00e9aux.<\/p>\n<p>\u00c9crivain, homme politique et journaliste, <strong><span style=\"color: #993300;\">Paul Vaillant-Couturier<\/span><\/strong> (1892-1937) a particip\u00e9 \u00e0 la cr\u00e9ation du Parti communiste fran\u00e7ais. Maire de Villefuif, d\u00e9put\u00e9, il fut un des acteurs majeurs de la lutte antifasciste puis du front populaire.<\/p>\n<p><span style=\"color: #993300;\"><strong>Danielle Tartakowsky<\/strong><\/span> est sp\u00e9cialiste de l\u2019histoire sociale et politique de la France du XX<sup>e<\/sup>\u202fsi\u00e8cle, et plus sp\u00e9cifiquement de l\u2019histoire des mouvements sociaux.<\/p>\n<table>\n<tbody>\n<tr>\n<td>Parution : 4 novembre 2021<\/td>\n<\/tr>\n<tr>\n<td>Genre : essai<\/td>\n<\/tr>\n<tr>\n<td>21,90 \u20ac<\/td>\n<\/tr>\n<tr>\n<td>296 pages, broch\u00e9, rabats<\/td>\n<\/tr>\n<tr>\n<td>Format : 16 X 24 cm<\/td>\n<\/tr>\n<tr>\n<td>ISBN : 979-10-97079-90-1<\/td>\n<\/tr>\n<\/tbody>\n<\/table>\n\n\n<h1>\u00a0<\/h1>\n<h1><span style=\"color: #993300;\">Premiers chapitres et table des mati\u00e8res<\/span><\/h1>\n<p>\u00a0<\/p>\n\n\n\t\t<style>\r\n            #h5vp69f338359d52d iframe {  width: 100%; }        <\/style>\r\n        \t    <div id=\"h5vp69f338359d52d\" class=\"pdfp_wrapper\">\r\n                        <div class=\"cta_wrapper\">\r\n                \t            <p><a class=\"fullscreenBtn\" href=\"https:\/\/editionsdudetour.com\/wp-content\/plugins\/pdf-poster\/pdfjs\/web\/viewer.html?file=http:\/\/editionsdudetour.com\/wp-content\/uploads\/2020\/08\/Le-Malheur-de\u0302tre-jeune-Premiers-chapitres-et-table-des-matie\u0300res.pdf&#038;download=true&#038;print=&#038;openfile=false\"><button>View Fullscreen<\/button><\/a><\/p>\r\n            <\/div>\r\n            <div class=\"iframe_wrapper\">\r\n                <iframe loading=\"lazy\" width=\"100%\" height=\"1122px\" src=\"https:\/\/editionsdudetour.com\/wp-content\/plugins\/pdf-poster\/pdfjs\/web\/viewer.html?file=http:\/\/editionsdudetour.com\/wp-content\/uploads\/2020\/08\/Le-Malheur-de\u0302tre-jeune-Premiers-chapitres-et-table-des-matie\u0300res.pdf&#038;download=true&#038;print=&#038;openfile=false\"><\/iframe>\r\n            <\/div>\r\n\t    <\/div>\r\n        \n\n\t\t<style>\r\n            #h5vp69f338359d52d iframe {  width: 100%; }#h5vp69f338359d867 iframe {  width: 100%; }        <\/style>\r\n        \t    <div id=\"h5vp69f338359d867\" class=\"pdfp_wrapper\">\r\n                        <div class=\"cta_wrapper\">\r\n                \t            <p><a class=\"fullscreenBtn\" href=\"https:\/\/editionsdudetour.com\/wp-content\/plugins\/pdf-poster\/pdfjs\/web\/viewer.html?file=http:\/\/editionsdudetour.com\/wp-content\/uploads\/2021\/12\/La-Commune-extrait.pdf&#038;download=true&#038;print=&#038;openfile=false\"><button>View Fullscreen<\/button><\/a><\/p>\r\n            <\/div>\r\n            <div class=\"iframe_wrapper\">\r\n                <iframe loading=\"lazy\" width=\"100%\" height=\"1122px\" src=\"https:\/\/editionsdudetour.com\/wp-content\/plugins\/pdf-poster\/pdfjs\/web\/viewer.html?file=http:\/\/editionsdudetour.com\/wp-content\/uploads\/2021\/12\/La-Commune-extrait.pdf&#038;download=true&#038;print=&#038;openfile=false\"><\/iframe>\r\n            <\/div>\r\n\t    <\/div>\r\n        ","protected":false},"excerpt":{"rendered":"<p>Le Malheur d\u2019\u00eatre jeune Paul Vaillant-CouturierPr\u00e9sentation par Danielle Tartakowsky En 1935, au plus fort de la grande crise \u00e9conomique de l\u2019entre-deux-guerres, Paul Vaillant-Couturier, alors r\u00e9dacteur en chef de L\u2019Humanit\u00e9, lance une grande enqu\u00eate pour recueillir la parole des jeunes. Les jeunes font alors partie des principales victimes de cette crise. Au ch\u00f4mage par dizaine de [&hellip;]<\/p>\n","protected":false},"author":1,"featured_media":0,"parent":14,"menu_order":0,"comment_status":"closed","ping_status":"closed","template":"","meta":[],"_links":{"self":[{"href":"https:\/\/editionsdudetour.com\/index.php\/wp-json\/wp\/v2\/pages\/2246"}],"collection":[{"href":"https:\/\/editionsdudetour.com\/index.php\/wp-json\/wp\/v2\/pages"}],"about":[{"href":"https:\/\/editionsdudetour.com\/index.php\/wp-json\/wp\/v2\/types\/page"}],"author":[{"embeddable":true,"href":"https:\/\/editionsdudetour.com\/index.php\/wp-json\/wp\/v2\/users\/1"}],"replies":[{"embeddable":true,"href":"https:\/\/editionsdudetour.com\/index.php\/wp-json\/wp\/v2\/comments?post=2246"}],"version-history":[{"count":15,"href":"https:\/\/editionsdudetour.com\/index.php\/wp-json\/wp\/v2\/pages\/2246\/revisions"}],"predecessor-version":[{"id":4783,"href":"https:\/\/editionsdudetour.com\/index.php\/wp-json\/wp\/v2\/pages\/2246\/revisions\/4783"}],"up":[{"embeddable":true,"href":"https:\/\/editionsdudetour.com\/index.php\/wp-json\/wp\/v2\/pages\/14"}],"wp:attachment":[{"href":"https:\/\/editionsdudetour.com\/index.php\/wp-json\/wp\/v2\/media?parent=2246"}],"curies":[{"name":"wp","href":"https:\/\/api.w.org\/{rel}","templated":true}]}}

<h1><a href="http://editionsdudetour.com/index.php/les-livres/le-malheur-detre-jeune/le-malheur-detre-jeune-couverture-bat/" rel="attachment wp-att-3120"><img loading="lazy" class="wp-image-3120 alignleft" src="http://editionsdudetour.com/wp-content/uploads/2022/05/Le-Malheur-detre-jeune-–-Couverture-BAT-683x1024.jpg" alt="" width="203" height="304" srcset="https://editionsdudetour.com/wp-content/uploads/2022/05/Le-Malheur-detre-jeune-–-Couverture-BAT-683x1024.jpg 683w, https://editionsdudetour.com/wp-content/uploads/2022/05/Le-Malheur-detre-jeune-–-Couverture-BAT-200x300.jpg 200w, https://editionsdudetour.com/wp-content/uploads/2022/05/Le-Malheur-detre-jeune-–-Couverture-BAT-768x1152.jpg 768w, https://editionsdudetour.com/wp-content/uploads/2022/05/Le-Malheur-detre-jeune-–-Couverture-BAT-1024x1536.jpg 1024w, https://editionsdudetour.com/wp-content/uploads/2022/05/Le-Malheur-detre-jeune-–-Couverture-BAT-1365x2048.jpg 1365w, https://editionsdudetour.com/wp-content/uploads/2022/05/Le-Malheur-detre-jeune-–-Couverture-BAT-624x936.jpg 624w, https://editionsdudetour.com/wp-content/uploads/2022/05/Le-Malheur-detre-jeune-–-Couverture-BAT-1320x1980.jpg 1320w, https://editionsdudetour.com/wp-content/uploads/2022/05/Le-Malheur-detre-jeune-–-Couverture-BAT-scaled.jpg 1707w" sizes="(max-width: 203px) 100vw, 203px" /></a>Le Malheur d’être jeune</h1>
<h3><span style="color: #993300; font-size: 14pt;">Paul Vaillant-Couturier<br></span><span style="color: #000000;">Présentation par Danielle Tartakowsky</span></h3>
<p><span style="color: #993300;"><strong>En 1935</strong></span>, au plus fort de la grande crise économique de l’entre-deux-guerres, Paul Vaillant-Couturier, alors rédacteur en chef de <em>L’Humanité</em>, lance une grande enquête pour recueillir la parole des jeunes.</p>
<p>Les jeunes font alors partie des principales victimes de cette crise. Au chômage par dizaine de milliers, ayant dû arrêter leurs études quand leurs parents ont perdu leur revenus. Ceux qui travaillent ne sont guère mieux lotis : la crise économique autorise les patrons à fragiliser leurs statuts, baisser les salaires et les précariser tous les jours un peu plus.</p>
<p>Paul Vaillant-Couturier reçoit des lettres de tous les milieux : hommes, femmes, ouvriers, diplômés, jeunes fonctionnaires, travailleurs immigrés, venus des villes ou des campagnes&#8230;</p>
<p>La lucidité et la dignité des témoignages, la bienveillance de l’auteur font de ce livre —  qui eut un fort retentissement à sa parution — un document historique passionnant. Et surtout il résonne fortement avec notre époque, où les jeunes font à nouveau face à ces fléaux.</p>
<p>Écrivain, homme politique et journaliste, <strong><span style="color: #993300;">Paul Vaillant-Couturier</span></strong> (1892-1937) a participé à la création du Parti communiste français. Maire de Villefuif, député, il fut un des acteurs majeurs de la lutte antifasciste puis du front populaire.</p>
<p><span style="color: #993300;"><strong>Danielle Tartakowsky</strong></span> est spécialiste de l’histoire sociale et politique de la France du XX<sup>e</sup> siècle, et plus spécifiquement de l’histoire des mouvements sociaux.</p>
<table>
<tbody>
<tr>
<td>Parution : 4 novembre 2021</td>
</tr>
<tr>
<td>Genre : essai</td>
</tr>
<tr>
<td>21,90 €</td>
</tr>
<tr>
<td>296 pages, broché, rabats</td>
</tr>
<tr>
<td>Format : 16 X 24 cm</td>
</tr>
<tr>
<td>ISBN : 979-10-97079-90-1</td>
</tr>
</tbody>
</table>


<h1> </h1>
<h1><span style="color: #993300;">Premiers chapitres et table des matières</span></h1>
<p> </p>


		<style>
            #h5vp69f338359d52d iframe {  width: 100%; }        </style>
        	    <div id="h5vp69f338359d52d" class="pdfp_wrapper">
                        <div class="cta_wrapper">
                	            <p><a class="fullscreenBtn" href="https://editionsdudetour.com/wp-content/plugins/pdf-poster/pdfjs/web/viewer.html?file=http://editionsdudetour.com/wp-content/uploads/2020/08/Le-Malheur-dêtre-jeune-Premiers-chapitres-et-table-des-matières.pdf&#038;download=true&#038;print=&#038;openfile=false"><button>View Fullscreen</button></a></p>
            </div>
            <div class="iframe_wrapper">
                <iframe loading="lazy" width="100%" height="1122px" src="https://editionsdudetour.com/wp-content/plugins/pdf-poster/pdfjs/web/viewer.html?file=http://editionsdudetour.com/wp-content/uploads/2020/08/Le-Malheur-dêtre-jeune-Premiers-chapitres-et-table-des-matières.pdf&#038;download=true&#038;print=&#038;openfile=false"></iframe>
            </div>
	    </div>
        

		<style>
            #h5vp69f338359d52d iframe {  width: 100%; }#h5vp69f338359d867 iframe {  width: 100%; }        </style>
        	    <div id="h5vp69f338359d867" class="pdfp_wrapper">
                        <div class="cta_wrapper">
                	            <p><a class="fullscreenBtn" href="https://editionsdudetour.com/wp-content/plugins/pdf-poster/pdfjs/web/viewer.html?file=http://editionsdudetour.com/wp-content/uploads/2021/12/La-Commune-extrait.pdf&#038;download=true&#038;print=&#038;openfile=false"><button>View Fullscreen</button></a></p>
            </div>
            <div class="iframe_wrapper">
                <iframe loading="lazy" width="100%" height="1122px" src="https://editionsdudetour.com/wp-content/plugins/pdf-poster/pdfjs/web/viewer.html?file=http://editionsdudetour.com/wp-content/uploads/2021/12/La-Commune-extrait.pdf&#038;download=true&#038;print=&#038;openfile=false"></iframe>
            </div>
	    </div>

<p>Le Malheur d’être jeune Paul Vaillant-CouturierPrésentation par Danielle Tartakowsky En 1935, au plus fort de la grande crise économique de l’entre-deux-guerres, Paul Vaillant-Couturier, alors rédacteur en chef de L’Humanité, lance une grande enquête pour recueillir la parole des jeunes. Les jeunes font alors partie des principales victimes de cette crise. Au chômage par dizaine de [&hellip;]</p>
