{"id":2176,"date":"2021-08-17T17:10:16","date_gmt":"2021-08-17T15:10:16","guid":{"rendered":"http:\/\/editionsdudetour.com\/?page_id=2176"},"modified":"2025-04-14T16:44:04","modified_gmt":"2025-04-14T14:44:04","slug":"collection-maurice-rajsfus","status":"publish","type":"page","link":"https:\/\/editionsdudetour.com\/index.php\/collection-maurice-rajsfus\/","title":{"rendered":"Collection Maurice Rajsfus"},"content":{"rendered":"\n<h1>Collection \u00ab Maurice Rajsfus \u00bb<\/h1>\n\n\n\n<h3>Avec l\u2019<a href=\"https:\/\/www.mauricerajsfus.org\/\" target=\"_blank\" rel=\"noreferrer noopener\">Association des ami\u2022e\u2022s de Maurice Rajsfus<\/a><\/h3>\n\n\n\n<div class=\"wp-block-media-text alignwide is-stacked-on-mobile\" style=\"grid-template-columns:34% auto\"><figure class=\"wp-block-media-text__media\"><img loading=\"lazy\" width=\"362\" height=\"531\" src=\"http:\/\/editionsdudetour.com\/wp-content\/uploads\/2021\/04\/Rajsfus.jpg\" alt=\"\" class=\"wp-image-2100\" srcset=\"https:\/\/editionsdudetour.com\/wp-content\/uploads\/2021\/04\/Rajsfus.jpg 362w, https:\/\/editionsdudetour.com\/wp-content\/uploads\/2021\/04\/Rajsfus-205x300.jpg 205w\" sizes=\"(max-width: 362px) 100vw, 362px\" \/><\/figure><div class=\"wp-block-media-text__content\">\n<p class=\"has-normal-font-size\"><em>C\u2019est un homme acharn\u00e9, il en faudrait des centaines.<br><\/em>Pierre Vidal-Naquet<em><br><strong>\u2014<\/strong><br>Pour notre g\u00e9n\u00e9ration, il fut un passeur, l\u2019\u00e9claireur.<br><\/em>David Dufresne<em><br><strong>\u2014<\/strong><br>Il met en \u00e9vidence, avec courage et t\u00e9nacit\u00e9, ce qu\u2019impose dans l\u2019histoire et au pr\u00e9sent la violence des pouvoirs dominants&nbsp;: le colonialisme, les forces de l\u2019ordre et l\u2019h\u00e9g\u00e9monie de cet ordre \u00e9tabli.<br><\/em>Ludivine Bantigny<\/p>\n<\/div><\/div>\n\n\n\n<p>\u00c9crivain, journaliste, militant et historien de la r\u00e9pression, <span style=\"color:#7f0002\" class=\"tadv-color\">Maurice Rajsf<\/span><span style=\"color:#a30003\" class=\"tadv-color\">us<\/span> (1928-2020) laisse une \u0153uvre importante. Le 16\u202fjuillet 1942, \u00e0 quatorze ans, il est arr\u00eat\u00e9 par la police fran\u00e7aise, avec sa s\u0153ur et ses parents, lors de la rafle du V\u00e9l d\u2019Hiv. L\u2019un des deux policiers qui vient les arr\u00eater est un ancien voisin de palier. Les deux enfants sont finalement lib\u00e9r\u00e9s apr\u00e8s une s\u00e9rie d\u2019ordres et de contrordres ; ils ne reverront jamais leurs parents.<\/p>\n\n\n\n<p>Maurice Rajsfus n\u2019a cess\u00e9, jusqu\u2019\u00e0 sa mort en juin\u202f2020, de surveiller cette police au pass\u00e9 trop pr\u00e9sent, sans remords et sans m\u00e9moire. \u00c0 ses yeux, un fil historique relie la police de Vichy, celle du massacre du m\u00e9tro Charonne en 1962, celle qui mutile les Gilets jaunes, et celle qui tue, parfois, dans les quartiers populaires.<\/p>\n\n\n\n<p>D\u2019abord membre du Parti communiste, dont il est exclu en 1946, puis de la IV<sup>e<\/sup>&nbsp;internationale, dans les ann\u00e9es 1950, il milite au sein du groupe Socialisme ou Barbarie de Claude Lefort et Cornelius Castoriadis. Il cofonde, en 1990, puis dirige le r\u00e9seau Ras l\u2019front dans le but de combattre le Front national et ses id\u00e9es. En 1994, il cr\u00e9e l\u2019Observatoire des libert\u00e9s publiques, qui tient \u00e0 jour, dans son bulletin mensuel <em>Que fait la police&nbsp;?<\/em>, la collection des violences polici\u00e8res.<\/p>\n\n\n\n<p>Il est l\u2019auteur de plus de 60\u202flivres, dont une vingtaine consacr\u00e9e \u00e0 la r\u00e9pression sous toutes ses formes, sur la p\u00e9riode de Vichy et de l\u2019Occupation, ainsi que sur Isra\u00ebl et la Palestine. Les \u00c9ditions du D\u00e9tour sont heureuses de rendre \u00e0 nouveau disponibles ses livres majeurs.<\/p>\n\n\n\n<div class=\"wp-block-media-text alignwide has-media-on-the-right is-stacked-on-mobile\" style=\"grid-template-columns:auto 25%\"><figure class=\"wp-block-media-text__media\"><a href=\"http:\/\/editionsdudetour.com\/wp-content\/uploads\/2025\/04\/flyer-rajsfus-avec-jeudi-noir-1.png\"><img loading=\"lazy\" width=\"791\" height=\"1024\" src=\"https:\/\/editionsdudetour.com\/wp-content\/uploads\/2025\/04\/flyer-rajsfus-avec-jeudi-noir-1-791x1024.png\" alt=\"\" class=\"wp-image-5242\" srcset=\"https:\/\/editionsdudetour.com\/wp-content\/uploads\/2025\/04\/flyer-rajsfus-avec-jeudi-noir-1-791x1024.png 791w, https:\/\/editionsdudetour.com\/wp-content\/uploads\/2025\/04\/flyer-rajsfus-avec-jeudi-noir-1-232x300.png 232w, https:\/\/editionsdudetour.com\/wp-content\/uploads\/2025\/04\/flyer-rajsfus-avec-jeudi-noir-1-768x994.png 768w, https:\/\/editionsdudetour.com\/wp-content\/uploads\/2025\/04\/flyer-rajsfus-avec-jeudi-noir-1-624x808.png 624w, https:\/\/editionsdudetour.com\/wp-content\/uploads\/2025\/04\/flyer-rajsfus-avec-jeudi-noir-1.png 927w\" sizes=\"(max-width: 791px) 100vw, 791px\" \/><\/a><\/figure><div class=\"wp-block-media-text__content\">\n<p class=\"has-text-align-right has-normal-font-size\">T\u00e9l\u00e9chargez le flyer de la collection<\/p>\n\n\n\n<p class=\"has-text-align-right has-normal-font-size\">et faites conna\u00eetre le travail de Maurice Rajsfus<\/p>\n<\/div><\/div>\n\n\n\n<p>Disponibles en librairie :<\/p>\n\n\n\n<ul><li><em><a href=\"http:\/\/editionsdudetour.com\/index.php\/les-livres\/1953-un-14-juillet-sanglant\/\">1953, un 14 juillet sanglant<\/a><\/em>, pr\u00e9face de Ludivine Bantigny, postface de Jean-Luc Einaudi<\/li><li><em><a href=\"http:\/\/editionsdudetour.com\/index.php\/2958-2\/\">L&rsquo;An prochain la r\u00e9volution &#8211; Les communistes juifs immigr\u00e9s dans la tourmente stalinienne (1930-19<\/a><a href=\"http:\/\/editionsdudetour.com\/index.php\/a-paraitre\/\">45)<\/a><\/em>, pr\u00e9face d&rsquo;Olivier Besancenot<\/li><li><em style=\"font-size: 1rem;\"><a href=\"http:\/\/editionsdudetour.com\/index.php\/les-livres\/drancy\/\">Drancy, un camp de concentration tr\u00e8s ordinaire<\/a><\/em><\/li><li><em><a href=\"http:\/\/editionsdudetour.com\/index.php\/une-enfance-laique-et-republicaine\/\">Une Enfance la\u00efque et r\u00e9publicaine<\/a><\/em>, pr\u00e9face de G\u00e9rard Delteil.<\/li><li><em><a href=\"http:\/\/editionsdudetour.com\/index.php\/les-livres\/des-juifs-dans-la-collaboration\/\">Des Juifs dans la Collaboration &#8211; L&rsquo;Ugif 1941-1944<\/a><\/em>, pr\u00e9face de Pierre Vidal-Naquet<\/li><li><em><a href=\"http:\/\/editionsdudetour.com\/index.php\/les-livres\/operation-etoile-jaune\/\">Op\u00e9ration \u00e9toile jaune<\/a><\/em><\/li><li><em><a href=\"http:\/\/editionsdudetour.com\/index.php\/les-livres\/paris-1942\/\">Paris, 1942 &#8211; Chroniques d&rsquo;un survivant<\/a><\/em><\/li><li><em><a href=\"http:\/\/editionsdudetour.com\/index.php\/le-piege-des-ardennes-1941-1944\/\">Le Pi\u00e8ge des Ardennes &#8211; 1941-1944<\/a><\/em>, pr\u00e9face de Jacques Lambert, postface d\u2019Annie Cyngiser.<\/li><li><em><a href=\"http:\/\/editionsdudetour.com\/index.php\/les-livres\/la-police-de-vichy\/\" data-type=\"page\" data-id=\"2138\">La Police de Vichy<\/a><\/em>, pr\u00e9face d&rsquo;Ari\u00e9 Alimi<\/li><li><em><a href=\"http:\/\/editionsdudetour.com\/index.php\/les-livres\/la-rafle-du-vel-dhiv\/\" data-type=\"page\" data-id=\"2143\">La Rafle du V\u00e9l&rsquo;d&rsquo;Hiv<\/a><\/em><\/li><li><em><a href=\"http:\/\/editionsdudetour.com\/index.php\/les-livres\/quand-jetais-juif\/\">Quand j\u2019\u00e9tais Juif<\/a><\/em>, pr\u00e9face d\u2019Alain Brossat<\/li><li><em><a href=\"https:\/\/editionsdudetour.com\/index.php\/jeudi-noir\/\" data-type=\"URL\" data-id=\"https:\/\/editionsdudetour.com\/index.php\/jeudi-noir\/\" target=\"_blank\" rel=\"noreferrer noopener\">Jeudi noir<\/a><\/em>, pr\u00e9face de Laurent Joly<\/li><\/ul>\n\n\n\n<h2>D\u00e9couvrez le travail pionnier de Maurice Rajsfus autour de la collaboration de l&rsquo;\u00c9tat fran\u00e7ais. <a href=\"http:\/\/editionsdudetour.com\/wp-content\/uploads\/2025\/04\/bon-de-commande-collection-rajsfus.pdf\">T\u00e9l\u00e9chargez la plaquette de la collection<\/a>.<\/h2>\n\n\n\n<div class=\"wp-block-algori-pdf-viewer-block-algori-pdf-viewer\"><iframe class=\"wp-block-algori-pdf-viewer-block-algori-pdf-viewer-iframe\" src=\"https:\/\/editionsdudetour.com\/wp-content\/plugins\/algori-pdf-viewer\/dist\/web\/viewer.html?file=https%3A%2F%2Feditionsdudetour.com%2Fwp-content%2Fuploads%2F2025%2F04%2Fbon-de-commande-collection-rajsfus-1.pdf\" style=\"width:600px;height:300px\"><\/iframe><\/div>\n\n\n\n<p style=\"font-weight: 400;\">\u00a0<\/p>\n<hr \/>\n<p style=\"font-weight: 400;\">\u00c0 l\u2019occasion de la comm\u00e9moration des 80 ans de l\u2019imposition de l\u2019\u00e9toile jaune en France et de la rafle du V\u00e9l d\u2019Hiv, nous vous proposons de d\u00e9couvrir un texte in\u00e9dit \u00e9crit par Maurice Rajsfus, il y a 5 ans, pour la 75<sup>e <\/sup>comm\u00e9moration de ces \u00e9v\u00e9nements.<\/p>\n<p style=\"font-weight: 400;\">Merci \u00e0 l\u2019<a href=\"https:\/\/www.mauricerajsfus.org\/\">Association des ami-es de Maurice Rajsfus<\/a> de nous avoir fait d\u00e9couvrir ce texte. Vous trouverez \u00e9galement sur leur site de nombreuses informations sur le travail de l&rsquo;historien et le calendrier des actions de l&rsquo;association.<\/p>\n<p>\u00a9 Maurice Rajsfus<\/p>\n\n\n\n<h2><\/h2>\n\n\n\t\t<style>\r\n            #h5vp69e2ba1047698 iframe {  width: 100%; }        <\/style>\r\n        \t    <div id=\"h5vp69e2ba1047698\" class=\"pdfp_wrapper\">\r\n                        <div class=\"cta_wrapper\">\r\n                \t            <p><a class=\"fullscreenBtn\" href=\"https:\/\/editionsdudetour.com\/wp-content\/plugins\/pdf-poster\/pdfjs\/web\/viewer.html?file=http:\/\/editionsdudetour.com\/wp-content\/uploads\/2020\/08\/letoile-jaune-et-la-rafle-du-vel-dhiv.pdf&#038;download=true&#038;print=&#038;openfile=false\"><button>View Fullscreen<\/button><\/a><\/p>\r\n            <\/div>\r\n            <div class=\"iframe_wrapper\">\r\n                <iframe loading=\"lazy\" width=\"100%\" height=\"1122px\" src=\"https:\/\/editionsdudetour.com\/wp-content\/plugins\/pdf-poster\/pdfjs\/web\/viewer.html?file=http:\/\/editionsdudetour.com\/wp-content\/uploads\/2020\/08\/letoile-jaune-et-la-rafle-du-vel-dhiv.pdf&#038;download=true&#038;print=&#038;openfile=false\"><\/iframe>\r\n            <\/div>\r\n\t    <\/div>\r\n        ","protected":false},"excerpt":{"rendered":"<p>Collection \u00ab Maurice Rajsfus \u00bb Avec l\u2019Association des ami\u2022e\u2022s de Maurice Rajsfus C\u2019est un homme acharn\u00e9, il en faudrait des centaines.Pierre Vidal-Naquet\u2014Pour notre g\u00e9n\u00e9ration, il fut un passeur, l\u2019\u00e9claireur.David Dufresne\u2014Il met en \u00e9vidence, avec courage et t\u00e9nacit\u00e9, ce qu\u2019impose dans l\u2019histoire et au pr\u00e9sent la violence des pouvoirs dominants&nbsp;: le colonialisme, les forces de l\u2019ordre [&hellip;]<\/p>\n","protected":false},"author":1,"featured_media":0,"parent":0,"menu_order":0,"comment_status":"closed","ping_status":"closed","template":"","meta":[],"_links":{"self":[{"href":"https:\/\/editionsdudetour.com\/index.php\/wp-json\/wp\/v2\/pages\/2176"}],"collection":[{"href":"https:\/\/editionsdudetour.com\/index.php\/wp-json\/wp\/v2\/pages"}],"about":[{"href":"https:\/\/editionsdudetour.com\/index.php\/wp-json\/wp\/v2\/types\/page"}],"author":[{"embeddable":true,"href":"https:\/\/editionsdudetour.com\/index.php\/wp-json\/wp\/v2\/users\/1"}],"replies":[{"embeddable":true,"href":"https:\/\/editionsdudetour.com\/index.php\/wp-json\/wp\/v2\/comments?post=2176"}],"version-history":[{"count":38,"href":"https:\/\/editionsdudetour.com\/index.php\/wp-json\/wp\/v2\/pages\/2176\/revisions"}],"predecessor-version":[{"id":5342,"href":"https:\/\/editionsdudetour.com\/index.php\/wp-json\/wp\/v2\/pages\/2176\/revisions\/5342"}],"wp:attachment":[{"href":"https:\/\/editionsdudetour.com\/index.php\/wp-json\/wp\/v2\/media?parent=2176"}],"curies":[{"name":"wp","href":"https:\/\/api.w.org\/{rel}","templated":true}]}}