{"id":2141,"date":"2021-06-19T09:24:31","date_gmt":"2021-06-19T07:24:31","guid":{"rendered":"http:\/\/editionsdudetour.com\/?page_id=2141"},"modified":"2025-02-14T15:41:44","modified_gmt":"2025-02-14T14:41:44","slug":"des-juifs-dans-la-collaboration","status":"publish","type":"page","link":"https:\/\/editionsdudetour.com\/index.php\/les-livres\/des-juifs-dans-la-collaboration\/","title":{"rendered":""},"content":{"rendered":"\n<h1><a href=\"http:\/\/editionsdudetour.com\/wp-content\/uploads\/2021\/04\/Des-Juifs-dans-la-Collaboration.jpg\"><img loading=\"lazy\" class=\"wp-image-2091 alignleft\" src=\"http:\/\/editionsdudetour.com\/wp-content\/uploads\/2021\/04\/Des-Juifs-dans-la-Collaboration-683x1024.jpg\" alt=\"\" width=\"187\" height=\"280\" srcset=\"https:\/\/editionsdudetour.com\/wp-content\/uploads\/2021\/04\/Des-Juifs-dans-la-Collaboration-683x1024.jpg 683w, https:\/\/editionsdudetour.com\/wp-content\/uploads\/2021\/04\/Des-Juifs-dans-la-Collaboration-200x300.jpg 200w, https:\/\/editionsdudetour.com\/wp-content\/uploads\/2021\/04\/Des-Juifs-dans-la-Collaboration-768x1152.jpg 768w, https:\/\/editionsdudetour.com\/wp-content\/uploads\/2021\/04\/Des-Juifs-dans-la-Collaboration-624x936.jpg 624w, https:\/\/editionsdudetour.com\/wp-content\/uploads\/2021\/04\/Des-Juifs-dans-la-Collaboration.jpg 945w\" sizes=\"(max-width: 187px) 100vw, 187px\" \/><\/a>Des Juifs dans la Collaboration<\/h1>\n<h2>L\u2019Ugif (1941-1944)<\/h2>\n<h3>Maurice Rajsfus<br><span style=\"color: #000000;\">Pr\u00e9face de Pierre Vidal-Naquet<\/span> <br><br><\/h3>\n<p>De 1941 \u00e0 1944 des notables juifs, dans l\u2019espoir de prot\u00e9ger les Juifs fran\u00e7ais, ont facilit\u00e9 les basses \u0153uvres des nazis et de la police de Vichy.<\/p>\n<p>De 1941 \u00e0 1944, certains notables juifs fran\u00e7ais ont servi la politique de Vichy et ont facilit\u00e9 la politique d\u2019extermination. Ce lourd dossier sur l\u2019Ugif (Union g\u00e9n\u00e9rale des Isra\u00e9lites de France) montre comment ces notables \u00ab bienfaisants&nbsp;\u00bb particip\u00e8rent \u00e0 la mise en place d\u2019une organisation qui permis l\u2019intensification de la r\u00e9pression antijuive.<\/p>\n<p>Au nom de la politique du moindre mal, les dirigeants de l\u2019Ugif ont accept\u00e9 les lois racistes et appliqu\u00e9 les directives de Vichy. Cette politique dont le but essentiel \u00e9tait d\u2019\u00e9viter que la r\u00e9pression ne frappe les Juifs fran\u00e7ais, permettra, dans un premier temps, d\u2019isoler les Juifs \u00e9trangers et de mieux les d\u00e9signer aux coups des nazis et de la police. Cette attitude ira jusqu\u2019\u00e0 la collaboration active, pour certains, sans pour autant prot\u00e9ger les principaux dirigeants de cette organisation qui seront, \u00e0 leur tour, arr\u00eat\u00e9s et d\u00e9port\u00e9s.<\/p>\n<p><strong><span style=\"color: #993300;\">Maurice Rajsfus<\/span><\/strong> a \u00e9t\u00e9 le premier \u00e0 d\u00e9monter, sources \u00e0 l\u2019appui, la m\u00e9canique infernale de ce <em>Judenrat<\/em> \u00e0 la fran\u00e7aise.<\/p>\n<p>La premi\u00e8re \u00e9dition de ce livre est parue en 1980.<\/p>\n<p>Rescap\u00e9 de la rafle du V\u00e9l\u2019 d\u2019Hiv \u00e0 quatorze ans, historien de la r\u00e9pression polici\u00e8re <br>et militant antiautoritaire, <span style=\"color: #993300;\"><strong>Maurice Rajsfus<\/strong><\/span> (1928-2020) fut l\u2019auteur de plus de 60 ouvrages, dont, sur la m\u00eame p\u00e9riode et aux \u00e9ditions du D\u00e9tour <em>La Police de Vichy<\/em> et <em>La Rafle du V\u00e9l\u2019 d\u2019Hiv.<\/em><\/p>\n<p><strong><span style=\"color: #993300;\">Pierre Vidal-Naquet<\/span><\/strong> (1930-2006) fut un historien engag\u00e9 contre le colonialisme, les totalitarismes et le n\u00e9gationnisme.<\/p>\n<table width=\"623\">\n<tbody>\n<tr>\n<td>Parution : 6 mai 2021<\/td>\n<\/tr>\n<tr>\n<td>Genre : essai<\/td>\n<\/tr>\n<tr>\n<td>Domaine : Histoire<\/td>\n<\/tr>\n<tr>\n<td>Livre 24,90 \u20ac, ePub 16,99 \u20ac<\/td>\n<\/tr>\n<tr>\n<td>488 pages, noir<\/td>\n<\/tr>\n<tr>\n<td>Format : 16 x 24 cm, broch\u00e9, rabats<\/td>\n<\/tr>\n<tr>\n<td>ISBN : 979-10-97079-75-8<\/td>\n<\/tr>\n<\/tbody>\n<\/table>\n<p>&nbsp;<\/p>\n\n\n\n<p><\/p>\n\n\n\n<h3>Pr\u00e9face de Pierre Vidal-Naquet et table des mati\u00e8res<\/h3>\n<p>\u00a0<\/p>\n\n\n\t\t<style>\r\n            #h5vp69f74c8e1fd37 iframe {  width: 100%; }        <\/style>\r\n        \t    <div id=\"h5vp69f74c8e1fd37\" class=\"pdfp_wrapper\">\r\n                        <div class=\"cta_wrapper\">\r\n                \t            <p><a class=\"fullscreenBtn\" href=\"https:\/\/editionsdudetour.com\/wp-content\/plugins\/pdf-poster\/pdfjs\/web\/viewer.html?file=http:\/\/editionsdudetour.com\/wp-content\/uploads\/2020\/08\/Des-Juifs-dans-la-Collaboration-\u2013-pour-site.pdf&#038;download=true&#038;print=&#038;openfile=false\"><button>View Fullscreen<\/button><\/a><\/p>\r\n            <\/div>\r\n            <div class=\"iframe_wrapper\">\r\n                <iframe loading=\"lazy\" width=\"100%\" height=\"1122px\" src=\"https:\/\/editionsdudetour.com\/wp-content\/plugins\/pdf-poster\/pdfjs\/web\/viewer.html?file=http:\/\/editionsdudetour.com\/wp-content\/uploads\/2020\/08\/Des-Juifs-dans-la-Collaboration-\u2013-pour-site.pdf&#038;download=true&#038;print=&#038;openfile=false\"><\/iframe>\r\n            <\/div>\r\n\t    <\/div>\r\n        ","protected":false},"excerpt":{"rendered":"<p>Des Juifs dans la Collaboration L\u2019Ugif (1941-1944) Maurice RajsfusPr\u00e9face de Pierre Vidal-Naquet De 1941 \u00e0 1944 des notables juifs, dans l\u2019espoir de prot\u00e9ger les Juifs fran\u00e7ais, ont facilit\u00e9 les basses \u0153uvres des nazis et de la police de Vichy. De 1941 \u00e0 1944, certains notables juifs fran\u00e7ais ont servi la politique de Vichy et ont [&hellip;]<\/p>\n","protected":false},"author":2,"featured_media":0,"parent":14,"menu_order":0,"comment_status":"closed","ping_status":"closed","template":"","meta":[],"_links":{"self":[{"href":"https:\/\/editionsdudetour.com\/index.php\/wp-json\/wp\/v2\/pages\/2141"}],"collection":[{"href":"https:\/\/editionsdudetour.com\/index.php\/wp-json\/wp\/v2\/pages"}],"about":[{"href":"https:\/\/editionsdudetour.com\/index.php\/wp-json\/wp\/v2\/types\/page"}],"author":[{"embeddable":true,"href":"https:\/\/editionsdudetour.com\/index.php\/wp-json\/wp\/v2\/users\/2"}],"replies":[{"embeddable":true,"href":"https:\/\/editionsdudetour.com\/index.php\/wp-json\/wp\/v2\/comments?post=2141"}],"version-history":[{"count":8,"href":"https:\/\/editionsdudetour.com\/index.php\/wp-json\/wp\/v2\/pages\/2141\/revisions"}],"predecessor-version":[{"id":4787,"href":"https:\/\/editionsdudetour.com\/index.php\/wp-json\/wp\/v2\/pages\/2141\/revisions\/4787"}],"up":[{"embeddable":true,"href":"https:\/\/editionsdudetour.com\/index.php\/wp-json\/wp\/v2\/pages\/14"}],"wp:attachment":[{"href":"https:\/\/editionsdudetour.com\/index.php\/wp-json\/wp\/v2\/media?parent=2141"}],"curies":[{"name":"wp","href":"https:\/\/api.w.org\/{rel}","templated":true}]}}

<h1><a href="http://editionsdudetour.com/wp-content/uploads/2021/04/Des-Juifs-dans-la-Collaboration.jpg"><img loading="lazy" class="wp-image-2091 alignleft" src="http://editionsdudetour.com/wp-content/uploads/2021/04/Des-Juifs-dans-la-Collaboration-683x1024.jpg" alt="" width="187" height="280" srcset="https://editionsdudetour.com/wp-content/uploads/2021/04/Des-Juifs-dans-la-Collaboration-683x1024.jpg 683w, https://editionsdudetour.com/wp-content/uploads/2021/04/Des-Juifs-dans-la-Collaboration-200x300.jpg 200w, https://editionsdudetour.com/wp-content/uploads/2021/04/Des-Juifs-dans-la-Collaboration-768x1152.jpg 768w, https://editionsdudetour.com/wp-content/uploads/2021/04/Des-Juifs-dans-la-Collaboration-624x936.jpg 624w, https://editionsdudetour.com/wp-content/uploads/2021/04/Des-Juifs-dans-la-Collaboration.jpg 945w" sizes="(max-width: 187px) 100vw, 187px" /></a>Des Juifs dans la Collaboration</h1>
<h2>L’Ugif (1941-1944)</h2>
<h3>Maurice Rajsfus<br><span style="color: #000000;">Préface de Pierre Vidal-Naquet</span> <br><br></h3>
<p>De 1941 à 1944 des notables juifs, dans l’espoir de protéger les Juifs français, ont facilité les basses œuvres des nazis et de la police de Vichy.</p>
<p>De 1941 à 1944, certains notables juifs français ont servi la politique de Vichy et ont facilité la politique d’extermination. Ce lourd dossier sur l’Ugif (Union générale des Israélites de France) montre comment ces notables « bienfaisants&nbsp;» participèrent à la mise en place d’une organisation qui permis l’intensification de la répression antijuive.</p>
<p>Au nom de la politique du moindre mal, les dirigeants de l’Ugif ont accepté les lois racistes et appliqué les directives de Vichy. Cette politique dont le but essentiel était d’éviter que la répression ne frappe les Juifs français, permettra, dans un premier temps, d’isoler les Juifs étrangers et de mieux les désigner aux coups des nazis et de la police. Cette attitude ira jusqu’à la collaboration active, pour certains, sans pour autant protéger les principaux dirigeants de cette organisation qui seront, à leur tour, arrêtés et déportés.</p>
<p><strong><span style="color: #993300;">Maurice Rajsfus</span></strong> a été le premier à démonter, sources à l’appui, la mécanique infernale de ce <em>Judenrat</em> à la française.</p>
<p>La première édition de ce livre est parue en 1980.</p>
<p>Rescapé de la rafle du Vél’ d’Hiv à quatorze ans, historien de la répression policière <br>et militant antiautoritaire, <span style="color: #993300;"><strong>Maurice Rajsfus</strong></span> (1928-2020) fut l’auteur de plus de 60 ouvrages, dont, sur la même période et aux éditions du Détour <em>La Police de Vichy</em> et <em>La Rafle du Vél’ d’Hiv.</em></p>
<p><strong><span style="color: #993300;">Pierre Vidal-Naquet</span></strong> (1930-2006) fut un historien engagé contre le colonialisme, les totalitarismes et le négationnisme.</p>
<table width="623">
<tbody>
<tr>
<td>Parution : 6 mai 2021</td>
</tr>
<tr>
<td>Genre : essai</td>
</tr>
<tr>
<td>Domaine : Histoire</td>
</tr>
<tr>
<td>Livre 24,90 €, ePub 16,99 €</td>
</tr>
<tr>
<td>488 pages, noir</td>
</tr>
<tr>
<td>Format : 16 x 24 cm, broché, rabats</td>
</tr>
<tr>
<td>ISBN : 979-10-97079-75-8</td>
</tr>
</tbody>
</table>
<p>&nbsp;</p>



<p></p>



<h3>Préface de Pierre Vidal-Naquet et table des matières</h3>
<p> </p>


		<style>
            #h5vp69f74c8e1fd37 iframe {  width: 100%; }        </style>
        	    <div id="h5vp69f74c8e1fd37" class="pdfp_wrapper">
                        <div class="cta_wrapper">
                	            <p><a class="fullscreenBtn" href="https://editionsdudetour.com/wp-content/plugins/pdf-poster/pdfjs/web/viewer.html?file=http://editionsdudetour.com/wp-content/uploads/2020/08/Des-Juifs-dans-la-Collaboration-–-pour-site.pdf&#038;download=true&#038;print=&#038;openfile=false"><button>View Fullscreen</button></a></p>
            </div>
            <div class="iframe_wrapper">
                <iframe loading="lazy" width="100%" height="1122px" src="https://editionsdudetour.com/wp-content/plugins/pdf-poster/pdfjs/web/viewer.html?file=http://editionsdudetour.com/wp-content/uploads/2020/08/Des-Juifs-dans-la-Collaboration-–-pour-site.pdf&#038;download=true&#038;print=&#038;openfile=false"></iframe>
            </div>
	    </div>

<p>Des Juifs dans la Collaboration L’Ugif (1941-1944) Maurice RajsfusPréface de Pierre Vidal-Naquet De 1941 à 1944 des notables juifs, dans l’espoir de protéger les Juifs français, ont facilité les basses œuvres des nazis et de la police de Vichy. De 1941 à 1944, certains notables juifs français ont servi la politique de Vichy et ont [&hellip;]</p>
