{"id":2138,"date":"2021-06-19T09:22:33","date_gmt":"2021-06-19T07:22:33","guid":{"rendered":"http:\/\/editionsdudetour.com\/?page_id=2138"},"modified":"2025-02-14T15:41:44","modified_gmt":"2025-02-14T14:41:44","slug":"la-police-de-vichy","status":"publish","type":"page","link":"https:\/\/editionsdudetour.com\/index.php\/les-livres\/la-police-de-vichy\/","title":{"rendered":""},"content":{"rendered":"\n<h1 style=\"text-align: left;\"><a href=\"http:\/\/editionsdudetour.com\/wp-content\/uploads\/2021\/04\/La-Police-de-Vichy.jpg\"><img loading=\"lazy\" class=\"wp-image-2089 alignleft\" src=\"http:\/\/editionsdudetour.com\/wp-content\/uploads\/2021\/04\/La-Police-de-Vichy-683x1024.jpg\" alt=\"\" width=\"187\" height=\"280\" srcset=\"https:\/\/editionsdudetour.com\/wp-content\/uploads\/2021\/04\/La-Police-de-Vichy-683x1024.jpg 683w, https:\/\/editionsdudetour.com\/wp-content\/uploads\/2021\/04\/La-Police-de-Vichy-200x300.jpg 200w, https:\/\/editionsdudetour.com\/wp-content\/uploads\/2021\/04\/La-Police-de-Vichy-768x1152.jpg 768w, https:\/\/editionsdudetour.com\/wp-content\/uploads\/2021\/04\/La-Police-de-Vichy-624x936.jpg 624w, https:\/\/editionsdudetour.com\/wp-content\/uploads\/2021\/04\/La-Police-de-Vichy.jpg 945w\" sizes=\"(max-width: 187px) 100vw, 187px\" \/><\/a>La Police de Vichy<\/h1>\n<h2>Les forces de l\u2019ordre fran\u00e7aises au service de la Gestapo (1940-1944)<\/h2>\n<h3>Maurice Rajsfus<br><span style=\"color: #000000;\">Pr\u00e9face d&rsquo;Ari\u00e9 Alimi<\/span><\/h3>\n<p>Entre 1940 et 1944 plus de 200&nbsp;000 personnes ont \u00e9t\u00e9 d\u00e9port\u00e9es apr\u00e8s leur arrestation par la police fran\u00e7aise.<\/p>\n<p>Ce livre montre, gr\u00e2ce \u00e0 des t\u00e9moignages et de nombreuses pi\u00e8ces d\u2019archives, comment l\u2019appareil policier fran\u00e7ais s\u2019adapta aux nouvelles conditions dict\u00e9es par l\u2019Occupation et \u00e0 la collaboration avec la Gestapo. Comment se comport\u00e8rent les policiers, \u00e0 tous les stades de la hi\u00e9rarchie durant ces quatre ann\u00e9es terribles. Comment, la plupart des membres des forces de l\u2019ordre all\u00e8rent, de leur propre chef, bien au-del\u00e0 des ordres de Vichy, satisfaire les autorit\u00e9s d\u2019Occupation.<\/p>\n<p>\u00ab<em>&nbsp;<\/em>Livrer aux nazis des Juifs immigr\u00e9s, des communistes, des gaullistes ou des francs-ma\u00e7ons, ne leur semblait pas particuli\u00e8rement d\u00e9lictueux. Ils contribuaient simplement \u00e0 \u201cnettoyer\u201d la France et se faisaient sans doute une haute id\u00e9e de la qualit\u00e9 de leur intervention.<em>&nbsp;<\/em>\u00bb<\/p>\n<p>En septembre et octobre 1944, gu\u00e8re plus de 3<em>&nbsp;<\/em>% de ces policiers seront momentan\u00e9ment \u00e9cart\u00e9s de la \u00ab<em>&nbsp;<\/em>Grande Maison<em>&nbsp;<\/em>\u00bb.<\/p>\n<p>La premi\u00e8re \u00e9dition de ce livre est parue en 1995.<\/p>\n<p>Rescap\u00e9 de la rafle du V\u00e9l\u2019 d\u2019Hiv \u00e0 quatorze ans, historien de la r\u00e9pression polici\u00e8re et militant antiautoritaire, <span style=\"color: #993300;\"><strong>Maurice Rajsfus<\/strong><\/span> (1928-2020) fut l\u2019auteur de plus de 60 ouvrages, dont, sur la m\u00eame p\u00e9riode et aux \u00e9ditions du D\u00e9tour, <em>Des Juifs dans la Collaboration et La Rafle du Vel d\u2019Hiv.<\/em><\/p>\n<p><strong><span style=\"color: #993300;\">Ari\u00e9 Alimi<\/span><\/strong> est un avocat p\u00e9naliste. Il d\u00e9fend de nombreuses victimes de violences polici\u00e8res et est membre de la Ligue des droits de l\u2019Homme. Il est l\u2019auteur de <em>Le Coup d\u2019\u00e9tat d\u2019urgence. Surveillance, r\u00e9pression et libert\u00e9s<\/em> (Le Seuil, 2021).<\/p>\n<table width=\"623\">\n<tbody>\n<tr>\n<td>Parution : 6 mai 2021<\/td>\n<\/tr>\n<tr>\n<td>Genre : essai<\/td>\n<\/tr>\n<tr>\n<td>Domaine : Histoire<\/td>\n<\/tr>\n<tr>\n<td>Livre 21,90 \u20ac, ePub 14,99 \u20ac<\/td>\n<\/tr>\n<tr>\n<td>368 pages, noir<\/td>\n<\/tr>\n<tr>\n<td>Format : 16 x 24 cm, broch\u00e9, rabats<\/td>\n<\/tr>\n<tr>\n<td>ISBN : 979-10-97079-73-4<\/td>\n<\/tr>\n<\/tbody>\n<\/table>\n\n\n\n<h3>\u00a0<\/h3>\n<h3>Pr\u00e9face d&rsquo;Ari\u00e9 Alimi et table des mati\u00e8res<\/h3>\n<p>\u00a0<\/p>\n\n\n\n<p><\/p>\n\n\n\t\t<style>\r\n            #h5vp69ef754d5600a iframe {  width: 100%; }        <\/style>\r\n        \t    <div id=\"h5vp69ef754d5600a\" class=\"pdfp_wrapper\">\r\n                        <div class=\"cta_wrapper\">\r\n                \t            <p><a class=\"fullscreenBtn\" href=\"https:\/\/editionsdudetour.com\/wp-content\/plugins\/pdf-poster\/pdfjs\/web\/viewer.html?file=http:\/\/editionsdudetour.com\/wp-content\/uploads\/2020\/08\/La-police-de-Vichy-\u2013-pour-site.pdf&#038;download=true&#038;print=&#038;openfile=false\"><button>View Fullscreen<\/button><\/a><\/p>\r\n            <\/div>\r\n            <div class=\"iframe_wrapper\">\r\n                <iframe loading=\"lazy\" width=\"100%\" height=\"1122px\" src=\"https:\/\/editionsdudetour.com\/wp-content\/plugins\/pdf-poster\/pdfjs\/web\/viewer.html?file=http:\/\/editionsdudetour.com\/wp-content\/uploads\/2020\/08\/La-police-de-Vichy-\u2013-pour-site.pdf&#038;download=true&#038;print=&#038;openfile=false\"><\/iframe>\r\n            <\/div>\r\n\t    <\/div>\r\n        ","protected":false},"excerpt":{"rendered":"<p>La Police de Vichy Les forces de l\u2019ordre fran\u00e7aises au service de la Gestapo (1940-1944) Maurice RajsfusPr\u00e9face d&rsquo;Ari\u00e9 Alimi Entre 1940 et 1944 plus de 200&nbsp;000 personnes ont \u00e9t\u00e9 d\u00e9port\u00e9es apr\u00e8s leur arrestation par la police fran\u00e7aise. Ce livre montre, gr\u00e2ce \u00e0 des t\u00e9moignages et de nombreuses pi\u00e8ces d\u2019archives, comment l\u2019appareil policier fran\u00e7ais s\u2019adapta aux [&hellip;]<\/p>\n","protected":false},"author":2,"featured_media":0,"parent":14,"menu_order":0,"comment_status":"closed","ping_status":"closed","template":"","meta":[],"_links":{"self":[{"href":"https:\/\/editionsdudetour.com\/index.php\/wp-json\/wp\/v2\/pages\/2138"}],"collection":[{"href":"https:\/\/editionsdudetour.com\/index.php\/wp-json\/wp\/v2\/pages"}],"about":[{"href":"https:\/\/editionsdudetour.com\/index.php\/wp-json\/wp\/v2\/types\/page"}],"author":[{"embeddable":true,"href":"https:\/\/editionsdudetour.com\/index.php\/wp-json\/wp\/v2\/users\/2"}],"replies":[{"embeddable":true,"href":"https:\/\/editionsdudetour.com\/index.php\/wp-json\/wp\/v2\/comments?post=2138"}],"version-history":[{"count":8,"href":"https:\/\/editionsdudetour.com\/index.php\/wp-json\/wp\/v2\/pages\/2138\/revisions"}],"predecessor-version":[{"id":4786,"href":"https:\/\/editionsdudetour.com\/index.php\/wp-json\/wp\/v2\/pages\/2138\/revisions\/4786"}],"up":[{"embeddable":true,"href":"https:\/\/editionsdudetour.com\/index.php\/wp-json\/wp\/v2\/pages\/14"}],"wp:attachment":[{"href":"https:\/\/editionsdudetour.com\/index.php\/wp-json\/wp\/v2\/media?parent=2138"}],"curies":[{"name":"wp","href":"https:\/\/api.w.org\/{rel}","templated":true}]}}

<h1 style="text-align: left;"><a href="http://editionsdudetour.com/wp-content/uploads/2021/04/La-Police-de-Vichy.jpg"><img loading="lazy" class="wp-image-2089 alignleft" src="http://editionsdudetour.com/wp-content/uploads/2021/04/La-Police-de-Vichy-683x1024.jpg" alt="" width="187" height="280" srcset="https://editionsdudetour.com/wp-content/uploads/2021/04/La-Police-de-Vichy-683x1024.jpg 683w, https://editionsdudetour.com/wp-content/uploads/2021/04/La-Police-de-Vichy-200x300.jpg 200w, https://editionsdudetour.com/wp-content/uploads/2021/04/La-Police-de-Vichy-768x1152.jpg 768w, https://editionsdudetour.com/wp-content/uploads/2021/04/La-Police-de-Vichy-624x936.jpg 624w, https://editionsdudetour.com/wp-content/uploads/2021/04/La-Police-de-Vichy.jpg 945w" sizes="(max-width: 187px) 100vw, 187px" /></a>La Police de Vichy</h1>
<h2>Les forces de l’ordre françaises au service de la Gestapo (1940-1944)</h2>
<h3>Maurice Rajsfus<br><span style="color: #000000;">Préface d&rsquo;Arié Alimi</span></h3>
<p>Entre 1940 et 1944 plus de 200&nbsp;000 personnes ont été déportées après leur arrestation par la police française.</p>
<p>Ce livre montre, grâce à des témoignages et de nombreuses pièces d’archives, comment l’appareil policier français s’adapta aux nouvelles conditions dictées par l’Occupation et à la collaboration avec la Gestapo. Comment se comportèrent les policiers, à tous les stades de la hiérarchie durant ces quatre années terribles. Comment, la plupart des membres des forces de l’ordre allèrent, de leur propre chef, bien au-delà des ordres de Vichy, satisfaire les autorités d’Occupation.</p>
<p>«<em>&nbsp;</em>Livrer aux nazis des Juifs immigrés, des communistes, des gaullistes ou des francs-maçons, ne leur semblait pas particulièrement délictueux. Ils contribuaient simplement à “nettoyer” la France et se faisaient sans doute une haute idée de la qualité de leur intervention.<em>&nbsp;</em>»</p>
<p>En septembre et octobre 1944, guère plus de 3<em>&nbsp;</em>% de ces policiers seront momentanément écartés de la «<em>&nbsp;</em>Grande Maison<em>&nbsp;</em>».</p>
<p>La première édition de ce livre est parue en 1995.</p>
<p>Rescapé de la rafle du Vél’ d’Hiv à quatorze ans, historien de la répression policière et militant antiautoritaire, <span style="color: #993300;"><strong>Maurice Rajsfus</strong></span> (1928-2020) fut l’auteur de plus de 60 ouvrages, dont, sur la même période et aux éditions du Détour, <em>Des Juifs dans la Collaboration et La Rafle du Vel d’Hiv.</em></p>
<p><strong><span style="color: #993300;">Arié Alimi</span></strong> est un avocat pénaliste. Il défend de nombreuses victimes de violences policières et est membre de la Ligue des droits de l’Homme. Il est l’auteur de <em>Le Coup d’état d’urgence. Surveillance, répression et libertés</em> (Le Seuil, 2021).</p>
<table width="623">
<tbody>
<tr>
<td>Parution : 6 mai 2021</td>
</tr>
<tr>
<td>Genre : essai</td>
</tr>
<tr>
<td>Domaine : Histoire</td>
</tr>
<tr>
<td>Livre 21,90 €, ePub 14,99 €</td>
</tr>
<tr>
<td>368 pages, noir</td>
</tr>
<tr>
<td>Format : 16 x 24 cm, broché, rabats</td>
</tr>
<tr>
<td>ISBN : 979-10-97079-73-4</td>
</tr>
</tbody>
</table>



<h3> </h3>
<h3>Préface d&rsquo;Arié Alimi et table des matières</h3>
<p> </p>



<p></p>


		<style>
            #h5vp69ef754d5600a iframe {  width: 100%; }        </style>
        	    <div id="h5vp69ef754d5600a" class="pdfp_wrapper">
                        <div class="cta_wrapper">
                	            <p><a class="fullscreenBtn" href="https://editionsdudetour.com/wp-content/plugins/pdf-poster/pdfjs/web/viewer.html?file=http://editionsdudetour.com/wp-content/uploads/2020/08/La-police-de-Vichy-–-pour-site.pdf&#038;download=true&#038;print=&#038;openfile=false"><button>View Fullscreen</button></a></p>
            </div>
            <div class="iframe_wrapper">
                <iframe loading="lazy" width="100%" height="1122px" src="https://editionsdudetour.com/wp-content/plugins/pdf-poster/pdfjs/web/viewer.html?file=http://editionsdudetour.com/wp-content/uploads/2020/08/La-police-de-Vichy-–-pour-site.pdf&#038;download=true&#038;print=&#038;openfile=false"></iframe>
            </div>
	    </div>

<p>La Police de Vichy Les forces de l’ordre françaises au service de la Gestapo (1940-1944) Maurice RajsfusPréface d&rsquo;Arié Alimi Entre 1940 et 1944 plus de 200&nbsp;000 personnes ont été déportées après leur arrestation par la police française. Ce livre montre, grâce à des témoignages et de nombreuses pièces d’archives, comment l’appareil policier français s’adapta aux [&hellip;]</p>
