{"id":2024,"date":"2021-03-16T20:48:25","date_gmt":"2021-03-16T19:48:25","guid":{"rendered":"http:\/\/editionsdudetour.com\/?page_id=2024"},"modified":"2025-02-14T15:41:44","modified_gmt":"2025-02-14T14:41:44","slug":"derriere-la-grande-porte-une-annee-a-henri-iv","status":"publish","type":"page","link":"https:\/\/editionsdudetour.com\/index.php\/les-livres\/derriere-la-grande-porte-une-annee-a-henri-iv\/","title":{"rendered":""},"content":{"rendered":"\n<h1><a href=\"http:\/\/editionsdudetour.com\/wp-content\/uploads\/2020\/08\/Derrie\u0300re-la-grande-porte-\u2013-Couverture-scaled.jpg\"><img loading=\"lazy\" class=\"wp-image-1983 alignleft\" src=\"http:\/\/editionsdudetour.com\/wp-content\/uploads\/2020\/08\/Derrie\u0300re-la-grande-porte-\u2013-Couverture-651x1024.jpeg\" alt=\"\" width=\"193\" height=\"304\" srcset=\"https:\/\/editionsdudetour.com\/wp-content\/uploads\/2020\/08\/Derrie\u0300re-la-grande-porte-\u2013-Couverture-651x1024.jpeg 651w, https:\/\/editionsdudetour.com\/wp-content\/uploads\/2020\/08\/Derrie\u0300re-la-grande-porte-\u2013-Couverture-191x300.jpeg 191w, https:\/\/editionsdudetour.com\/wp-content\/uploads\/2020\/08\/Derrie\u0300re-la-grande-porte-\u2013-Couverture-768x1208.jpeg 768w, https:\/\/editionsdudetour.com\/wp-content\/uploads\/2020\/08\/Derrie\u0300re-la-grande-porte-\u2013-Couverture-624x981.jpeg 624w, https:\/\/editionsdudetour.com\/wp-content\/uploads\/2020\/08\/Derrie\u0300re-la-grande-porte-\u2013-Couverture.jpeg 814w\" sizes=\"(max-width: 193px) 100vw, 193px\" \/><\/a><\/h1>\n<h1>Derri\u00e8re la grande porte :<br \/>une ann\u00e9e \u00e0 Henri-IV<\/h1>\n<h3><span style=\"color: #993300;\">Sarah Pochon<\/span><\/h3>\n<p>Le r\u00e9cit d\u2019un an d\u2019enqu\u00eate sur le \u00ab meilleur lyc\u00e9e de France\u00a0\u00bb, le lyc\u00e9e Henri-IV \u00e0 Paris.<\/p>\n<p>Log\u00e9 sur la montagne Sainte-Genevi\u00e8ve au c\u0153ur du Beau Paris, dans un monument historique o\u00f9 ont fait leurs classes les plus prestigieux des Fran\u00e7ais, le lyc\u00e9e Henri-IV fait r\u00eaver plus d\u2019une famille. Public et donc gratuit, sur dossier et donc ouvert \u00e0 toute la France, chacun peut y postuler et b\u00e9n\u00e9ficier de ce tremplin pour une belle carri\u00e8re, assur\u00e9e ou presque aux anciens \u00e9l\u00e8ves d\u2019\u00ab H4\u00a0\u00bb.<\/p>\n<p>Le lyc\u00e9e se voit souvent reprocher d\u2019\u00eatre une \u00ab zone d\u2019\u00e9ducation privil\u00e9gi\u00e9e \u00bb, \u00e9tablissement d\u2019exception b\u00e9n\u00e9ficiant du droit peu d\u00e9mocratique de choisir ses \u00e9l\u00e8ves, trop riches, trop blancs, trop \u00e9duqu\u00e9s d\u00e9j\u00e0. M\u00eame si le clich\u00e9 n\u2019est pas faux, c\u2019est pourtant aller un peu vite en besogne\u00a0: \u00e0 Henri-IV tout le monde r\u00e9ussit, quel que soit son parcours.<\/p>\n<p>Sarah Pochon, durant une ann\u00e9e d\u2019enqu\u00eate aupr\u00e8s des \u00e9l\u00e8ves, des enseignants et des personnels, part \u00e0 la recherche de la formule magique de ce succ\u00e8s : sont-ce les professeurs, les m\u00e9thodes, les budgets, la mise en comp\u00e9tition\u00a0? Peut-on s\u2019en inspirer\u00a0? <em>Derri\u00e8re la grande porte<\/em> vient nourrir notre r\u00e9flexion sur le meilleur enseignement possible.<\/p>\n<p><span style=\"color: #993300;\"><strong>Sarah Pochon<\/strong><\/span> est socio-ethnologue au sein de l\u2019atelier Sherpas (URePSSS) \u00e0 l\u2019universit\u00e9 d\u2019Artois (\u00e0 Arras), o\u00f9 elle s\u2019est sp\u00e9cialis\u00e9e dans l\u2019enseignement de l\u2019EPS \u2014 auquel elle a consacr\u00e9 sa th\u00e8se en 2019. <em>Derri\u00e8re la grande porte<\/em> est son premier livre.<\/p>\n<p>Illustration de couverture : Lo\u00efc S\u00e9cheresse.<\/p>\n<table style=\"height: 264px; width: 32.0611%;\" width=\"623\">\n<tbody>\n<tr>\n<td style=\"width: 622px;\">Parution : 18 mars 2021<\/td>\n<\/tr>\n<tr>\n<td style=\"width: 622px;\">Genre : essai<\/td>\n<\/tr>\n<tr>\n<td style=\"width: 622px;\">Domaine : Soci\u00e9t\u00e9, sociologie<\/td>\n<\/tr>\n<tr>\n<td style=\"width: 622px;\">Livre 18,90 \u20ac, ePub 13,99\u20ac<\/td>\n<\/tr>\n<tr>\n<td style=\"width: 622px;\">224 pages, noir<\/td>\n<\/tr>\n<tr>\n<td style=\"width: 622px;\">Format : 14 X 22 cm, broch\u00e9, rabats<\/td>\n<\/tr>\n<tr>\n<td style=\"width: 622px;\">ISBN : 979-10-97079-69-7<\/td>\n<\/tr>\n<\/tbody>\n<\/table>\n<h1>\u00a0<\/h1>\n<h1><span style=\"color: #993300;\"><strong>Extrait du livre<\/strong><\/span><\/h1>\n\n\n\t\t<style>\r\n            #h5vp69de4eae12d8d iframe {  width: 100%; }        <\/style>\r\n        \t    <div id=\"h5vp69de4eae12d8d\" class=\"pdfp_wrapper\">\r\n                        <div class=\"cta_wrapper\">\r\n                \t            <p><a class=\"fullscreenBtn\" href=\"https:\/\/editionsdudetour.com\/wp-content\/plugins\/pdf-poster\/pdfjs\/web\/viewer.html?file=http:\/\/editionsdudetour.com\/wp-content\/uploads\/2020\/08\/Derrie\u0300re-la-grande-porte-extrait-pour-site.pdf&#038;download=true&#038;print=&#038;openfile=false\"><button>View Fullscreen<\/button><\/a><\/p>\r\n            <\/div>\r\n            <div class=\"iframe_wrapper\">\r\n                <iframe loading=\"lazy\" width=\"100%\" height=\"1122px\" src=\"https:\/\/editionsdudetour.com\/wp-content\/plugins\/pdf-poster\/pdfjs\/web\/viewer.html?file=http:\/\/editionsdudetour.com\/wp-content\/uploads\/2020\/08\/Derrie\u0300re-la-grande-porte-extrait-pour-site.pdf&#038;download=true&#038;print=&#038;openfile=false\"><\/iframe>\r\n            <\/div>\r\n\t    <\/div>\r\n        ","protected":false},"excerpt":{"rendered":"<p>Derri\u00e8re la grande porte :une ann\u00e9e \u00e0 Henri-IV Sarah Pochon Le r\u00e9cit d\u2019un an d\u2019enqu\u00eate sur le \u00ab meilleur lyc\u00e9e de France\u00a0\u00bb, le lyc\u00e9e Henri-IV \u00e0 Paris. Log\u00e9 sur la montagne Sainte-Genevi\u00e8ve au c\u0153ur du Beau Paris, dans un monument historique o\u00f9 ont fait leurs classes les plus prestigieux des Fran\u00e7ais, le lyc\u00e9e Henri-IV fait [&hellip;]<\/p>\n","protected":false},"author":2,"featured_media":0,"parent":14,"menu_order":0,"comment_status":"closed","ping_status":"closed","template":"","meta":[],"_links":{"self":[{"href":"https:\/\/editionsdudetour.com\/index.php\/wp-json\/wp\/v2\/pages\/2024"}],"collection":[{"href":"https:\/\/editionsdudetour.com\/index.php\/wp-json\/wp\/v2\/pages"}],"about":[{"href":"https:\/\/editionsdudetour.com\/index.php\/wp-json\/wp\/v2\/types\/page"}],"author":[{"embeddable":true,"href":"https:\/\/editionsdudetour.com\/index.php\/wp-json\/wp\/v2\/users\/2"}],"replies":[{"embeddable":true,"href":"https:\/\/editionsdudetour.com\/index.php\/wp-json\/wp\/v2\/comments?post=2024"}],"version-history":[{"count":7,"href":"https:\/\/editionsdudetour.com\/index.php\/wp-json\/wp\/v2\/pages\/2024\/revisions"}],"predecessor-version":[{"id":4790,"href":"https:\/\/editionsdudetour.com\/index.php\/wp-json\/wp\/v2\/pages\/2024\/revisions\/4790"}],"up":[{"embeddable":true,"href":"https:\/\/editionsdudetour.com\/index.php\/wp-json\/wp\/v2\/pages\/14"}],"wp:attachment":[{"href":"https:\/\/editionsdudetour.com\/index.php\/wp-json\/wp\/v2\/media?parent=2024"}],"curies":[{"name":"wp","href":"https:\/\/api.w.org\/{rel}","templated":true}]}}