{"id":1945,"date":"2021-01-14T10:19:15","date_gmt":"2021-01-14T09:19:15","guid":{"rendered":"http:\/\/editionsdudetour.com\/?page_id=1945"},"modified":"2021-12-13T20:31:15","modified_gmt":"2021-12-13T19:31:15","slug":"2024-les-jeux-olympiques-nont-pas-eu-lieu","status":"publish","type":"page","link":"https:\/\/editionsdudetour.com\/index.php\/2024-les-jeux-olympiques-nont-pas-eu-lieu\/","title":{"rendered":"2024 Les Jeux olympiques n&rsquo;ont pas eu lieu"},"content":{"rendered":"\n<h1><a href=\"http:\/\/editionsdudetour.com\/wp-content\/uploads\/2020\/11\/2024-\u2013-Les-jeux-olympiques-nont-pas-eu-lieu-\u2013-Couverture-scaled.jpg\"><img loading=\"lazy\" class=\"wp-image-1913 alignleft\" src=\"http:\/\/editionsdudetour.com\/wp-content\/uploads\/2020\/11\/2024-\u2013-Les-jeux-olympiques-nont-pas-eu-lieu-\u2013-Couverture-652x1024.jpg\" alt=\"\" width=\"193\" height=\"303\" srcset=\"https:\/\/editionsdudetour.com\/wp-content\/uploads\/2020\/11\/2024-\u2013-Les-jeux-olympiques-nont-pas-eu-lieu-\u2013-Couverture-652x1024.jpg 652w, https:\/\/editionsdudetour.com\/wp-content\/uploads\/2020\/11\/2024-\u2013-Les-jeux-olympiques-nont-pas-eu-lieu-\u2013-Couverture-191x300.jpg 191w, https:\/\/editionsdudetour.com\/wp-content\/uploads\/2020\/11\/2024-\u2013-Les-jeux-olympiques-nont-pas-eu-lieu-\u2013-Couverture-768x1206.jpg 768w, https:\/\/editionsdudetour.com\/wp-content\/uploads\/2020\/11\/2024-\u2013-Les-jeux-olympiques-nont-pas-eu-lieu-\u2013-Couverture-978x1536.jpg 978w, https:\/\/editionsdudetour.com\/wp-content\/uploads\/2020\/11\/2024-\u2013-Les-jeux-olympiques-nont-pas-eu-lieu-\u2013-Couverture-1304x2048.jpg 1304w, https:\/\/editionsdudetour.com\/wp-content\/uploads\/2020\/11\/2024-\u2013-Les-jeux-olympiques-nont-pas-eu-lieu-\u2013-Couverture-624x980.jpg 624w, https:\/\/editionsdudetour.com\/wp-content\/uploads\/2020\/11\/2024-\u2013-Les-jeux-olympiques-nont-pas-eu-lieu-\u2013-Couverture-1320x2073.jpg 1320w, https:\/\/editionsdudetour.com\/wp-content\/uploads\/2020\/11\/2024-\u2013-Les-jeux-olympiques-nont-pas-eu-lieu-\u2013-Couverture-scaled.jpg 1630w\" sizes=\"(max-width: 193px) 100vw, 193px\" \/><\/a><\/h1>\n<h1>2024<br>Les Jeux olympiques n&rsquo;ont pas eu lieu<\/h1>\n<h3><span style=\"color: #993300;\">Marc Perelman<\/span><\/h3>\n<p>La France devrait accueillir les Jeux olympiques et paralympiques en 2024. Ce sera un \u00e9t\u00e9 de f\u00eate. Et pour qu\u2019il soit r\u00e9ussi, des milliers de travaux seront engag\u00e9s, des fonds \u00e9normes seront d\u00e9pens\u00e9s. Paris deviendra un parc olympique \u00e9coresponsable et les Fran\u00e7ais seront \u00ab&nbsp;tous citoyens du sport \u00bb. M\u00eame la Covid-19 sera endigu\u00e9e pour l\u2019occasion.<\/p>\n<p>Pourtant nous ne voulons pas de ces Jeux. Pas seulement parce que cette d\u00e9bauche de moyens nous inqui\u00e8te, pas seulement \u00e0 cause de ses effets collat\u00e9raux de corruption, de dopage, de pollution, pas seulement \u00e0 cause du risque pand\u00e9mique, mais aussi parce que nous refusons la soci\u00e9t\u00e9 olympis\u00e9e qu\u2019ils nous construisent.<\/p>\n<p>Marc Perelman d\u00e9cortique les documents liant le Comit\u00e9 international olympique \u00e0 ses partenaires, ainsi que la Charte olympique, et les met \u00e0 l\u2019\u00e9preuve de l\u2019organisation de \u00ab Paris 2024 \u00bb. Et non, l\u2019olympisme n\u2019est pas \u00e9cologique, il ne fait pas \u0153uvre sociale, n\u2019\u00e9duque pas, n\u2019agit pas pour la sant\u00e9 publique, ne respecte pas les territoires qu\u2019il occupe. Il n\u2019a pour horizon que la \u00ab croissance \u00bb&nbsp;: plus de records, plus de spectateurs, plus d\u2019argent.<\/p>\n<p>Nous ne sommes pas oblig\u00e9s de lui d\u00e9rouler le tapis rouge.<\/p>\n<p><span style=\"color: #993300;\"><strong>Marc Perelman<\/strong> <\/span>est architecte et enseignant-chercheur \u00e0 l\u2019Universit\u00e9 Paris-Nanterre. Il s\u2019int\u00e9resse particuli\u00e8rement au sport sur lequel il a \u00e9crit de nombreux essais, dont <em>Le Football, une peste \u00e9motionnelle<\/em> (Folio, 2006, avec Jean-Marie Brohm) et <em>Smart Stadium, le stade num\u00e9rique du spectacle sportif<\/em> (L\u2019\u00c9chapp\u00e9e 2016).<\/p>\n<table style=\"height: 264px; width: 32.0611%;\" width=\"623\">\n<tbody>\n<tr>\n<td style=\"width: 622px;\">Parution : 14 janvier 2021<\/td>\n<\/tr>\n<tr>\n<td style=\"width: 622px;\">Genre : essai<\/td>\n<\/tr>\n<tr>\n<td style=\"width: 622px;\">Domaine : politique<\/td>\n<\/tr>\n<tr>\n<td style=\"width: 622px;\">18 \u20ac<\/td>\n<\/tr>\n<tr>\n<td style=\"width: 622px;\">192 pages, noir<\/td>\n<\/tr>\n<tr>\n<td style=\"width: 622px;\">Format : 14 X 22 cm<\/td>\n<\/tr>\n<tr>\n<td style=\"width: 622px;\">ISBN : 979-10-97079-50-5<\/td>\n<\/tr>\n<\/tbody>\n<\/table>\n\n\n\n<h1>\u00a0<\/h1>\n<h1><span style=\"color: #993300;\">Extrait et table des mati\u00e8res<\/span><\/h1>\n<p>\u00a0<\/p>\n\n\n\t\t<style>\r\n            #h5vp69e3106b993e4 iframe {  width: 100%; }        <\/style>\r\n        \t    <div id=\"h5vp69e3106b993e4\" class=\"pdfp_wrapper\">\r\n                        <div class=\"cta_wrapper\">\r\n                \t            <p><a class=\"fullscreenBtn\" href=\"https:\/\/editionsdudetour.com\/wp-content\/plugins\/pdf-poster\/pdfjs\/web\/viewer.html?file=http:\/\/editionsdudetour.com\/wp-content\/uploads\/2020\/08\/Jo-pour-site.pdf&#038;download=true&#038;print=&#038;openfile=false\"><button>View Fullscreen<\/button><\/a><\/p>\r\n            <\/div>\r\n            <div class=\"iframe_wrapper\">\r\n                <iframe loading=\"lazy\" width=\"100%\" height=\"1122px\" src=\"https:\/\/editionsdudetour.com\/wp-content\/plugins\/pdf-poster\/pdfjs\/web\/viewer.html?file=http:\/\/editionsdudetour.com\/wp-content\/uploads\/2020\/08\/Jo-pour-site.pdf&#038;download=true&#038;print=&#038;openfile=false\"><\/iframe>\r\n            <\/div>\r\n\t    <\/div>\r\n        ","protected":false},"excerpt":{"rendered":"<p>2024Les Jeux olympiques n&rsquo;ont pas eu lieu Marc Perelman La France devrait accueillir les Jeux olympiques et paralympiques en 2024. Ce sera un \u00e9t\u00e9 de f\u00eate. Et pour qu\u2019il soit r\u00e9ussi, des milliers de travaux seront engag\u00e9s, des fonds \u00e9normes seront d\u00e9pens\u00e9s. Paris deviendra un parc olympique \u00e9coresponsable et les Fran\u00e7ais seront \u00ab&nbsp;tous citoyens du [&hellip;]<\/p>\n","protected":false},"author":2,"featured_media":0,"parent":0,"menu_order":0,"comment_status":"closed","ping_status":"closed","template":"","meta":[],"_links":{"self":[{"href":"https:\/\/editionsdudetour.com\/index.php\/wp-json\/wp\/v2\/pages\/1945"}],"collection":[{"href":"https:\/\/editionsdudetour.com\/index.php\/wp-json\/wp\/v2\/pages"}],"about":[{"href":"https:\/\/editionsdudetour.com\/index.php\/wp-json\/wp\/v2\/types\/page"}],"author":[{"embeddable":true,"href":"https:\/\/editionsdudetour.com\/index.php\/wp-json\/wp\/v2\/users\/2"}],"replies":[{"embeddable":true,"href":"https:\/\/editionsdudetour.com\/index.php\/wp-json\/wp\/v2\/comments?post=1945"}],"version-history":[{"count":24,"href":"https:\/\/editionsdudetour.com\/index.php\/wp-json\/wp\/v2\/pages\/1945\/revisions"}],"predecessor-version":[{"id":2704,"href":"https:\/\/editionsdudetour.com\/index.php\/wp-json\/wp\/v2\/pages\/1945\/revisions\/2704"}],"wp:attachment":[{"href":"https:\/\/editionsdudetour.com\/index.php\/wp-json\/wp\/v2\/media?parent=1945"}],"curies":[{"name":"wp","href":"https:\/\/api.w.org\/{rel}","templated":true}]}}