{"id":1747,"date":"2020-10-03T15:34:43","date_gmt":"2020-10-03T13:34:43","guid":{"rendered":"http:\/\/editionsdudetour.com\/?page_id=1747"},"modified":"2021-11-21T01:50:42","modified_gmt":"2021-11-21T00:50:42","slug":"lattente","status":"publish","type":"page","link":"https:\/\/editionsdudetour.com\/index.php\/les-livres\/lattente\/","title":{"rendered":"L&rsquo;Attente"},"content":{"rendered":"<h1><a href=\"http:\/\/editionsdudetour.com\/wp-content\/uploads\/2020\/10\/Couverture-LAttente-pop-up.jpg\"><img loading=\"lazy\" class=\"size-full wp-image-1779 alignleft\" src=\"http:\/\/editionsdudetour.com\/wp-content\/uploads\/2020\/10\/Couverture-LAttente-Livre.jpg\" alt=\"\" width=\"195\" height=\"296\" \/><\/a>L\u2019Attente<\/h1>\n<h2>Dans les camps des personnes d\u00e9plac\u00e9es juives, 1945-1952<\/h2>\n<h3><span style=\"color: #993300; font-size: 14pt;\">Nathalie Cau<br \/><\/span><\/h3>\n<p><strong>Pr\u00e9face d\u2019Annette Becker<\/strong><\/p>\n<p>Apr\u00e8s l\u2019\u00e9t\u00e9 1945, un million de \u00ab personnes d\u00e9plac\u00e9es \u00bb, parmi lesquelles des Juifs europ\u00e9ens survivants ou rescap\u00e9s de l\u2019extermination, furent plac\u00e9s en camps par les autorit\u00e9s internationales, dans l\u2019attente de leur trouver un refuge. Ce livre peint le portrait par eux-m\u00eames de ces \u00ab d\u00e9plac\u00e9s\u00a0\u00bb juifs, gr\u00e2ce \u00e0 l\u2019analyse de documents exceptionnels.<\/p>\n<p>Les camps ouverts par les autorit\u00e9s internationales pour h\u00e9berger les Juifs europ\u00e9ens ayant surv\u00e9cu \u00e0 l\u2019extermination ont \u00e9t\u00e9, malgr\u00e9 la cruaut\u00e9 d\u2019une attente prolong\u00e9e pendant des ann\u00e9es et la duret\u00e9 des conditions de vie, le berceau d\u2019une renaissance culturelle. Cette population h\u00e9t\u00e9rog\u00e8ne, r\u00e9unie par l\u2019impossibilit\u00e9 de retourner l\u00e0 o\u00f9 ne subsiste plus rien ni personne, a fond\u00e9 dans ces camps une soci\u00e9t\u00e9 singuli\u00e8re, derni\u00e8re expression d\u2019une culture yiddish foisonnante. L\u00e0, la langue et la repr\u00e9sentation dessinent les contours d\u2019une communaut\u00e9 nouvelle qui veut d\u00e9sormais \u00eatre reconnue comme nation destin\u00e9e \u00e0 devenir \u00c9tat en Isra\u00ebl.<\/p>\n<p>Nathalie Cau analyse des repr\u00e9sentations des d\u00e9plac\u00e9s juifs par eux-m\u00eames, de nombreux documents in\u00e9dits dont des photos exceptionnelles (th\u00e9\u00e2tre, comm\u00e9morations, f\u00eates religieuses, carnavals, \u00e9v\u00e9nements sportifs etc.). Gr\u00e2ce \u00e0 ces spectacles transmettant le r\u00e9pertoire traditionnel, racontant la destruction ou d\u00e9couvrant les bases d\u2019une vie encore \u00e0 venir, se construit peu \u00e0 peu un commun imaginaire, esth\u00e9tique et politique commun, dans l\u2019espoir d\u2019un d\u00e9part hors Europe.<\/p>\n<p>Docteure en \u00e9tudes th\u00e9\u00e2trales, attach\u00e9e au HAR (universit\u00e9 Paris-Nanterre) et associ\u00e9e au laboratoire Cogitamus, <span style=\"color: #993300;\"><strong>Nathalie Cau<\/strong><\/span> s\u2019int\u00e9resse aux questions m\u00e9morielles, esth\u00e9tiques et politiques induites par les performances.<\/p>\n<p><span style=\"color: #993300;\"><strong>Annette Becker<\/strong><\/span> est historienne, sp\u00e9cialiste des enjeux m\u00e9moriels et, en particulier, ceux li\u00e9s aux deux guerres mondiales.<\/p>\n<p>L\u2019ouvrage b\u00e9n\u00e9ficie du soutien de la Fondation pour la m\u00e9moire de la Shoah, du Centre national du livre et de l\u2019universit\u00e9 Paris 8.<\/p>\n<table>\n<tbody>\n<tr>\n<td>Parution : 15 octobre 2020<\/td>\n<\/tr>\n<tr>\n<td>Genre : essai<\/td>\n<\/tr>\n<tr>\n<td>26 \u20ac<\/td>\n<\/tr>\n<tr>\n<td>392 pages, broch\u00e9, rabats<\/td>\n<\/tr>\n<tr>\n<td>Format : 16 X 24 cm<\/td>\n<\/tr>\n<tr>\n<td>ISBN : 979-10-97079-48-2<\/td>\n<\/tr>\n<\/tbody>\n<\/table>\n\n\n<h1><span style=\"color: #993300;\">Extrait et table des mati\u00e8res<\/span><\/h1>\n\n\n\t\t<style>\r\n            #h5vp69e16f42dfd3f iframe {  width: 100%; }        <\/style>\r\n        \t    <div id=\"h5vp69e16f42dfd3f\" class=\"pdfp_wrapper\">\r\n                        <div class=\"cta_wrapper\">\r\n                \t            <p><a class=\"fullscreenBtn\" href=\"https:\/\/editionsdudetour.com\/wp-content\/plugins\/pdf-poster\/pdfjs\/web\/viewer.html?file=http:\/\/editionsdudetour.com\/wp-content\/uploads\/2020\/08\/Extrait-LAttente.pdf&#038;download=true&#038;print=&#038;openfile=false\"><button>View Fullscreen<\/button><\/a><\/p>\r\n            <\/div>\r\n            <div class=\"iframe_wrapper\">\r\n                <iframe loading=\"lazy\" width=\"100%\" height=\"1122px\" src=\"https:\/\/editionsdudetour.com\/wp-content\/plugins\/pdf-poster\/pdfjs\/web\/viewer.html?file=http:\/\/editionsdudetour.com\/wp-content\/uploads\/2020\/08\/Extrait-LAttente.pdf&#038;download=true&#038;print=&#038;openfile=false\"><\/iframe>\r\n            <\/div>\r\n\t    <\/div>\r\n        ","protected":false},"excerpt":{"rendered":"<p>L\u2019Attente Dans les camps des personnes d\u00e9plac\u00e9es juives, 1945-1952 Nathalie Cau Pr\u00e9face d\u2019Annette Becker Apr\u00e8s l\u2019\u00e9t\u00e9 1945, un million de \u00ab personnes d\u00e9plac\u00e9es \u00bb, parmi lesquelles des Juifs europ\u00e9ens survivants ou rescap\u00e9s de l\u2019extermination, furent plac\u00e9s en camps par les autorit\u00e9s internationales, dans l\u2019attente de leur trouver un refuge. Ce livre peint le portrait par [&hellip;]<\/p>\n","protected":false},"author":1,"featured_media":0,"parent":14,"menu_order":0,"comment_status":"closed","ping_status":"closed","template":"","meta":[],"_links":{"self":[{"href":"https:\/\/editionsdudetour.com\/index.php\/wp-json\/wp\/v2\/pages\/1747"}],"collection":[{"href":"https:\/\/editionsdudetour.com\/index.php\/wp-json\/wp\/v2\/pages"}],"about":[{"href":"https:\/\/editionsdudetour.com\/index.php\/wp-json\/wp\/v2\/types\/page"}],"author":[{"embeddable":true,"href":"https:\/\/editionsdudetour.com\/index.php\/wp-json\/wp\/v2\/users\/1"}],"replies":[{"embeddable":true,"href":"https:\/\/editionsdudetour.com\/index.php\/wp-json\/wp\/v2\/comments?post=1747"}],"version-history":[{"count":17,"href":"https:\/\/editionsdudetour.com\/index.php\/wp-json\/wp\/v2\/pages\/1747\/revisions"}],"predecessor-version":[{"id":2423,"href":"https:\/\/editionsdudetour.com\/index.php\/wp-json\/wp\/v2\/pages\/1747\/revisions\/2423"}],"up":[{"embeddable":true,"href":"https:\/\/editionsdudetour.com\/index.php\/wp-json\/wp\/v2\/pages\/14"}],"wp:attachment":[{"href":"https:\/\/editionsdudetour.com\/index.php\/wp-json\/wp\/v2\/media?parent=1747"}],"curies":[{"name":"wp","href":"https:\/\/api.w.org\/{rel}","templated":true}]}}