{"id":1710,"date":"2020-09-14T13:35:47","date_gmt":"2020-09-14T11:35:47","guid":{"rendered":"http:\/\/editionsdudetour.com\/?page_id=1710"},"modified":"2025-02-14T15:40:38","modified_gmt":"2025-02-14T14:40:38","slug":"corona-chroniques","status":"publish","type":"page","link":"https:\/\/editionsdudetour.com\/index.php\/les-livres\/corona-chroniques\/","title":{"rendered":""},"content":{"rendered":"\n<h1><a href=\"http:\/\/editionsdudetour.com\/wp-content\/uploads\/2020\/10\/Corona-Chroniques-pop-up.jpg\"><img loading=\"lazy\" class=\"wp-image-1765 size-full alignleft\" src=\"http:\/\/editionsdudetour.com\/wp-content\/uploads\/2020\/10\/Corona-Chroniques-Livre.jpg\" alt=\"\" width=\"211\" height=\"296\" \/><\/a>Corona Chroniques<\/h1>\n<h3><span style=\"color: #993300;\">David Dufresne<\/span><\/h3>\n<p><strong>16\u202f mars-11 mai 2020.<\/strong> Pendant les 57 jours du confinement, David Dufresne a tenu le verbatim de ses doutes et interrogations. On y retrouve l\u2019\u00e9crivain qui met en sc\u00e8ne avec talent le peuple des fen\u00eatres : voisin m\u00e9fiant, banderole militante sans propri\u00e9taire, petit gar\u00e7on fier d\u2019applaudir chaque soir, murmure de concert au loin. Mais le fil ininterrompu des nouvelles de l\u2019ext\u00e9rieur sature les journ\u00e9es et emp\u00eache de respirer, tout aussi s\u00fbrement que l\u2019enfermement : projets de lois liberticides, rumeurs d\u2019\u00e9meutes, abus de pouvoir, comportements d\u00e9lateurs, ministres perdant pied.<\/p>\n<p><em> Corona Chroniques<\/em> est une lecture intime et politique de ce qui se joue aujourd\u2019hui, et un appel \u00e0 ne pas baisser la garde face aux attaques contre nos libert\u00e9s collectives et individuelles.<\/p>\n<p><span style=\"color: #993300;\"><strong>David Dufresne<\/strong><\/span> est \u00e9crivain et documentariste. Il est l&rsquo;auteur, notamment, du roman <em>Derni\u00e8re Sommation<\/em>, Grasset, 2019 et du documentaire <em>Un Pays qui se tient sage<\/em>, 2020.<\/p>\n<p>Illustration de couverture : Quentin Faucompr\u00e9 &amp; Killoffer<\/p>\n<table style=\"width: 100%; height: 259px;\">\n<tbody>\n<tr style=\"height: 37px;\">\n<td style=\"height: 37px;\">Parution : 1<sup>er<\/sup> octobre 2020<\/td>\n<\/tr>\n<tr style=\"height: 37px;\">\n<td style=\"height: 37px;\">Genre : essai<\/td>\n<\/tr>\n<tr style=\"height: 37px;\">\n<td style=\"height: 37px;\">Domaines : document, politique<\/td>\n<\/tr>\n<tr style=\"height: 37px;\">\n<td style=\"height: 37px;\">14,90 \u20ac<\/td>\n<\/tr>\n<tr style=\"height: 37px;\">\n<td style=\"height: 37px;\">240 pages, broch\u00e9, rabats<\/td>\n<\/tr>\n<tr style=\"height: 37px;\">\n<td style=\"height: 37px;\">Format : 12,5 X 19 cm<\/td>\n<\/tr>\n<tr style=\"height: 37px;\">\n<td style=\"height: 37px;\">ISBN : 979-10-97079-64-2<\/td>\n<\/tr>\n<\/tbody>\n<\/table>\n<h1><span style=\"color: #993300;\">Extrait et table des mati\u00e8res<\/span><\/h1>\n\n\n\t\t<style>\r\n            #h5vp69f4a2d08cceb iframe {  width: 100%; }        <\/style>\r\n        \t    <div id=\"h5vp69f4a2d08cceb\" class=\"pdfp_wrapper\">\r\n                        <div class=\"cta_wrapper\">\r\n                \t            <p><a class=\"fullscreenBtn\" href=\"https:\/\/editionsdudetour.com\/wp-content\/plugins\/pdf-poster\/pdfjs\/web\/viewer.html?file=http:\/\/editionsdudetour.com\/wp-content\/uploads\/2020\/08\/David-Dufresne-\u2013-Corona-chroniques-Extrait.pdf&#038;download=true&#038;print=&#038;openfile=false\"><button>View Fullscreen<\/button><\/a><\/p>\r\n            <\/div>\r\n            <div class=\"iframe_wrapper\">\r\n                <iframe loading=\"lazy\" width=\"100%\" height=\"1122px\" src=\"https:\/\/editionsdudetour.com\/wp-content\/plugins\/pdf-poster\/pdfjs\/web\/viewer.html?file=http:\/\/editionsdudetour.com\/wp-content\/uploads\/2020\/08\/David-Dufresne-\u2013-Corona-chroniques-Extrait.pdf&#038;download=true&#038;print=&#038;openfile=false\"><\/iframe>\r\n            <\/div>\r\n\t    <\/div>\r\n        ","protected":false},"excerpt":{"rendered":"<p>Corona Chroniques David Dufresne 16\u202f mars-11 mai 2020. Pendant les 57 jours du confinement, David Dufresne a tenu le verbatim de ses doutes et interrogations. On y retrouve l\u2019\u00e9crivain qui met en sc\u00e8ne avec talent le peuple des fen\u00eatres : voisin m\u00e9fiant, banderole militante sans propri\u00e9taire, petit gar\u00e7on fier d\u2019applaudir chaque soir, murmure de concert [&hellip;]<\/p>\n","protected":false},"author":2,"featured_media":0,"parent":14,"menu_order":0,"comment_status":"closed","ping_status":"closed","template":"","meta":[],"_links":{"self":[{"href":"https:\/\/editionsdudetour.com\/index.php\/wp-json\/wp\/v2\/pages\/1710"}],"collection":[{"href":"https:\/\/editionsdudetour.com\/index.php\/wp-json\/wp\/v2\/pages"}],"about":[{"href":"https:\/\/editionsdudetour.com\/index.php\/wp-json\/wp\/v2\/types\/page"}],"author":[{"embeddable":true,"href":"https:\/\/editionsdudetour.com\/index.php\/wp-json\/wp\/v2\/users\/2"}],"replies":[{"embeddable":true,"href":"https:\/\/editionsdudetour.com\/index.php\/wp-json\/wp\/v2\/comments?post=1710"}],"version-history":[{"count":12,"href":"https:\/\/editionsdudetour.com\/index.php\/wp-json\/wp\/v2\/pages\/1710\/revisions"}],"predecessor-version":[{"id":4792,"href":"https:\/\/editionsdudetour.com\/index.php\/wp-json\/wp\/v2\/pages\/1710\/revisions\/4792"}],"up":[{"embeddable":true,"href":"https:\/\/editionsdudetour.com\/index.php\/wp-json\/wp\/v2\/pages\/14"}],"wp:attachment":[{"href":"https:\/\/editionsdudetour.com\/index.php\/wp-json\/wp\/v2\/media?parent=1710"}],"curies":[{"name":"wp","href":"https:\/\/api.w.org\/{rel}","templated":true}]}}