{"id":1418,"date":"2020-03-13T09:27:59","date_gmt":"2020-03-13T08:27:59","guid":{"rendered":"http:\/\/editionsdudetour.com\/?page_id=1418"},"modified":"2025-02-14T15:41:44","modified_gmt":"2025-02-14T14:41:44","slug":"les-bleus-et-la-coupe","status":"publish","type":"page","link":"https:\/\/editionsdudetour.com\/index.php\/les-livres\/les-bleus-et-la-coupe\/","title":{"rendered":""},"content":{"rendered":"\n<h1><a href=\"http:\/\/editionsdudetour.com\/wp-content\/uploads\/2020\/02\/Couverture-les-Bleus-et-la-Coupe.jpg\" data-type=\"URL\" data-id=\"http:\/\/editionsdudetour.com\/wp-content\/uploads\/2020\/02\/Couverture-les-Bleus-et-la-Coupe.jpg\"><img loading=\"lazy\" class=\"wp-image-1091 size-medium alignleft\" src=\"http:\/\/editionsdudetour.com\/wp-content\/uploads\/2020\/02\/Couverture-les-Bleus-et-la-Coupe-624x997.jpg\" alt=\"\" width=\"200\" height=\"300\"><\/a><\/h1>\n\n\n\n<h1>Les Bleus et la Coupe<\/h1>\n\n\n\n<h2><em>de Kopa \u00e0 Mbapp\u00e9<\/em><\/h2>\n\n\n\n<h3><span style=\"color: #993300; font-size: 14pt;\">Fran\u00e7ois da Rocha Carneiro<\/span><\/h3>\n\n\n\n<p>L\u2019histoire des Bleus depuis la Seconde Guerre mondiale en 4 \u00e9quipes et plus de 30 matchs<br>mythiques.<\/p>\n\n\n\n<p>Si l\u2019\u00e9quipe de France na\u00eet en 1904, c\u2019est en 1958 avec la Coupe du monde en Su\u00e8de que, pour la 1<sup>re<\/sup> fois, la France brille dans une comp\u00e9tition internationale. La 3<sup>e<\/sup> place des co\u00e9quipiers de Raymond Kopa et de Just Fontaine est le m\u00e8tre-\u00e9talon des \u00e9quipes qui vont lui succ\u00e9der. Il faut cependant attendre 1982 pour que l\u2019\u00e9quipe de Michel Hidalgo et de Michel Platini atteigne, elle aussi, les demi-finales, o\u00f9 sa d\u00e9faite contre l\u2019Allemagne, \u00e0 S\u00e9ville, fait figure de trag\u00e9die nationale. C\u2019est \u00e0 domicile, en 1998, que l\u2019\u00e9quipe d\u2019Aim\u00e9 Jacquet et de Zinedine Zidane remporte son premier titre mondial dans une immense ferveur populaire. Vingt ans plus tard, celle de Didier Deschamps et de Kylian Mbapp\u00e9 inscrit une seconde \u00e9toile sur le maillot des bleus.<\/p>\n\n\n\n<p>L\u2019historien Fran\u00e7ois da Rocha Carneiro analyse comment sont b\u00e2ties, sur plusieurs ann\u00e9es, les \u00e9quipes de France qui ont marqu\u00e9 le football hexagonal. Il se penche sur les parcours individuels et collectifs des joueurs et des entra\u00eeneurs, \u00e9tudie aussi l\u2019environnement institutionnel, politique et m\u00e9diatique de ces comp\u00e9titions sous haute tension : il s\u2019agit de comprendre pourquoi ces hommes, \u00e0 cet endroit, cette ann\u00e9e-l\u00e0, ont ramen\u00e9 (ou pas) \u00ab la Coupe \u00e0 la maison \u00bb. Vous n\u2019aurez jamais vu ces matchs comme \u00e7a.<\/p>\n\n\n\n<p>Docteur en histoire contemporaine, <span style=\"color: #993300;\"><strong>Fran\u00e7ois da Rocha Carneiro<\/strong><\/span> (atelier SHERPAS, Universit\u00e9 d\u2019Artois) est sp\u00e9cialiste de l\u2019\u00e9quipe de France de football, dont il \u00e9tudie les matchs et les joueurs depuis sa cr\u00e9ation en 1904. Il est l\u2019auteur d\u2019une th\u00e8se intitul\u00e9e <em>Les Joueurs de l\u2019\u00e9quipe de France de football, construction<\/em><em> d\u2019une \u00e9lite sportive, 1904-2012.<\/em><\/p>\n\n\n\n<figure class=\"wp-block-table\"><table><tbody><tr><td>Parution : 12 mars 2020<\/td><\/tr><tr><td>Genre : essai<\/td><\/tr><tr><td>18,90 \u20ac<\/td><\/tr><tr><td>224 pages, broch\u00e9, rabats<\/td><\/tr><tr><td>Format : 14 X 22 cm<\/td><\/tr><tr><td>ISBN : 979-10-97079-51-2<\/td><\/tr><\/tbody><\/table><\/figure>\n\n\n\n<h1 class=\"has-text-align-left has-text-color\" style=\"color:#a30003\">Extrait et table des mati\u00e8res<\/h1>\n\n\n\t\t<style>\r\n            #h5vp69f0cc0ec1fa3 iframe {  width: 100%; }        <\/style>\r\n        \t    <div id=\"h5vp69f0cc0ec1fa3\" class=\"pdfp_wrapper\">\r\n                        <div class=\"cta_wrapper\">\r\n                \t            <p><a class=\"fullscreenBtn\" href=\"https:\/\/editionsdudetour.com\/wp-content\/plugins\/pdf-poster\/pdfjs\/web\/viewer.html?file=http:\/\/editionsdudetour.com\/wp-content\/uploads\/2020\/08\/Extrait-et-table-des-matie\u0300res-Les-Bleus-et-la-Coupe.pdf&#038;download=true&#038;print=&#038;openfile=false\"><button>View Fullscreen<\/button><\/a><\/p>\r\n            <\/div>\r\n            <div class=\"iframe_wrapper\">\r\n                <iframe loading=\"lazy\" width=\"100%\" height=\"1122px\" src=\"https:\/\/editionsdudetour.com\/wp-content\/plugins\/pdf-poster\/pdfjs\/web\/viewer.html?file=http:\/\/editionsdudetour.com\/wp-content\/uploads\/2020\/08\/Extrait-et-table-des-matie\u0300res-Les-Bleus-et-la-Coupe.pdf&#038;download=true&#038;print=&#038;openfile=false\"><\/iframe>\r\n            <\/div>\r\n\t    <\/div>\r\n        ","protected":false},"excerpt":{"rendered":"<p>Les Bleus et la Coupe de Kopa \u00e0 Mbapp\u00e9 Fran\u00e7ois da Rocha Carneiro L\u2019histoire des Bleus depuis la Seconde Guerre mondiale en 4 \u00e9quipes et plus de 30 matchsmythiques. Si l\u2019\u00e9quipe de France na\u00eet en 1904, c\u2019est en 1958 avec la Coupe du monde en Su\u00e8de que, pour la 1re fois, la France brille dans [&hellip;]<\/p>\n","protected":false},"author":1,"featured_media":0,"parent":14,"menu_order":0,"comment_status":"closed","ping_status":"closed","template":"","meta":[],"_links":{"self":[{"href":"https:\/\/editionsdudetour.com\/index.php\/wp-json\/wp\/v2\/pages\/1418"}],"collection":[{"href":"https:\/\/editionsdudetour.com\/index.php\/wp-json\/wp\/v2\/pages"}],"about":[{"href":"https:\/\/editionsdudetour.com\/index.php\/wp-json\/wp\/v2\/types\/page"}],"author":[{"embeddable":true,"href":"https:\/\/editionsdudetour.com\/index.php\/wp-json\/wp\/v2\/users\/1"}],"replies":[{"embeddable":true,"href":"https:\/\/editionsdudetour.com\/index.php\/wp-json\/wp\/v2\/comments?post=1418"}],"version-history":[{"count":18,"href":"https:\/\/editionsdudetour.com\/index.php\/wp-json\/wp\/v2\/pages\/1418\/revisions"}],"predecessor-version":[{"id":4794,"href":"https:\/\/editionsdudetour.com\/index.php\/wp-json\/wp\/v2\/pages\/1418\/revisions\/4794"}],"up":[{"embeddable":true,"href":"https:\/\/editionsdudetour.com\/index.php\/wp-json\/wp\/v2\/pages\/14"}],"wp:attachment":[{"href":"https:\/\/editionsdudetour.com\/index.php\/wp-json\/wp\/v2\/media?parent=1418"}],"curies":[{"name":"wp","href":"https:\/\/api.w.org\/{rel}","templated":true}]}}

<h1><a href="http://editionsdudetour.com/wp-content/uploads/2020/02/Couverture-les-Bleus-et-la-Coupe.jpg" data-type="URL" data-id="http://editionsdudetour.com/wp-content/uploads/2020/02/Couverture-les-Bleus-et-la-Coupe.jpg"><img loading="lazy" class="wp-image-1091 size-medium alignleft" src="http://editionsdudetour.com/wp-content/uploads/2020/02/Couverture-les-Bleus-et-la-Coupe-624x997.jpg" alt="" width="200" height="300"></a></h1>



<h1>Les Bleus et la Coupe</h1>



<h2><em>de Kopa à Mbappé</em></h2>



<h3><span style="color: #993300; font-size: 14pt;">François da Rocha Carneiro</span></h3>



<p>L’histoire des Bleus depuis la Seconde Guerre mondiale en 4 équipes et plus de 30 matchs<br>mythiques.</p>



<p>Si l’équipe de France naît en 1904, c’est en 1958 avec la Coupe du monde en Suède que, pour la 1<sup>re</sup> fois, la France brille dans une compétition internationale. La 3<sup>e</sup> place des coéquipiers de Raymond Kopa et de Just Fontaine est le mètre-étalon des équipes qui vont lui succéder. Il faut cependant attendre 1982 pour que l’équipe de Michel Hidalgo et de Michel Platini atteigne, elle aussi, les demi-finales, où sa défaite contre l’Allemagne, à Séville, fait figure de tragédie nationale. C’est à domicile, en 1998, que l’équipe d’Aimé Jacquet et de Zinedine Zidane remporte son premier titre mondial dans une immense ferveur populaire. Vingt ans plus tard, celle de Didier Deschamps et de Kylian Mbappé inscrit une seconde étoile sur le maillot des bleus.</p>



<p>L’historien François da Rocha Carneiro analyse comment sont bâties, sur plusieurs années, les équipes de France qui ont marqué le football hexagonal. Il se penche sur les parcours individuels et collectifs des joueurs et des entraîneurs, étudie aussi l’environnement institutionnel, politique et médiatique de ces compétitions sous haute tension : il s’agit de comprendre pourquoi ces hommes, à cet endroit, cette année-là, ont ramené (ou pas) « la Coupe à la maison ». Vous n’aurez jamais vu ces matchs comme ça.</p>



<p>Docteur en histoire contemporaine, <span style="color: #993300;"><strong>François da Rocha Carneiro</strong></span> (atelier SHERPAS, Université d’Artois) est spécialiste de l’équipe de France de football, dont il étudie les matchs et les joueurs depuis sa création en 1904. Il est l’auteur d’une thèse intitulée <em>Les Joueurs de l’équipe de France de football, construction</em><em> d’une élite sportive, 1904-2012.</em></p>



<figure class="wp-block-table"><table><tbody><tr><td>Parution : 12 mars 2020</td></tr><tr><td>Genre : essai</td></tr><tr><td>18,90 €</td></tr><tr><td>224 pages, broché, rabats</td></tr><tr><td>Format : 14 X 22 cm</td></tr><tr><td>ISBN : 979-10-97079-51-2</td></tr></tbody></table></figure>



<h1 class="has-text-align-left has-text-color" style="color:#a30003">Extrait et table des matières</h1>


		<style>
            #h5vp69f0cc0ec1fa3 iframe {  width: 100%; }        </style>
        	    <div id="h5vp69f0cc0ec1fa3" class="pdfp_wrapper">
                        <div class="cta_wrapper">
                	            <p><a class="fullscreenBtn" href="https://editionsdudetour.com/wp-content/plugins/pdf-poster/pdfjs/web/viewer.html?file=http://editionsdudetour.com/wp-content/uploads/2020/08/Extrait-et-table-des-matières-Les-Bleus-et-la-Coupe.pdf&#038;download=true&#038;print=&#038;openfile=false"><button>View Fullscreen</button></a></p>
            </div>
            <div class="iframe_wrapper">
                <iframe loading="lazy" width="100%" height="1122px" src="https://editionsdudetour.com/wp-content/plugins/pdf-poster/pdfjs/web/viewer.html?file=http://editionsdudetour.com/wp-content/uploads/2020/08/Extrait-et-table-des-matières-Les-Bleus-et-la-Coupe.pdf&#038;download=true&#038;print=&#038;openfile=false"></iframe>
            </div>
	    </div>

<p>Les Bleus et la Coupe de Kopa à Mbappé François da Rocha Carneiro L’histoire des Bleus depuis la Seconde Guerre mondiale en 4 équipes et plus de 30 matchsmythiques. Si l’équipe de France naît en 1904, c’est en 1958 avec la Coupe du monde en Suède que, pour la 1re fois, la France brille dans [&hellip;]</p>
